000
CXUS53 KGRR 010910
CF6AZO
PRELIMINARY LOCAL CLIMATOLOGICAL DATA (WS FORM: F-6)
STATION: KALAMAZOO
MONTH: JUNE
YEAR: 2021
LATITUDE: 42 13 N
LONGITUDE: 85 33 W
TEMPERATURE IN F: :PCPN: SNOW: WIND :SUNSHINE: SKY :PK WND
================================================================================
1 2 3 4 5 6A 6B 7 8 9 10 11 12 13 14 15 16 17 18
12Z AVG MX 2MIN
DY MAX MIN AVG DEP HDD CDD WTR SNW DPTH SPD SPD DIR MIN PSBL S-S WX SPD DR
================================================================================
1 78 47 63 -2 2 0 0.00 M M 2.7 12 210 M M 1 18 180
2 77 50 64 -1 1 0 T M M 3.1 13 160 M M 4 21 120
3 82 53 68 3 0 3 T M M 3.6 13 310 M M 3 12 18 250
4 90 66 78 12 0 13 0.00 M M 9.9 23 290 M M 3 35 290
5 91 65 78 12 0 13 0.00 M M 11.0 20 220 M M 1 27 190
6 91 66 79 13 0 14 0.00 M M 8.7 18 190 M M 2 30 240
7 80 70 75 8 0 10 0.19 M M 6.4 15 190 M M 4 18 19 200
8 83 70 77 10 0 12 0.04 M M 3.8 14 340 M M 5 138 18 340
9 91 65 78 11 0 13 0.17 M M 2.9 14 360 M M 4 1238 20 20
10 89 68 79 11 0 14 0.04 M M 2.7 10 90 M M 2 18 17 100
11 93 66 80 12 0 15 0.00 M M 2.7 13 50 M M 1 13 20 60
12 92 65 79 11 0 14 0.00 M M 3.6 12 310 M M 1 16 330
13 87 62 75 7 0 10 0.00 M M 8.0 20 300 M M 1 26 310
14 81 60 71 2 0 6 0.00 M M 9.2 21 300 M M 3 29 320
15 81 57 69 0 0 4 0.00 M M 8.6 17 340 M M 2 23 320
16 81 50 66 -3 0 1 0.00 M M 3.5 14 320 M M 0 18 320
17 88 49 69 0 0 4 0.00 M M 5.4 15 200 M M 0 21 180
18 85 65 75 5 0 10 1.13 M M 7.4 32 330 M M 4 13 46 330
19 83 63 73 3 0 8 2.53 M M 3.8 39 290 M M 5 13 53 300
20 85 65 75 5 0 10 0.57 M M 3.0 22 250 M M 5 1238 33 250
21 70 51 61 -9 4 0 0.48 M M 12.7 29 310 M M 7 13 40 320
22 71 44 58 -13 7 0 0.00 M M 5.6 21 270 M M 3 32 240
23 76 56 66 -5 0 1 0.09 M M 8.8 21 210 M M 8 29 190
24 81 63 72 1 0 7 0.23 M M 9.4 20 10 M M 3 18 28 20
25 77 68 73 2 0 8 2.27 M M 8.3 22 190 M M 8 1 30 170
26 83 71 77 6 0 12 2.00 M M 10.4 33 200 M M 8 13 49 200
27 87 70 79 7 0 14 T M M 11.5 22 200 M M 6 31 210
28 87 67 77 5 0 12 0.06 M M 3.7 21 260 M M 6 3 31 220
29 88 70 79 7 0 14 0.85 M M 6.6 16 260 M M 3 13 26 280
30 84 69 77 5 0 12 0.01 M M 5.4 14 320 M M 4 19 310
================================================================================
SM 2512 1851 14 254 10.66 M 192.4 M 107
================================================================================
AV 83.7 61.7 6.4 FASTST M M 4 MAX(MPH)
MISC ----> 39 290 53 300
================================================================================
NOTES:
# LAST OF SEVERAL OCCURRENCES
COLUMN 17 PEAK WIND IN M.P.H.
PRELIMINARY LOCAL CLIMATOLOGICAL DATA (WS FORM: F-6) , PAGE 2
STATION: KALAMAZOO
MONTH: JUNE
YEAR: 2021
LATITUDE: 42 13 N
LONGITUDE: 85 33 W
[TEMPERATURE DATA] [PRECIPITATION DATA] SYMBOLS USED IN COLUMN 16
AVERAGE MONTHLY: 72.7 TOTAL FOR MONTH: 10.66 1 = FOG OR MIST
DPTR FM NORMAL: 3.9 DPTR FM NORMAL: 7.46 2 = FOG REDUCING VISIBILITY
HIGHEST: 93 ON 11 GRTST 24HR 2.53 ON 19-19 TO 1/4 MILE OR LESS
LOWEST: 44 ON 22 3 = THUNDER
SNOW, ICE PELLETS, HAIL 4 = ICE PELLETS
TOTAL MONTH: M 5 = HAIL
GRTST 24HR M ON M 6 = FREEZING RAIN OR DRIZZLE
GRTST DEPTH: M ON M 7 = DUSTSTORM OR SANDSTORM:
VSBY 1/2 MILE OR LESS
8 = SMOKE OR HAZE
[NO. OF DAYS WITH] [WEATHER - DAYS WITH] 9 = BLOWING SNOW
X = TORNADO
MAX 32 OR BELOW: 0 0.01 INCH OR MORE: 15
MAX 90 OR ABOVE: 6 0.10 INCH OR MORE: 10
MIN 32 OR BELOW: 0 0.50 INCH OR MORE: 6
MIN 0 OR BELOW: 0 1.00 INCH OR MORE: 4
[HDD (BASE 65) ]
TOTAL THIS MO. 14 CLEAR (SCALE 0-3) 15
DPTR FM NORMAL -25 PTCLDY (SCALE 4-7) 13
TOTAL FM JUL 1 5920 CLOUDY (SCALE 8-10) 2
DPTR FM NORMAL -402
[CDD (BASE 65) ]
TOTAL THIS MO. 254
DPTR FM NORMAL 101 [PRESSURE DATA]
TOTAL FM JAN 1 339 HIGHEST SLP 30.26 ON 1
DPTR FM NORMAL 137 LOWEST SLP 29.43 ON 21
[REMARKS]
#FINAL-06-21#