000
CXUS54 KEWX 011110
CF6BAZ
PRELIMINARY LOCAL CLIMATOLOGICAL DATA (WS FORM: F-6)
STATION: NEW BRAUNFELS
MONTH: FEBRUARY
YEAR: 2024
LATITUDE: 29 43 N
LONGITUDE: 98 3 W
TEMPERATURE IN F: :PCPN: SNOW: WIND :SUNSHINE: SKY :PK WND
================================================================================
1 2 3 4 5 6A 6B 7 8 9 10 11 12 13 14 15 16 17 18
12Z AVG MX 2MIN
DY MAX MIN AVG DEP HDD CDD WTR SNW DPTH SPD SPD DIR MIN PSBL S-S WX SPD DR
================================================================================
1 74 44 59 5 6 0 T 0.0 0 6.5 16 190 M M 3 23 180
2 71 58 65 11 0 0 0.45 0.0 0 11.3 24 80 M M 10 13 32 250
3 74 49 62 8 3 0 0.15 M M 8.4 24 140 M M 5 13 30 140
4 71 44 58 4 7 0 0.00 M M 14.4 33 320 M M 1 43 330
5 66 47 57 3 8 0 0.00 M M 13.2 25 360 M M 3 36 360
6 70 41 56 2 9 0 0.00 0.0 0 4.1 9 50 M M 0 13 50
7 72 42 57 2 8 0 0.00 0.0 0 12.8 25 160 M M 3 1 35 160
8 75 58 67 12 0 2 T M M 5.7 13 150 M M 7 1 15 150
9 77 63 70 15 0 5 0.00 M M 8.1 17 210 M M 6 18 23 190
10 70 62 66 11 0 1 0.03 M M 7.7 15 40 M M 10 13 20 30
11 67 49 58 3 7 0 0.02 M M 12.2 25 350 M M 5 12 33 340
12 64 41 53 -3 12 0 0.00 M M 12.4 28 320 M M 2 36 320
13 68 35 52 -4 13 0 0.00 M M 5.2 15 160 M M 0 19 170
14 66 40 53 -3 12 0 0.00 M M 6.5 16 170 M M 6 20 160
15 70 59 65 9 0 0 0.00 M M 3.5 14 190 M M 8 17 190
16 74 55 65 9 0 0 0.00 M M 12.3 31 190 M M 5 39 190
17 55 37 46 -10 19 0 0.00 M M 18.0 30 20 M M 2 42 10
18 58 30 44 -13 21 0 0.00 M M 5.8 16 360 M M 0 20 360
19 68 31 50 -7 15 0 0.00 M M 7.6 18 210 M M 0 25 200
20 80 42 61 4 4 0 0.00 M M 8.8 17 200 M M 0 1 21 180
21 80 55 68 11 0 3 0.00 M M 13.1 22 170 M M 6 12 29 170
22 89 62 76 19 0 11 0.00 M M 9.2 21 340 M M 5 18 27 340
23 77 53 65 7 0 0 0.00 M M 10.1 24 30 M M 0 31 30
24 80 45 63 5 2 0 0.00 M M 8.1 17 170 M M 0 24 170
25 84 50 67 9 0 2 0.00 M M 10.3 23 220 M M 0 1 30 220
26 81 52 67 9 0 2 0.00 M M 7.3 16 210 M M 4 12 21 230
27 83 64 74 16 0 9 0.00 M M 8.8 17 180 M M 6 18 20 180
28 70 48 59 0 6 0 0.00 M M 16.8 33 30 M M 1 1 45 20
29 49 44 47 -12 18 0 0.00 M M 9.6 18 20 M M 8 18 25 30
================================================================================
SM 2083 1400 170 35 0.65 0.0 277.8 M 106
================================================================================
AV 71.8 48.3 9.6 FASTST M M 4 MAX(MPH)
MISC ----> # 33 320 45 20
================================================================================
NOTES:
# LAST OF SEVERAL OCCURRENCES
COLUMN 17 PEAK WIND IN M.P.H.
PRELIMINARY LOCAL CLIMATOLOGICAL DATA (WS FORM: F-6) , PAGE 2
STATION: NEW BRAUNFELS
MONTH: FEBRUARY
YEAR: 2024
LATITUDE: 29 43 N
LONGITUDE: 98 3 W
[TEMPERATURE DATA] [PRECIPITATION DATA] SYMBOLS USED IN COLUMN 16
AVERAGE MONTHLY: 60.1 TOTAL FOR MONTH: 0.65 1 = FOG OR MIST
DPTR FM NORMAL: 4.1 DPTR FM NORMAL: -1.07 2 = FOG REDUCING VISIBILITY
HIGHEST: 89 ON 22 GRTST 24HR 0.60 ON 2- 3 TO 1/4 MILE OR LESS
LOWEST: 30 ON 18 3 = THUNDER
SNOW, ICE PELLETS, HAIL 4 = ICE PELLETS
TOTAL MONTH: 0.0 INCH 5 = HAIL
GRTST 24HR 0.0 6 = FREEZING RAIN OR DRIZZLE
GRTST DEPTH: 0 7 = DUSTSTORM OR SANDSTORM:
VSBY 1/2 MILE OR LESS
8 = SMOKE OR HAZE
[NO. OF DAYS WITH] [WEATHER - DAYS WITH] 9 = BLOWING SNOW
X = TORNADO
MAX 32 OR BELOW: 0 0.01 INCH OR MORE: 4
MAX 90 OR ABOVE: 0 0.10 INCH OR MORE: 2
MIN 32 OR BELOW: 2 0.50 INCH OR MORE: 0
MIN 0 OR BELOW: 0 1.00 INCH OR MORE: 0
[HDD (BASE 65) ]
TOTAL THIS MO. 170 CLEAR (SCALE 0-3) 14
DPTR FM NORMAL -105 PTCLDY (SCALE 4-7) 13
TOTAL FM JUL 1 1080 CLOUDY (SCALE 8-10) 2
DPTR FM NORMAL -202
[CDD (BASE 65) ]
TOTAL THIS MO. 35
DPTR FM NORMAL 10 [PRESSURE DATA]
TOTAL FM JAN 1 36 HIGHEST SLP 30.34 ON 18
DPTR FM NORMAL 1 LOWEST SLP 29.53 ON 3
[REMARKS]
#FINAL-02-24#