000
CXUS53 KLBF 180713
CLMBBW
CLIMATE REPORT
NATIONAL WEATHER SERVICE NORTH PLATTE NE
113 AM CST MON DEC 18 2023
...................................
...THE BROKEN BOW CLIMATE SUMMARY FOR THE MONTH OF NOVEMBER 2023...
CLIMATE NORMAL PERIOD 1991 TO 2020
CLIMATE RECORD PERIOD 1894 TO 2023
WEATHER OBSERVED NORMAL DEPART LAST YEAR`S
VALUE DATE(S) VALUE FROM VALUE DATE(S)
NORMAL
................................................................
TEMPERATURE (F)
RECORD
HIGH 84 11/08/2006
11/03/2005
LOW -23 11/28/1976
HIGHEST 71 11/16 72 -1 79 11/01
LOWEST 10 11/28 1 9 3 11/30
AVG. MAXIMUM 55.6 50.8 4.8 49.5
AVG. MINIMUM 25.3 24.3 1.0 18.6
MEAN 40.5 37.6 2.9 34.0
DAYS MAX >= 90 0 0.0 0.0 0
DAYS MAX <= 32 2 3.0 -1.0 3
DAYS MIN <= 32 22 25.3 -3.3 27
DAYS MIN <= 0 0 0.5 -0.5 0
PRECIPITATION (INCHES)
RECORD
MAXIMUM 3.14 1928
MINIMUM 0.00 1980
TOTALS 1.28 0.59 0.69 0.19
DAILY AVG. 0.04 0.02 0.02 0.01
DAYS >= .01 6 3.9 2.1 5
DAYS >= .10 4 1.5 2.5 1
DAYS >= .50 1 0.3 0.7 0
DAYS >= 1.00 0 0.0 0.0 0
GREATEST
24 HR. TOTAL 0.72 11/19 TO 11/20 0.13 11/03 TO 11/04
SNOWFALL (INCHES)
TOTALS MM
SINCE 7/1 MM
SNOWDEPTH AVG. MM
DAYS >= TRACE MM
DAYS >= 1.0 MM
GREATEST
SNOW DEPTH MM
DEGREE DAYS
HEATING TOTAL 729 824 -95 920
SINCE 7/1 1260 1403 -143 MM
COOLING TOTAL 0 0 0 0
SINCE 1/1 931 912 19 MM
................................................................
WIND (MPH)
AVERAGE WIND SPEED 8.1
HIGHEST WIND SPEED/DIRECTION 33/340 DATE 11/16
HIGHEST GUST SPEED/DIRECTION 47/340 DATE 11/16
AVERAGE RH (PERCENT) 65
WEATHER CONDITIONS. NUMBER OF DAYS WITH
THUNDERSTORM 0 MIXED PRECIP 0
HEAVY RAIN 0 RAIN 2
LIGHT RAIN 5 FREEZING RAIN 0
LT FREEZING RAIN 0 HAIL 0
HEAVY SNOW 0 SNOW 1
LIGHT SNOW 2 SLEET 0
FOG 7 FOG W/VIS <= 1/4 MILE 2
HAZE 3
- INDICATES NEGATIVE NUMBERS.
R INDICATES RECORD WAS SET OR TIED.
MM INDICATES DATA IS MISSING.
T INDICATES TRACE AMOUNT.
$$