000
CXUS53 KLBF 011124
CLMBBW
CLIMATE REPORT
NATIONAL WEATHER SERVICE NORTH PLATTE NE
624 AM CDT WED NOV 01 2023
...................................
...THE BROKEN BOW CLIMATE SUMMARY FOR THE MONTH OF OCTOBER 2023...
CLIMATE NORMAL PERIOD 1991 TO 2020
CLIMATE RECORD PERIOD 1894 TO 2023
WEATHER OBSERVED NORMAL DEPART LAST YEAR`S
VALUE DATE(S) VALUE FROM VALUE DATE(S)
NORMAL
................................................................
TEMPERATURE (F)
RECORD
HIGH 98 10/11/2015
LOW 10/28/1925
HIGHEST 89 10/02 85 4 88 10/22
LOWEST 14 10/31 16 -2 18 10/18
AVG. MAXIMUM 63.0 64.7 -1.7 69.9
AVG. MINIMUM 37.0 36.7 0.3 33.9
MEAN 50.0 50.7 -0.7 51.9
DAYS MAX >= 90 0 0.3 -0.3 0
DAYS MAX <= 32 1 0.5 0.5 0
DAYS MIN <= 32 10 12.3 -2.3 14
DAYS MIN <= 0 0 0.0 0.0 0
PRECIPITATION (INCHES)
RECORD
MAXIMUM 7.43 1946
MINIMUM 0.00 1933
TOTALS 6.15 1.85 4.30 0.15
DAILY AVG. 0.21 0.06 0.15 0.00
DAYS >= .01 9 7.7 1.3 4
DAYS >= .10 4 3.4 0.6 0
DAYS >= .50 1 1.1 -0.1 0
DAYS >= 1.00 1 0.5 0.5 0
GREATEST
24 HR. TOTAL 5.47 10/12 TO 10/13 0.08 10/03 TO 10/04
SNOWFALL (INCHES)
TOTALS MM
SINCE 7/1 MM
SNOWDEPTH AVG. MM
DAYS >= TRACE MM
DAYS >= 1.0 MM
GREATEST
SNOW DEPTH MM
DEGREE DAYS
HEATING TOTAL 482 451 31 409
SINCE 7/1 531 580 -49 MM
COOLING TOTAL 25 8 17 11
SINCE 1/1 931 912 19 MM
................................................................
WIND (MPH)
AVERAGE WIND SPEED 9.3
HIGHEST WIND SPEED/DIRECTION 38/330 DATE 10/13
HIGHEST GUST SPEED/DIRECTION 57/320 DATE 10/13
AVERAGE RH (PERCENT) 69
WEATHER CONDITIONS. NUMBER OF DAYS WITH
THUNDERSTORM 3 MIXED PRECIP 0
HEAVY RAIN 3 RAIN 4
LIGHT RAIN 8 FREEZING RAIN 0
LT FREEZING RAIN 0 HAIL 0
HEAVY SNOW 0 SNOW 0
LIGHT SNOW 2 SLEET 0
FOG 9 FOG W/VIS <= 1/4 MILE 3
HAZE 1
- INDICATES NEGATIVE NUMBERS.
R INDICATES RECORD WAS SET OR TIED.
MM INDICATES DATA IS MISSING.
T INDICATES TRACE AMOUNT.
$$