000
CXUS51 KOKX 011010
CF6BDR
PRELIMINARY LOCAL CLIMATOLOGICAL DATA (WS FORM: F-6)
STATION: BRIDGEPORT CT
MONTH: JANUARY
YEAR: 2024
LATITUDE: 41 10 N
LONGITUDE: 73 8 W
TEMPERATURE IN F: :PCPN: SNOW: WIND :SUNSHINE: SKY :PK WND
================================================================================
1 2 3 4 5 6A 6B 7 8 9 10 11 12 13 14 15 16 17 18
12Z AVG MX 2MIN
DY MAX MIN AVG DEP HDD CDD WTR SNW DPTH SPD SPD DIR MIN PSBL S-S WX SPD DR
================================================================================
1 45 32 39 6 26 0 0.00 0.0 0 4.0 10 350 M M 8 13 340
2 43 26 35 2 30 0 0.00 0.0 0 4.9 13 300 M M 0 16 340
3 45 28 37 4 28 0 0.00 0.0 0 5.8 13 230 M M 4 16 240
4 45 26 36 3 29 0 T T 0 9.2 23 340 M M 6 31 350
5 38 21 30 -2 35 0 0.00 0.0 0 6.1 18 340 M M 0 24 340
6 37 22 30 -2 35 0 0.32 2.8 0 11.1 26 70 M M 4 1 34 60
7 36 32 34 2 31 0 0.06 0.2 3 12.3 21 50 M M 10 1 27 50
8 43 27 35 3 30 0 0.00 0.0 2 5.8 20 330 M M 1 25 330
9 56 26 41 9 24 0 1.36 0.0 0 13.9 33 150 M M 6 1 46 150
10 56 44 50 18 15 0 0.75 0.0 0 15.0 33 150 M M 8 1 45 150
11 45 40 43 11 22 0 0.00 0.0 0 9.6 20 230 M M 8 26 260
12 46 31 39 8 26 0 0.04 0.0 0 7.9 26 90 M M 2 1 35 90
13 55 35 45 14 20 0 1.27 0.0 0 17.3 29 270 M M 7 12 42 270
14 43 26 35 4 30 0 0.00 0.0 0 15.9 30 230 M M 3 41 270
15 30 22 26 -5 39 0 0.01 0.2 0 6.5 14 220 M M 7 1 17 220
16 32 21 27 -4 38 0 0.29 1.8 2 10.8 22 330 M M 9 16 29 340
17 25 18 22 -9 43 0 0.00 0.0 2 10.7 18 260 M M 0 26 270
18 30 20 25 -6 40 0 T T 1 7.8 16 230 M M 5 23 250
19 29 21 25 -6 40 0 0.04 0.5 1 8.4 16 320 M M 9 18 20 320
20 26 15 21 -10 44 0 T T 1 11.6 20 300 M M 4 8 28 300
21 29 14 22 -9 43 0 0.00 0.0 1 9.8 20 310 M M 0 26 310
22 37 19 28 -3 37 0 0.00 0.0 1 9.7 22 220 M M 2 27 250
23 41 34 38 7 27 0 T T 1 5.9 15 240 M M 8 24 250
24 42 35 39 8 26 0 0.31 T 0 6.6 12 100 M M 10 14 14 100
25 53 40 47 16 18 0 0.34 0.0 0 4.4 15 90 M M 10 12 20 80
26 43 39 41 10 24 0 0.24 0.0 0 9.6 21 80 M M 10 1 25 90
27 44 39 42 11 23 0 0.00 0.0 0 4.0 9 130 M M 10 11 130
28 40 36 38 7 27 0 1.01 0.0 0 13.5 24 70 M M 10 16 31 70
29 40 35 38 7 27 0 0.02 T 0 12.4 26 340 M M 10 1 33 340
30 36 33 35 4 30 0 0.00 0.0 0 7.2 13 120 M M 10 17 120
31 38 33 36 5 29 0 0.00 0.0 0 5.5 12 130 M M 10 15 130
================================================================================
SM 1248 890 936 0 6.06 5.5 283.2 M 191
================================================================================
AV 40.3 28.7 9.1 FASTST M M 6 MAX(MPH)
MISC ----> # 33 150 46 150
================================================================================
NOTES:
# LAST OF SEVERAL OCCURRENCES
COLUMN 17 PEAK WIND IN M.P.H.
PRELIMINARY LOCAL CLIMATOLOGICAL DATA (WS FORM: F-6) , PAGE 2
STATION: BRIDGEPORT CT
MONTH: JANUARY
YEAR: 2024
LATITUDE: 41 10 N
LONGITUDE: 73 8 W
[TEMPERATURE DATA] [PRECIPITATION DATA] SYMBOLS USED IN COLUMN 16
AVERAGE MONTHLY: 34.5 TOTAL FOR MONTH: 6.06 1 = FOG OR MIST
DPTR FM NORMAL: 3.1 DPTR FM NORMAL: 2.88 2 = FOG REDUCING VISIBILITY
HIGHEST: 56 ON 10, 9 GRTST 24HR 2.12 ON 9-10 TO 1/4 MILE OR LESS
LOWEST: 14 ON 21 3 = THUNDER
SNOW, ICE PELLETS, HAIL 4 = ICE PELLETS
TOTAL MONTH: 5.5 INCHES 5 = HAIL
GRTST 24HR 2.8 ON 6- 6 6 = FREEZING RAIN OR DRIZZLE
GRTST DEPTH: 3 ON 7 7 = DUSTSTORM OR SANDSTORM:
VSBY 1/2 MILE OR LESS
8 = SMOKE OR HAZE
[NO. OF DAYS WITH] [WEATHER - DAYS WITH] 9 = BLOWING SNOW
X = TORNADO
MAX 32 OR BELOW: 7 0.01 INCH OR MORE: 14
MAX 90 OR ABOVE: 0 0.10 INCH OR MORE: 9
MIN 32 OR BELOW: 19 0.50 INCH OR MORE: 4
MIN 0 OR BELOW: 0 1.00 INCH OR MORE: 3
[HDD (BASE 65) ]
TOTAL THIS MO. 936 CLEAR (SCALE 0-3) 8
DPTR FM NORMAL -106 PTCLDY (SCALE 4-7) 10
TOTAL FM JUL 1 2577 CLOUDY (SCALE 8-10) 13
DPTR FM NORMAL -229
[CDD (BASE 65) ]
TOTAL THIS MO. 0
DPTR FM NORMAL 0 [PRESSURE DATA]
TOTAL FM JAN 1 0 HIGHEST SLP M ON M
DPTR FM NORMAL 0 LOWEST SLP 28.97 ON 10
[REMARKS]
#FINAL-01-24#