000
CXUS51 KOKX 010702
CF6BDR
PRELIMINARY LOCAL CLIMATOLOGICAL DATA (WS FORM: F-6)
STATION: BRIDGEPORT CT
MONTH: JUNE
YEAR: 2020
LATITUDE: 41 10 N
LONGITUDE: 73 8 W
TEMPERATURE IN F: :PCPN: SNOW: WIND :SUNSHINE: SKY :PK WND
================================================================================
1 2 3 4 5 6A 6B 7 8 9 10 11 12 13 14 15 16 17 18
12Z AVG MX 2MIN
DY MAX MIN AVG DEP HDD CDD WTR SNW DPTH SPD SPD DIR MIN PSBL S-S WX SPD DR
================================================================================
1 70 46 58 -6 7 0 0.00 0.0 0 5.0 15 300 M M 3 24 280
2 70 51 61 -3 4 0 T 0.0 0 5.6 14 220 M M 5 16 230
3 76 60 68 3 0 3 0.07 0.0 0 8.4 17 220 M M 3 13 23 230
4 85 60 73 8 0 8 0.01 0.0 0 6.3 16 190 M M 0 1 22 190
5 74 65 70 4 0 5 0.39 0.0 0 5.9 17 200 M M 7 1 25 210
6 88 65 77 11 0 12 0.05 0.0 0 9.1 22 310 M M 6 128 27 350
7 77 62 70 4 0 5 0.00 0.0 0 12.6 24 350 M M 3 36 310
8 77 58 68 2 0 3 0.00 0.0 0 8.7 20 210 M M 0 23 330
9 85 59 72 5 0 7 0.00 0.0 0 6.7 17 190 M M 0 24 190
10 73 64 69 2 0 4 0.00 0.0 0 9.6 18 70 M M 3 23 70
11 73 67 70 2 0 5 0.12 0.0 0 10.2 22 200 M M 9 12 29 210
12 84 65 75 7 0 10 0.00 0.0 0 7.1 20 360 M M 5 12 24 350
13 74 58 66 -2 0 1 0.00 0.0 0 10.1 20 360 M M 3 31 20
14 70 52 61 -7 4 0 0.00 0.0 0 8.0 17 360 M M 0 22 10
15 70 56 63 -6 2 0 0.00 0.0 0 6.1 13 90 M M 0 15 60
16 74 57 66 -3 0 1 0.00 0.0 0 7.4 14 110 M M 0 19 110
17 74 58 66 -3 0 1 0.00 0.0 0 8.3 16 110 M M 3 1 20 110
18 74 63 69 -1 0 4 0.00 0.0 0 5.9 12 80 M M 7 1 13 90
19 82 67 75 5 0 10 0.00 0.0 0 8.8 16 190 M M 4 1 21 190
20 85 67 76 6 0 11 0.00 0.0 0 7.0 17 190 M M 0 22 210
21 86 67 77 7 0 12 0.00 0.0 0 7.8 15 190 M M 0 1 19 200
22 91 70 81 10 0 16 0.00 0.0 0 6.5 14 70 M M 0 17 70
23 87 69 78 7 0 13 0.00 0.0 0 6.6 15 190 M M 1 8 19 210
24 89 71 80 9 0 15 0.00 0.0 0 7.7 18 220 M M 3 1 22 220
25 85 70 78 6 0 13 0.00 0.0 0 6.0 16 200 M M 1 21 200
26 86 66 76 4 0 11 0.00 0.0 0 6.9 18 210 M M 1 21 210
27 79 64 72 0 0 7 0.88 0.0 0 3.4 22 210 M M 3 1 27 210
28 82 67 75 3 0 10 0.01 0.0 0 4.7 15 300 M M 4 3 19 300
29 83 68 76 4 0 11 1.02 0.0 0 5.2 17 360 M M 3 3 24 360
30 75 67 71 -2 0 6 0.02 0.0 0 5.4 12 160 M M 5 13 20 90
================================================================================
SM 2378 1879 17 204 2.57 0.0 217.0 M 82
================================================================================
AV 79.3 62.6 7.2 FASTST M M 3 MAX(MPH)
MISC ----> # 24 350 # 36 310
================================================================================
NOTES:
# LAST OF SEVERAL OCCURRENCES
COLUMN 17 PEAK WIND IN M.P.H.
PRELIMINARY LOCAL CLIMATOLOGICAL DATA (WS FORM: F-6) , PAGE 2
STATION: BRIDGEPORT CT
MONTH: JUNE
YEAR: 2020
LATITUDE: 41 10 N
LONGITUDE: 73 8 W
[TEMPERATURE DATA] [PRECIPITATION DATA] SYMBOLS USED IN COLUMN 16
AVERAGE MONTHLY: 71.0 TOTAL FOR MONTH: 2.57 1 = FOG OR MIST
DPTR FM NORMAL: 2.3 DPTR FM NORMAL: -1.04 2 = FOG REDUCING VISIBILITY
HIGHEST: 91 ON 22 GRTST 24HR 1.02 ON 29-29 TO 1/4 MILE OR LESS
LOWEST: 46 ON 1 3 = THUNDER
SNOW, ICE PELLETS, HAIL 4 = ICE PELLETS
TOTAL MONTH: 0.0 INCH 5 = HAIL
GRTST 24HR 0.0 6 = FREEZING RAIN OR DRIZZLE
GRTST DEPTH: 0 7 = DUSTSTORM OR SANDSTORM:
VSBY 1/2 MILE OR LESS
8 = SMOKE OR HAZE
[NO. OF DAYS WITH] [WEATHER - DAYS WITH] 9 = BLOWING SNOW
X = TORNADO
MAX 32 OR BELOW: 0 0.01 INCH OR MORE: 9
MAX 90 OR ABOVE: 1 0.10 INCH OR MORE: 4
MIN 32 OR BELOW: 0 0.50 INCH OR MORE: 2
MIN 0 OR BELOW: 0 1.00 INCH OR MORE: 1
[HDD (BASE 65) ]
TOTAL THIS MO. 17 CLEAR (SCALE 0-3) 18
DPTR FM NORMAL -15 PTCLDY (SCALE 4-7) 11
TOTAL FM JUL 1 4836 CLOUDY (SCALE 8-10) 1
DPTR FM NORMAL -556
[CDD (BASE 65) ]
TOTAL THIS MO. 204
DPTR FM NORMAL 61 [PRESSURE DATA]
TOTAL FM JAN 1 225 HIGHEST SLP M ON M
DPTR FM NORMAL 58 LOWEST SLP 29.62 ON 24
[REMARKS]
#FINAL-06-20#