000
CXUS51 KCTP 010713
CLMBFD
CLIMATE REPORT
NATIONAL WEATHER SERVICE STATE COLLEGE PA
313 AM EDT FRI SEP 01 2023
...................................
...THE BRADFORD CLIMATE SUMMARY FOR THE MONTH OF AUGUST 2023...
CLIMATE NORMAL PERIOD 1991 TO 2020
CLIMATE RECORD PERIOD 1957 TO 2023
WEATHER OBSERVED NORMAL DEPART LAST YEAR`S
VALUE DATE(S) VALUE FROM VALUE DATE(S)
NORMAL
................................................................
TEMPERATURE (F)
RECORD
HIGH 93 08/02/1988
LOW 38 08/16/2014
08/29/1986
06/01/1945
HIGHEST 85 08/06 88 08/29
08/21
LOWEST 46 08/31 41 08/13
AVG. MAXIMUM 77.0 77.0 -0.0 79.5
AVG. MINIMUM 56.9 54.1 2.8 56.3
MEAN 66.9 65.5 1.4 67.9
DAYS MAX >= 90 0 0.1 -0.1 0
DAYS MAX <= 32 0 0.0 0.0 0
DAYS MIN <= 32 0 0.0 0.0 0
DAYS MIN <= 0 0 0.0 0.0 0
PRECIPITATION (INCHES)
RECORD
MAXIMUM 8.55 1994
MINIMUM 0.47 1959
TOTALS 3.08 3.91 -0.83 3.40
DAILY AVG. 0.10 0.13 -0.03 0.11
DAYS >= .01 13 11.1 1.9 17
DAYS >= .10 8 7.0 1.0 9
DAYS >= .50 2 2.7 -0.7 2
DAYS >= 1.00 0 1.1 -1.1 0
GREATEST
24 HR. TOTAL 0.93 08/24 TO 08/25 0.84 08/29 TO 08/30
DEGREE DAYS
HEATING TOTAL 27 60 -33 17
SINCE 7/1 31 104 -73 MM
COOLING TOTAL 95 77 18 114
SINCE 1/1 286 253 33 MM
................................................................
WIND (MPH)
AVERAGE WIND SPEED 5.2
HIGHEST WIND SPEED/DIRECTION 28/310 DATE 08/25
HIGHEST GUST SPEED/DIRECTION 36/310 DATE 08/25
SKY COVER
POSSIBLE SUNSHINE (PERCENT) MM
AVERAGE SKY COVER 0.54
NUMBER OF DAYS FAIR 9
NUMBER OF DAYS PC 13
NUMBER OF DAYS CLOUDY 9
AVERAGE RH (PERCENT) 71
WEATHER CONDITIONS. NUMBER OF DAYS WITH
THUNDERSTORM 6 MIXED PRECIP 0
HEAVY RAIN 6 RAIN 7
LIGHT RAIN 18 FREEZING RAIN 0
LT FREEZING RAIN 0 HAIL 0
HEAVY SNOW 0 SLEET 0
FOG 27 FOG W/VIS <= 1/4 MILE 8
HAZE 8
- INDICATES NEGATIVE NUMBERS.
R INDICATES RECORD WAS SET OR TIED.
MM INDICATES DATA IS MISSING.
T INDICATES TRACE AMOUNT.
$$