000
CXUS54 KAMA 010810
CF6BGD
PRELIMINARY LOCAL CLIMATOLOGICAL DATA (WS FORM: F-6)
STATION: BORGER
MONTH: FEBRUARY
YEAR: 2022
LATITUDE: 35 42 N
LONGITUDE: 101 24 W
TEMPERATURE IN F: :PCPN: SNOW: WIND :SUNSHINE: SKY :PK WND
================================================================================
1 2 3 4 5 6A 6B 7 8 9 10 11 12 13 14 15 16 17 18
12Z AVG MX 2MIN
DY MAX MIN AVG DEP HDD CDD WTR SNW DPTH SPD SPD DIR MIN PSBL S-S WX SPD DR
================================================================================
1 50 34 42 1 23 0 0.00 M M 17.9 31 20 M M 4 46 20
2 34 11 23 -18 42 0 0.05 M M 16.6 24 20 M M 10 12 33 20
3 14 3 9 -32 56 0 T M M 14.1 24 360 M M 9 18 32 10
4 38 0 19 -23 46 0 0.00 M M 6.7 14 260 M M 0 19 250
5 55 19 37 -5 28 0 0.00 M M 11.0 22 200 M M 0 32 220
6 48 30 39 -3 26 0 0.00 M M 12.0 26 30 M M 1 45 20
7 56 27 42 0 23 0 0.00 M M 9.1 18 250 M M 0 26 240
8 64 31 48 6 17 0 0.00 M M 11.5 26 20 M M 0 37 10
9 63 28 46 4 19 0 0.00 M M 6.7 17 250 M M 0 23 240
10 62 36 49 7 16 0 0.00 M M 8.1 17 210 M M 1 29 210
11 60 38 49 7 16 0 0.00 M M 15.1 31 20 M M 0 42 20
12 46 26 36 -6 29 0 T M M 10.4 30 30 M M 4 1 39 30
13 62 27 45 3 20 0 0.00 M M 9.2 18 240 M M 0 26 250
14 68 29 49 6 16 0 0.00 M M 7.6 16 140 M M 0 23 110
15 78 41 60 17 5 0 0.00 M M 15.0 28 230 M M 0 42 210
16 74 40 57 14 8 0 T M M 16.6 32 30 M M 1 44 20
17 40 23 32 -11 33 0 T M M 16.1 29 360 M M 6 18 40 10
18 60 21 41 -2 24 0 0.00 M M 5.0 14 190 M M 0 19 200
19 65 26 46 2 19 0 0.00 M M 11.5 26 190 M M 0 40 170
20 74 45 60 16 5 0 0.00 M M 12.9 26 210 M M 0 41 210
21 75 24 50 6 15 0 0.00 M M 15.7 37 230 M M 1 59 220
22 32 13 23 -21 42 0 0.00 M M 15.1 25 360 M M 0 35 350
23 25 6 16 -29 49 0 0.00 M M 10.5 20 30 M M 0 29 20
24 41 8 25 -20 40 0 0.00 M M 5.9 17 70 M M 2 24 60
25 38 13 26 -19 39 0 0.00 M M 6.9 18 140 M M 2 25 150
26 48 12 30 -16 35 0 0.00 M M 4.0 13 350 M M 0 17 330
27 61 19 40 -6 25 0 0.00 M M 7.8 14 250 M M 0 22 250
28 68 29 49 3 16 0 0.00 M M 5.7 10 180 M M 0 14 200
================================================================================
SM 1499 659 732 0 0.05 M 304.7 M 41
================================================================================
AV 53.5 23.5 10.9 FASTST M M 1 MAX(MPH)
MISC ----> 37 230 59 220
================================================================================
NOTES:
# LAST OF SEVERAL OCCURRENCES
COLUMN 17 PEAK WIND IN M.P.H.
PRELIMINARY LOCAL CLIMATOLOGICAL DATA (WS FORM: F-6) , PAGE 2
STATION: BORGER
MONTH: FEBRUARY
YEAR: 2022
LATITUDE: 35 42 N
LONGITUDE: 101 24 W
[TEMPERATURE DATA] [PRECIPITATION DATA] SYMBOLS USED IN COLUMN 16
AVERAGE MONTHLY: 38.5 TOTAL FOR MONTH: 0.05 1 = FOG OR MIST
DPTR FM NORMAL: -4.6 DPTR FM NORMAL: -0.47 2 = FOG REDUCING VISIBILITY
HIGHEST: 78 ON 15 GRTST 24HR 0.05 ON 2- 2 TO 1/4 MILE OR LESS
LOWEST: 0 ON 4 3 = THUNDER
SNOW, ICE PELLETS, HAIL 4 = ICE PELLETS
TOTAL MONTH: M 5 = HAIL
GRTST 24HR M ON M 6 = FREEZING RAIN OR DRIZZLE
GRTST DEPTH: M ON M 7 = DUSTSTORM OR SANDSTORM:
VSBY 1/2 MILE OR LESS
8 = SMOKE OR HAZE
[NO. OF DAYS WITH] [WEATHER - DAYS WITH] 9 = BLOWING SNOW
X = TORNADO
MAX 32 OR BELOW: 3 0.01 INCH OR MORE: 1
MAX 90 OR ABOVE: 0 0.10 INCH OR MORE: 0
MIN 32 OR BELOW: 22 0.50 INCH OR MORE: 0
MIN 0 OR BELOW: 1 1.00 INCH OR MORE: 0
[HDD (BASE 65) ]
TOTAL THIS MO. 732 CLEAR (SCALE 0-3) 23
DPTR FM NORMAL 118 PTCLDY (SCALE 4-7) 3
TOTAL FM JUL 1 2354 CLOUDY (SCALE 8-10) 2
DPTR FM NORMAL -476
[CDD (BASE 65) ]
TOTAL THIS MO. 0
DPTR FM NORMAL -1 [PRESSURE DATA]
TOTAL FM JAN 1 0 HIGHEST SLP M ON M
DPTR FM NORMAL 0 LOWEST SLP 29.43 ON 21
[REMARKS]
#FINAL-02-22#