000
CXUS54 KAMA 010810
CF6BGD
PRELIMINARY LOCAL CLIMATOLOGICAL DATA (WS FORM: F-6)
STATION: BORGER
MONTH: NOVEMBER
YEAR: 2023
LATITUDE: 35 42 N
LONGITUDE: 101 24 W
TEMPERATURE IN F: :PCPN: SNOW: WIND :SUNSHINE: SKY :PK WND
================================================================================
1 2 3 4 5 6A 6B 7 8 9 10 11 12 13 14 15 16 17 18
12Z AVG MX 2MIN
DY MAX MIN AVG DEP HDD CDD WTR SNW DPTH SPD SPD DIR MIN PSBL S-S WX SPD DR
================================================================================
1 68 34 51 -4 14 0 0.00 M M 12.8 23 220 M M 0 34 220
2 76 41 59 4 6 0 0.00 M M 10.4 16 180 M M 0 24 170
3 84 43 64 10 1 0 0.00 M M 5.5 16 190 M M 0 24 190
4 75 40 58 4 7 0 0.00 M M 5.8 16 30 M M 0 23 60
5 87 40 64 11 1 0 0.00 M M 10.3 24 220 M M 0 1 35 230
6 85 52 69 16 0 4 0.00 M M 5.9 15 250 M M 0 21 230
7 91 52 72 19 0 7 0.00 M M 12.1 28 240 M M 0 39 250
8 71 50 61 9 4 0 0.00 M M 11.4 21 20 M M 0 29 360
9 58 42 50 -2 15 0 0.00 M M 8.7 15 40 M M 5 21 30
10 61 38 50 -2 15 0 T M M 6.6 15 180 M M 6 26 130
11 64 46 55 4 10 0 0.00 M M 10.2 18 230 M M 5 27 220
12 72 42 57 6 8 0 0.00 M M 6.0 14 170 M M 0 22 170
13 69 38 54 4 11 0 0.00 M M 6.9 18 180 M M 0 26 180
14 71 48 60 10 5 0 0.00 M M 13.0 20 190 M M 0 28 190
15 68 44 56 6 9 0 0.00 M M 7.9 16 170 M M 3 128 23 180
16 77 50 64 15 1 0 0.00 M M 12.2 23 210 M M 0 1 32 220
17 67 44 56 7 9 0 0.00 M M 6.7 18 30 M M 2 26 30
18 75 40 58 10 7 0 T M M 10.9 24 180 M M 2 37 170
19 71 49 60 12 5 0 T M M 8.3 23 180 M M 2 34 180
20 56 45 51 3 14 0 0.01 M M 14.4 29 350 M M 8 49 320
21 58 38 48 1 17 0 0.00 M M 13.3 24 10 M M 3 36 330
22 69 33 51 4 14 0 0.00 M M 9.7 16 190 M M 0 24 190
23 71 37 54 8 11 0 0.00 M M 8.9 23 20 M M 0 32 20
24 38 30 34 -12 31 0 0.00 M M 13.8 22 30 M M 8 29 30
25 31 22 27 -19 38 0 0.28 M M 3.9 13 350 M M 10 126 19 350
26 45 21 33 -12 32 0 0.00 M M 7.3 18 10 M M 0 24 10
27 51 25 38 -7 27 0 0.00 M M 4.6 13 280 M M 0 19 270
28 61 24 43 -2 22 0 0.00 M M 6.2 17 250 M M 0 22 230
29 66 25 46 2 19 0 0.00 M M 10.0 22 180 M M 0 8 32 210
30 50 31 41 -3 24 0 0.26 M M 8.8 21 10 M M 5 1 29 200
================================================================================
SM 1986 1164 377 11 0.55 M 272.5 M 59
================================================================================
AV 66.2 38.8 9.1 FASTST M M 2 MAX(MPH)
MISC ----> 29 350 49 320
================================================================================
NOTES:
# LAST OF SEVERAL OCCURRENCES
COLUMN 17 PEAK WIND IN M.P.H.
PRELIMINARY LOCAL CLIMATOLOGICAL DATA (WS FORM: F-6) , PAGE 2
STATION: BORGER
MONTH: NOVEMBER
YEAR: 2023
LATITUDE: 35 42 N
LONGITUDE: 101 24 W
[TEMPERATURE DATA] [PRECIPITATION DATA] SYMBOLS USED IN COLUMN 16
AVERAGE MONTHLY: 52.5 TOTAL FOR MONTH: 0.55 1 = FOG OR MIST
DPTR FM NORMAL: 3.1 DPTR FM NORMAL: -0.14 2 = FOG REDUCING VISIBILITY
HIGHEST: 91 ON 7 GRTST 24HR 0.28 ON 25-25 TO 1/4 MILE OR LESS
LOWEST: 21 ON 26 3 = THUNDER
SNOW, ICE PELLETS, HAIL 4 = ICE PELLETS
TOTAL MONTH: M 5 = HAIL
GRTST 24HR M ON M 6 = FREEZING RAIN OR DRIZZLE
GRTST DEPTH: M ON M 7 = DUSTSTORM OR SANDSTORM:
VSBY 1/2 MILE OR LESS
8 = SMOKE OR HAZE
[NO. OF DAYS WITH] [WEATHER - DAYS WITH] 9 = BLOWING SNOW
X = TORNADO
MAX 32 OR BELOW: 1 0.01 INCH OR MORE: 3
MAX 90 OR ABOVE: 1 0.10 INCH OR MORE: 2
MIN 32 OR BELOW: 7 0.50 INCH OR MORE: 0
MIN 0 OR BELOW: 0 1.00 INCH OR MORE: 0
[HDD (BASE 65) ]
TOTAL THIS MO. 377 CLEAR (SCALE 0-3) 23
DPTR FM NORMAL -98 PTCLDY (SCALE 4-7) 5
TOTAL FM JUL 1 540 CLOUDY (SCALE 8-10) 2
DPTR FM NORMAL -136
[CDD (BASE 65) ]
TOTAL THIS MO. 11
DPTR FM NORMAL 5 [PRESSURE DATA]
TOTAL FM JAN 1 2421 HIGHEST SLP M ON M
DPTR FM NORMAL 372 LOWEST SLP 29.51 ON 19
[REMARKS]
#FINAL-11-23#