000
CXUS55 KBYZ 011059
CF6BHK
PRELIMINARY LOCAL CLIMATOLOGICAL DATA (WS FORM: F-6)
STATION: BAKER MT
MONTH: MAY
YEAR: 2023
LATITUDE: 46 20 N
LONGITUDE: 104 15 W
TEMPERATURE IN F: :PCPN: SNOW: WIND :SUNSHINE: SKY :PK WND
================================================================================
1 2 3 4 5 6A 6B 7 8 9 10 11 12 13 14 15 16 17 18
12Z AVG MX 2MIN
DY MAX MIN AVG DEP HDD CDD WTR SNW DPTH SPD SPD DIR MIN PSBL S-S WX SPD DR
================================================================================
1 65 24 45 -2 20 0 0.00 M M 9.3 18 90 M M 0 22 90
2 71 27 49 1 16 0 0.00 M M 16.3 26 150 M M 0 35 120
3 81 37 59 11 6 0 0.00 M M 5.4 17 130 M M 0 19 130
4 80 38 59 11 6 0 0.00 M M 11.8 21 110 M M 0 27 100
5 73 39 56 7 9 0 0.01 M M 15.3 26 150 M M 3 34 150
6 62 46 54 5 11 0 0.14 M M 14.1 29 70 M M 8 13 34 70
7 66 45 56 7 9 0 0.84 M M 10.2 18 110 M M 8 13 24 120
8 65 44 55 5 10 0 0.02 M M 5.1 26 260 M M 5 3 33 260
9 73 40 57 7 8 0 0.00 M M 4.0 10 50 M M 2 14 120
10 77 50 64 14 1 0 0.27 M M 10.6 25 320 M M 3 13 34 320
11 60 52 56 5 9 0 0.75 M M 8.0 24 310 M M 8 1 29 310
12 55 51 53 2 12 0 0.29 M M 14.8 25 310 M M 10 12 30 300
13 51 49 50 -2 15 0 0.37 M M 13.9 21 60 M M 10 1 26 60
14 69 45 57 5 8 0 0.00 M M 9.6 21 80 M M 5 1 25 80
15 73 39 56 4 9 0 0.00 M M 8.9 16 140 M M 0 23 140
16 79 45 62 9 3 0 0.00 M M 7.8 15 160 M M 0 17 170
17 62 45 54 1 11 0 0.00 M M 11.6 28 310 M M 7 8 35 310
18 55 36 46 -7 19 0 0.00 M M 10.4 23 340 M M 7 18 29 330
19 65 30 48 -6 17 0 0.00 M M 7.5 17 140 M M 0 25 150
20 79 38 59 5 6 0 0.00 M M 5.5 16 170 M M 1 20 170
21 78 47 63 9 2 0 0.00 M M 6.0 15 160 M M 0 18 18 160
22 82 51 67 12 0 2 0.00 M M 11.8 21 140 M M 0 18 24 140
23 86 52 69 14 0 4 0.03 M M 10.3 29 60 M M 2 138 35 60
24 82 60 71 15 0 6 0.01 M M 17.1 28 140 M M 2 138 35 140
25 83 54 69 13 0 4 0.73 M M 8.4 36 150 M M 3 3 43 140
26 78 54 66 10 0 1 0.01 M M 7.9 20 140 M M 4 3 24 150
27 79 54 67 10 0 2 0.67 M M 10.3 36 120 M M 4 13 43 110
28 73 50 62 5 3 0 T M M 6.7 16 140 M M 1 3 19 130
29 75 51 63 6 2 0 0.02 M M 5.7 22 280 M M 2 3 28 290
30 81 48 65 7 0 0 0.00 M M 4.9 24 150 M M 1 3 27 150
31 81 51 66 8 0 1 0.00 M M 11.7 22 120 M M 1 26 130
================================================================================
SM 2239 1392 212 20 4.16 M 300.9 M 97
================================================================================
AV 72.2 44.9 9.7 FASTST M M 3 MAX(MPH)
MISC ----> # 36 150 # 43 140
================================================================================
NOTES:
# LAST OF SEVERAL OCCURRENCES
COLUMN 17 PEAK WIND IN M.P.H.
PRELIMINARY LOCAL CLIMATOLOGICAL DATA (WS FORM: F-6) , PAGE 2
STATION: BAKER MT
MONTH: MAY
YEAR: 2023
LATITUDE: 46 20 N
LONGITUDE: 104 15 W
[TEMPERATURE DATA] [PRECIPITATION DATA] SYMBOLS USED IN COLUMN 16
AVERAGE MONTHLY: 58.6 TOTAL FOR MONTH: 4.16 1 = FOG OR MIST
DPTR FM NORMAL: 6.0 DPTR FM NORMAL: 1.50 2 = FOG REDUCING VISIBILITY
HIGHEST: 86 ON 23 GRTST 24HR 0.94 ON 11-12 TO 1/4 MILE OR LESS
LOWEST: 24 ON 1 3 = THUNDER
SNOW, ICE PELLETS, HAIL 4 = ICE PELLETS
TOTAL MONTH: M 5 = HAIL
GRTST 24HR M ON M 6 = FREEZING RAIN OR DRIZZLE
GRTST DEPTH: M ON M 7 = DUSTSTORM OR SANDSTORM:
VSBY 1/2 MILE OR LESS
8 = SMOKE OR HAZE
[NO. OF DAYS WITH] [WEATHER - DAYS WITH] 9 = BLOWING SNOW
X = TORNADO
MAX 32 OR BELOW: 0 0.01 INCH OR MORE: 14
MAX 90 OR ABOVE: 0 0.10 INCH OR MORE: 8
MIN 32 OR BELOW: 3 0.50 INCH OR MORE: 4
MIN 0 OR BELOW: 0 1.00 INCH OR MORE: 0
[HDD (BASE 65) ]
TOTAL THIS MO. 212 CLEAR (SCALE 0-3) 20
DPTR FM NORMAL -176 PTCLDY (SCALE 4-7) 7
TOTAL FM JUL 1 8502 CLOUDY (SCALE 8-10) 4
DPTR FM NORMAL 345
[CDD (BASE 65) ]
TOTAL THIS MO. 20
DPTR FM NORMAL 15 [PRESSURE DATA]
TOTAL FM JAN 1 20 HIGHEST SLP 30.58 ON 14
DPTR FM NORMAL 15 LOWEST SLP 29.71 ON 31
[REMARKS]
#FINAL-05-23#