000
CXUS54 KBMX 241010
CF6BHM
PRELIMINARY LOCAL CLIMATOLOGICAL DATA (WS FORM: F-6)
STATION: BIRMINGHAM
MONTH: APRIL
YEAR: 2024
LATITUDE: 33 34 N
LONGITUDE: 86 45 W
TEMPERATURE IN F: :PCPN: SNOW: WIND :SUNSHINE: SKY :PK WND
================================================================================
1 2 3 4 5 6A 6B 7 8 9 10 11 12 13 14 15 16 17 18
12Z AVG MX 2MIN
DY MAX MIN AVG DEP HDD CDD WTR SNW DPTH SPD SPD DIR MIN PSBL S-S WX SPD DR
================================================================================
1 77 66 72 12 0 7 0.00 0.0 M 9.9 16 190 M M 8 24 210
2 81 67 74 14 0 9 0.29 0.0 M 13.3 24 190 M M 9 13 37 200
3 67 49 58 -2 7 0 0.00 0.0 0 14.4 28 260 M M 6 38 260
4 66 44 55 -6 10 0 0.00 0.0 M 11.3 25 260 M M 1 37 260
5 64 38 51 -10 14 0 0.00 0.0 M 5.5 15 320 M M 1 23 340
6 67 36 52 -9 13 0 0.00 0.0 M 3.0 14 80 M M 4 19 70
7 80 44 62 1 3 0 0.00 0.0 0 5.8 16 190 M M 4 22 170
8 80 58 69 7 0 4 0.34 0.0 0 8.3 24 180 M M 8 3 32 180
9 66 56 61 -1 4 0 0.84 0.0 0 6.4 14 130 M M 10 1 22 100
10 70 61 66 4 0 1 0.14 0.0 0 8.8 33 130 M M 9 13 54 110
11 69 54 62 0 3 0 0.17 0.0 0 11.6 26 240 M M 7 18 41 280
12 71 46 59 -4 6 0 0.00 0.0 0 10.3 26 290 M M 0 36 290
13 81 42 62 -1 3 0 0.00 0.0 0 2.5 14 290 M M 1 22 340
14 84 52 68 5 0 3 0.00 0.0 0 7.5 22 210 M M 5 27 210
15 83 59 71 8 0 6 0.00 0.0 0 5.4 15 200 M M 4 20 170
16 81 63 72 8 0 7 0.00 0.0 0 8.4 17 180 M M 8 24 180
17 75 66 71 7 0 6 0.06 0.0 0 6.2 15 200 M M 10 1 23 200
18 81 62 72 8 0 7 0.00 0.0 0 4.6 16 240 M M 8 13 23 230
19 80 65 73 9 0 8 0.44 0.0 0 6.2 17 200 M M 9 138 22 200
20 68 53 61 -4 4 0 0.44 0.0 0 7.8 21 360 M M 10 13 29 20
21 63 45 54 -11 11 0 0.17 0.0 0 8.6 20 10 M M 6 1 27 330
22 68 38 53 -12 12 0 0.00 0.0 0 4.0 15 360 M M 0 20 30
23 76 42 59 -7 6 0 0.00 0.0 0 5.1 17 210 M M 1 25 190
================================================================================
SM 1698 1206 96 58 2.89 0.0 174.9 M 129
================================================================================
AV 73.8 52.4 7.6 FASTST M M 6 MAX(MPH)
MISC ----> 33 130 54 110
================================================================================
NOTES:
# LAST OF SEVERAL OCCURRENCES
COLUMN 17 PEAK WIND IN M.P.H.
PRELIMINARY LOCAL CLIMATOLOGICAL DATA (WS FORM: F-6) , PAGE 2
STATION: BIRMINGHAM
MONTH: APRIL
YEAR: 2024
LATITUDE: 33 34 N
LONGITUDE: 86 45 W
[TEMPERATURE DATA] [PRECIPITATION DATA] SYMBOLS USED IN COLUMN 16
AVERAGE MONTHLY: 63.1 TOTAL FOR MONTH: 2.89 1 = FOG OR MIST
DPTR FM NORMAL: 0.5 DPTR FM NORMAL: -1.06 2 = FOG REDUCING VISIBILITY
HIGHEST: 84 ON 14 GRTST 24HR 1.15 ON 8- 9 TO 1/4 MILE OR LESS
LOWEST: 36 ON 6 3 = THUNDER
SNOW, ICE PELLETS, HAIL 4 = ICE PELLETS
TOTAL MONTH: 0.0 INCH 5 = HAIL
GRTST 24HR 0.0 6 = FREEZING RAIN OR DRIZZLE
GRTST DEPTH: 0 7 = DUSTSTORM OR SANDSTORM:
VSBY 1/2 MILE OR LESS
8 = SMOKE OR HAZE
[NO. OF DAYS WITH] [WEATHER - DAYS WITH] 9 = BLOWING SNOW
X = TORNADO
MAX 32 OR BELOW: 0 0.01 INCH OR MORE: 9
MAX 90 OR ABOVE: 0 0.10 INCH OR MORE: 8
MIN 32 OR BELOW: 0 0.50 INCH OR MORE: 1
MIN 0 OR BELOW: 0 1.00 INCH OR MORE: 0
[HDD (BASE 65) ]
TOTAL THIS MO. 96 CLEAR (SCALE 0-3) 6
DPTR FM NORMAL -7 PTCLDY (SCALE 4-7) 11
TOTAL FM JUL 1 2153 CLOUDY (SCALE 8-10) 6
DPTR FM NORMAL -345
[CDD (BASE 65) ]
TOTAL THIS MO. 58
DPTR FM NORMAL 9 [PRESSURE DATA]
TOTAL FM JAN 1 79 HIGHEST SLP M ON M
DPTR FM NORMAL 1 LOWEST SLP 29.51 ON 10
[REMARKS]