000
CXUS55 KVEF 012142
CF6BIH
PRELIMINARY LOCAL CLIMATOLOGICAL DATA (WS FORM: F-6)
STATION: BISHOP CA
MONTH: JULY
YEAR: 2022
LATITUDE: 37 22 N
LONGITUDE: 118 22 W
TEMPERATURE IN F: :PCPN: SNOW: WIND :SUNSHINE: SKY :PK WND
================================================================================
1 2 3 4 5 6A 6B 7 8 9 10 11 12 13 14 15 16 17 18
12Z AVG MX 2MIN
DY MAX MIN AVG DEP HDD CDD WTR SNW DPTH SPD SPD DIR MIN PSBL S-S WX SPD DR
================================================================================
1 100 50 75 -1 0 10 0.00 0.0 0 5.2 14 50 M M 0 18 50
2 98 53 76 -1 0 11 0.00 0.0 0 10.6 25 360 M M 0 32 140
3 94 50 72 -5 0 7 0.00 0.0 0 6.7 20 150 M M 0 24 150
4 94 48 71 -6 0 6 0.00 0.0 0 9.0 24 150 M M 0 34 140
5 95 53 74 -3 0 9 0.00 0.0 0 11.9 26 150 M M 0 35 140
6 95 58 77 -1 0 12 0.00 0.0 0 13.5 29 150 M M 0 37 150
7 98 54 76 -2 0 11 0.00 0.0 0 14.3 28 160 M M 0 35 140
8 100 53 77 -1 0 12 0.00 0.0 0 13.9 29 150 M M 0 36 150
9 100 56 78 0 0 13 0.00 0.0 0 10.4 22 140 M M 0 27 150
10 102 54 78 0 0 13 0.00 0.0 0 10.1 23 160 M M 0 31 180
11 105 55 80 2 0 15 0.00 0.0 0 7.3 16 140 M M 0 24 190
12 105 58 82 4 0 17 0.00 0.0 0 10.7 25 150 M M 0 35 150
13 105 59 82 4 0 17 0.00 0.0 0 9.7 28 160 M M 0 34 140
14 105 54 80 2 0 15 0.06 0.0 0 8.1 25 160 M M 1 3 32 180
15 103 62 83 4 0 18 0.00 0.0 0 8.6 24 160 M M 0 31 190
16 107 62 85 6 0 20 0.04 0.0 0 8.7 30 250 M M 1 3 35 250
17 105 59 82 3 0 17 T 0.0 0 6.9 28 150 M M 0 34 170
18 100 61 81 2 0 16 0.00 0.0 0 8.7 31 160 M M 0 39 160
19 102 62 82 3 0 17 0.00 0.0 0 7.6 28 350 M M 1 35 360
20 103 62 83 4 0 18 0.00 0.0 0 5.3 16 200 M M 0 21 200
21 106 64 85 6 0 20 0.00 0.0 0 6.4 12 330 M M 0 17 190
22 107 59 83 4 0 18 0.00 0.0 0 6.3 25 340 M M 0 31 340
23 105 60 83 4 0 18 0.00 0.0 0 8.0 25 150 M M 0 32 140
24 103 59 81 2 0 16 0.00 0.0 0 8.6 23 160 M M 0 29 180
25 102 58 80 1 0 15 T 0.0 0 10.0 23 150 M M 2 33 170
26 96 69 83 4 0 18 T 0.0 0 4.4 20 260 M M 4 26 260
27 103 67 85 6 0 20 0.00 0.0 0 10.3 33 150 M M 0 44 150
28 107 61 84 5 0 19 0.00 0.0 0 6.1 31 40 M M 0 40 50
29 105 62 84 6 0 19 0.00 0.0 0 7.3 22 170 M M 0 30 150
30 102 72 87 9 0 22 T 0.0 0 10.0 30 140 M M 1 40 150
31 96 66 81 3 0 16 0.07 0.0 0 6.4 30 50 M M 4 3 36 50
================================================================================
SM 3148 1820 0 475 0.17 0.0 271.0 M 14
================================================================================
AV101.5 58.7 8.7 FASTST M M 0 MAX(MPH)
MISC ----> 33 150 44 150
================================================================================
NOTES:
# LAST OF SEVERAL OCCURRENCES
COLUMN 17 PEAK WIND IN M.P.H.
PRELIMINARY LOCAL CLIMATOLOGICAL DATA (WS FORM: F-6) , PAGE 2
STATION: BISHOP CA
MONTH: JULY
YEAR: 2022
LATITUDE: 37 22 N
LONGITUDE: 118 22 W
[TEMPERATURE DATA] [PRECIPITATION DATA] SYMBOLS USED IN COLUMN 16
AVERAGE MONTHLY: 80.1 TOTAL FOR MONTH: 0.17 1 = FOG OR MIST
DPTR FM NORMAL: 1.9 DPTR FM NORMAL: -0.01 2 = FOG REDUCING VISIBILITY
HIGHEST: 107 ON 28,22 GRTST 24HR 0.07 ON 31-31 TO 1/4 MILE OR LESS
LOWEST: 48 ON 4 3 = THUNDER
SNOW, ICE PELLETS, HAIL 4 = ICE PELLETS
TOTAL MONTH: 0.0 INCH 5 = HAIL
GRTST 24HR 0.0 6 = FREEZING RAIN OR DRIZZLE
GRTST DEPTH: 0 7 = DUSTSTORM OR SANDSTORM:
VSBY 1/2 MILE OR LESS
8 = SMOKE OR HAZE
[NO. OF DAYS WITH] [WEATHER - DAYS WITH] 9 = BLOWING SNOW
X = TORNADO
MAX 32 OR BELOW: 0 0.01 INCH OR MORE: 3
MAX 90 OR ABOVE: 31 0.10 INCH OR MORE: 0
MIN 32 OR BELOW: 0 0.50 INCH OR MORE: 0
MIN 0 OR BELOW: 0 1.00 INCH OR MORE: 0
[HDD (BASE 65) ]
TOTAL THIS MO. 0 CLEAR (SCALE 0-3) 29
DPTR FM NORMAL 0 PTCLDY (SCALE 4-7) 2
TOTAL FM JUL 1 0 CLOUDY (SCALE 8-10) 0
DPTR FM NORMAL 0
[CDD (BASE 65) ]
TOTAL THIS MO. 475
DPTR FM NORMAL 66 [PRESSURE DATA]
TOTAL FM JAN 1 827 HIGHEST SLP 30.10 ON 31
DPTR FM NORMAL 108 LOWEST SLP 29.59 ON 3
[REMARKS]
#FINAL-07-22#