000
CXUS55 KBYZ 011103
CLMBIL
CLIMATE REPORT
NATIONAL WEATHER SERVICE BILLINGS MT
503 AM MDT MON APR 01 2024
...................................
...THE BILLINGS MT CLIMATE SUMMARY FOR THE MONTH OF MARCH 2024...
CLIMATE NORMAL PERIOD 1991 TO 2020
CLIMATE RECORD PERIOD 1934 TO 2024
WEATHER OBSERVED NORMAL DEPART
VALUE DATE(S) VALUE FROM
NORMAL
................................................
TEMPERATURE (F)
HIGHEST 71 03/18
LOWEST 11 03/04
AVG. MAXIMUM 46.7 49.0 -2.3
AVG. MINIMUM 26.8 26.9 -0.1
MEAN 36.7 38.0 -1.3
DAYS MAX >= 90 0
DAYS MAX <= 32 4
DAYS MIN <= 32 21
DAYS MIN <= 0 0
PRECIPITATION (INCHES)
TOTALS 0.53 0.90 -0.37
DAYS >= .01 11
DAYS >= .10 2
DAYS >= .50 0
DAYS >= 1.00 0
GREATEST
24 HR. TOTAL 0.11 03/02 TO 03/03
03/21 TO 03/22
03/31 TO 03/31
SNOWFALL (INCHES)
TOTALS 4.8 8.2 -3.4
SINCE 7/1 30.6 49.0 -18.4
SNOWDEPTH AVG. T
DAYS >= TRACE 12
DAYS >= 1.0 2
GREATEST
SNOW DEPTH MM
24 HR TOTAL MM
DEGREE DAYS
HEATING TOTAL 868 839 29
SINCE 7/1 5243 5775 -532
COOLING TOTAL 0 0 0
SINCE 1/1 0 0 0
................................................
WIND (MPH)
AVERAGE WIND SPEED 9.1
HIGHEST WIND SPEED/DIRECTION 36/290 DATE 03/28
HIGHEST GUST SPEED/DIRECTION 45/290 DATE 03/28
AVERAGE RH (PERCENT) 63
WEATHER CONDITIONS. NUMBER OF DAYS WITH
THUNDERSTORM 0 MIXED PRECIP 0
HEAVY RAIN 1 RAIN 2
LIGHT RAIN 8 FREEZING RAIN 1
LT FREEZING RAIN 3 HAIL 0
HEAVY SNOW 0 SNOW 2
LIGHT SNOW 12 SLEET 0
FOG 13 FOG W/VIS <= 1/4 MILE 2
HAZE 1
- INDICATES NEGATIVE NUMBERS.
R INDICATES RECORD WAS SET OR TIED.
MM INDICATES DATA IS MISSING.
T INDICATES TRACE AMOUNT.
$$