000
CXUS56 KBOI 011002
CF6BKE
PRELIMINARY LOCAL CLIMATOLOGICAL DATA (WS FORM: F-6)
STATION: BAKER OR
MONTH: MAY
YEAR: 2023
LATITUDE: 44 50 N
LONGITUDE: 117 49 W
TEMPERATURE IN F: :PCPN: SNOW: WIND :SUNSHINE: SKY :PK WND
================================================================================
1 2 3 4 5 6A 6B 7 8 9 10 11 12 13 14 15 16 17 18
12Z AVG MX 2MIN
DY MAX MIN AVG DEP HDD CDD WTR SNW DPTH SPD SPD DIR MIN PSBL S-S WX SPD DR
================================================================================
1 72 46 59 9 6 0 0.00 M M 14.2 29 330 M M 1 36 340
2 75 38 57 7 8 0 0.00 M M 5.7 17 170 M M 0 25 190
3 80 33 57 7 8 0 0.00 M M 5.5 21 140 M M 0 8 29 150
4 73 43 58 7 7 0 0.00 M M 7.6 29 80 M M 3 36 80
5 52 42 47 -4 18 0 0.69 M M 6.5 18 20 M M 10 1 23 20
6 56 38 47 -5 18 0 0.02 M M 4.8 15 190 M M 8 19 290
7 55 37 46 -6 19 0 0.21 M M 6.8 18 170 M M 9 12 22 180
8 59 36 48 -4 17 0 0.25 M M 5.7 21 190 M M 7 13 30 160
9 56 35 46 -6 19 0 0.00 M M 3.5 14 60 M M 5 13 21 60
10 63 30 47 -6 18 0 0.00 M M 6.8 26 310 M M 1 12 34 310
11 70 32 51 -2 14 0 0.00 M M 4.8 15 340 M M 1 1 20 350
12 74 37 56 3 9 0 0.00 M M 5.4 16 330 M M 0 20 330
13 79 39 59 5 6 0 0.00 M M 6.1 20 10 M M 1 29 310
14 77 38 58 4 7 0 T M M 6.1 26 180 M M 3 36 180
15 72 42 57 3 8 0 T M M 6.6 18 100 M M 4 3 28 90
16 74 42 58 4 7 0 0.18 M M 2.3 18 340 M M 3 123 23 320
17 76 44 60 5 5 0 T M M 2.6 14 290 M M 4 1 19 300
18 79 43 61 6 4 0 0.00 M M 3.0 12 50 M M 0 12 17 60
19 84 45 65 10 0 0 0.00 M M 3.3 13 150 M M 1 12 19 120
20 86 47 67 11 0 2 0.00 M M 3.3 17 180 M M 0 22 190
21 81 52 67 11 0 2 0.13 M M 7.6 20 320 M M 3 3 27 10
22 66 41 54 -2 11 0 0.00 M M 8.4 21 350 M M 1 28 330
23 69 35 52 -4 13 0 0.00 M M 6.1 16 330 M M 1 21 320
24 70 36 53 -3 12 0 0.00 M M 7.4 21 340 M M 0 29 340
25 71 36 54 -2 11 0 0.00 M M 5.6 13 320 M M 1 19 310
26 72 40 56 -1 9 0 0.01 M M 7.1 23 320 M M 3 30 300
27 67 40 54 -3 11 0 0.17 M M 3.8 20 280 M M 6 1 28 280
28 74 44 59 2 6 0 T M M 3.7 14 80 M M 4 13 18 80
29 77 42 60 3 5 0 0.04 M M 3.7 21 320 M M 3 123 38 250
30 77 41 59 2 6 0 T M M 3.8 20 170 M M 4 1 25 180
31 69 44 57 -1 8 0 0.00 M M 6.1 17 330 M M 5 24 330
================================================================================
SM 2205 1238 290 4 1.70 M 173.9 M 92
================================================================================
AV 71.1 39.9 5.6 FASTST M M 3 MAX(MPH)
MISC ----> # 29 330 38 250
================================================================================
NOTES:
# LAST OF SEVERAL OCCURRENCES
COLUMN 17 PEAK WIND IN M.P.H.
PRELIMINARY LOCAL CLIMATOLOGICAL DATA (WS FORM: F-6) , PAGE 2
STATION: BAKER OR
MONTH: MAY
YEAR: 2023
LATITUDE: 44 50 N
LONGITUDE: 117 49 W
[TEMPERATURE DATA] [PRECIPITATION DATA] SYMBOLS USED IN COLUMN 16
AVERAGE MONTHLY: 55.5 TOTAL FOR MONTH: 1.70 1 = FOG OR MIST
DPTR FM NORMAL: 1.3 DPTR FM NORMAL: 0.24 2 = FOG REDUCING VISIBILITY
HIGHEST: 86 ON 20 GRTST 24HR 0.69 ON 5- 5 TO 1/4 MILE OR LESS
LOWEST: 30 ON 10 3 = THUNDER
SNOW, ICE PELLETS, HAIL 4 = ICE PELLETS
TOTAL MONTH: M 5 = HAIL
GRTST 24HR M ON M 6 = FREEZING RAIN OR DRIZZLE
GRTST DEPTH: M ON M 7 = DUSTSTORM OR SANDSTORM:
VSBY 1/2 MILE OR LESS
8 = SMOKE OR HAZE
[NO. OF DAYS WITH] [WEATHER - DAYS WITH] 9 = BLOWING SNOW
X = TORNADO
MAX 32 OR BELOW: 0 0.01 INCH OR MORE: 9
MAX 90 OR ABOVE: 0 0.10 INCH OR MORE: 6
MIN 32 OR BELOW: 2 0.50 INCH OR MORE: 1
MIN 0 OR BELOW: 0 1.00 INCH OR MORE: 0
[HDD (BASE 65) ]
TOTAL THIS MO. 290 CLEAR (SCALE 0-3) 17
DPTR FM NORMAL -50 PTCLDY (SCALE 4-7) 12
TOTAL FM JUL 1 7237 CLOUDY (SCALE 8-10) 2
DPTR FM NORMAL 743
[CDD (BASE 65) ]
TOTAL THIS MO. 4
DPTR FM NORMAL -1 [PRESSURE DATA]
TOTAL FM JAN 1 4 HIGHEST SLP 30.28 ON 13
DPTR FM NORMAL -1 LOWEST SLP 29.50 ON 1
[REMARKS]
#FINAL-05-23#