000
CXUS51 KRNK 010527 RRA
CF6BLF
PRELIMINARY LOCAL CLIMATOLOGICAL DATA (WS FORM: F-6)
STATION: BLUEFIELD WV
MONTH: JUNE
YEAR: 2022
LATITUDE: 37 17 N
LONGITUDE: 81 12 W
TEMPERATURE IN F: :PCPN: SNOW: WIND :SUNSHINE: SKY :PK WND
================================================================================
1 2 3 4 5 6A 6B 7 8 9 10 11 12 13 14 15 16 17 18
12Z AVG MX 2MIN
DY MAX MIN AVG DEP HDD CDD WTR SNW DPTH SPD SPD DIR MIN PSBL S-S WX SPD DR
================================================================================
1 82 61 72 8 0 7 0.00 0.0 0 4.8 14 250 M M 1 19 250
2 78 61 70 6 0 5 0.42 0.0 0 8.1 32 260 M M 3 13 51 240
3 68 53 61 -3 4 0 0.01 0.0 0 4.5 12 350 M M 3 1 15 20
4 72 49 61 -3 4 0 0.00 0.0 0 2.8 10 90 M M 0 16 120
5 74 51 63 -2 2 0 0.00 0.0 0 2.6 10 120 M M 1 17 130
6 74 55 65 0 0 0 0.00 0.0 0 6.0 15 140 M M 1 23 150
7 73 63 68 3 0 3 0.07 0.0 0 8.3 23 240 M M 5 1 34 240
8 79 63 71 5 0 6 0.11 0.0 0 6.8 15 250 M M 3 21 270
9 68 53 61 -5 4 0 0.05 0.0 0 7.8 18 290 M M 6 1 28 310
10 70 50 60 -6 5 0 0.00 0.0 0 4.6 10 300 M M 4 14 270
11 75 55 65 -1 0 0 0.00 0.0 0 3.6 13 240 M M 5 17 250
12 79 62 71 5 0 6 0.00 0.0 0 5.4 20 250 M M 4 27 250
13 82 63 73 6 0 8 0.37 0.0 0 7.0 21 350 M M 5 13 34 330
14 82 63 73 6 0 8 0.32 0.0 0 8.2 23 10 M M 5 13 31 20
15 87 70 79 12 0 14 0.00 0.0 0 3.8 9 310 M M 4 1 14 360
16 86 70 78 10 0 13 T 0.0 0 6.9 16 250 M M 2 13 23 270
17 82 63 73 5 0 8 0.87 0.0 0 8.3 23 300 M M 5 13 37 290
18 68 52 60 -8 5 0 0.00 0.0 0 7.3 18 290 M M 4 29 290
19 70 44 57 -11 8 0 0.00 0.0 0 4.3 14 10 M M 0 19 10
20 70 50 60 -8 5 0 0.00 0.0 0 2.2 10 300 M M 4 14 300
21 81 55 68 0 0 3 0.00 0.0 0 6.3 13 250 M M 3 17 320
22 82 62 72 3 0 7 0.21 0.0 0 6.9 24 30 M M M 123 34 30
23 79 63 71 2 0 6 0.02 0.0 0 5.7 12 20 M M 3 12 17 350
24 82 61 72 3 0 7 0.00 0.0 0 3.1 8 300 M M 2 12 310
25 82 66 74 5 0 9 0.03 0.0 0 4.8 17 270 M M 2 3 24 250
26 71 65 68 -1 0 3 1.36 0.0 0 4.9 13 260 M M 6 13 18 280
27 72 56 64 -6 1 0 0.06 0.0 0 6.1 14 280 M M 5 1 19 270
28 76 51 64 -6 1 0 0.00 0.0 0 2.9 8 170 M M 0 14 170
29 78 61 70 0 0 5 0.00 0.0 0 3.6 12 270 M M 2 17 280
30 84 58 71 1 0 6 0.00 0.0 0 2.9 10 170 M M 0 18 170
================================================================================
SM 2306 1749 39 124 3.90 0.0 160.5 M 88
================================================================================
AV 76.9 58.3 5.4 FASTST M M 3 MAX(MPH)
MISC ----> 32 260 51 240
================================================================================
NOTES:
# LAST OF SEVERAL OCCURRENCES
COLUMN 17 PEAK WIND IN M.P.H.
PRELIMINARY LOCAL CLIMATOLOGICAL DATA (WS FORM: F-6) , PAGE 2
STATION: BLUEFIELD WV
MONTH: JUNE
YEAR: 2022
LATITUDE: 37 17 N
LONGITUDE: 81 12 W
[TEMPERATURE DATA] [PRECIPITATION DATA] SYMBOLS USED IN COLUMN 16
AVERAGE MONTHLY: 67.6 TOTAL FOR MONTH: 3.90 1 = FOG OR MIST
DPTR FM NORMAL: 0.5 DPTR FM NORMAL: -0.24 2 = FOG REDUCING VISIBILITY
HIGHEST: 87 ON 15 GRTST 24HR 1.39 ON 25-26 TO 1/4 MILE OR LESS
LOWEST: 44 ON 19 3 = THUNDER
SNOW, ICE PELLETS, HAIL 4 = ICE PELLETS
TOTAL MONTH: 0.0 INCH 5 = HAIL
GRTST 24HR 0.0 6 = FREEZING RAIN OR DRIZZLE
GRTST DEPTH: 0 7 = DUSTSTORM OR SANDSTORM:
VSBY 1/2 MILE OR LESS
8 = SMOKE OR HAZE
[NO. OF DAYS WITH] [WEATHER - DAYS WITH] 9 = BLOWING SNOW
X = TORNADO
MAX 32 OR BELOW: 0 0.01 INCH OR MORE: 13
MAX 90 OR ABOVE: 0 0.10 INCH OR MORE: 7
MIN 32 OR BELOW: 0 0.50 INCH OR MORE: 2
MIN 0 OR BELOW: 0 1.00 INCH OR MORE: 1
[HDD (BASE 65) ]
TOTAL THIS MO. 39 CLEAR (SCALE 0-3) 13
DPTR FM NORMAL -2 PTCLDY (SCALE 4-7) 16
TOTAL FM JUL 1 4591 CLOUDY (SCALE 8-10) 1
DPTR FM NORMAL -628
[CDD (BASE 65) ]
TOTAL THIS MO. 124
DPTR FM NORMAL 18 [PRESSURE DATA]
TOTAL FM JAN 1 181 HIGHEST SLP M ON M
DPTR FM NORMAL 28 LOWEST SLP 29.77 ON 2
[REMARKS]DUE TO EQUIPMENT FAILURE ON JANUARY 9-10, 2022, ALL
INFORMATION WILL BE CALCULATED WITHOUT DATA FROM THESE DATES.
#FINAL-06-22#