000
CXUS51 KRNK 011356
CF6BLF
PRELIMINARY LOCAL CLIMATOLOGICAL DATA (WS FORM: F-6)
STATION: BLUEFIELD WV
MONTH: NOVEMBER
YEAR: 2021
LATITUDE: 37 17 N
LONGITUDE: 81 12 W
TEMPERATURE IN F: :PCPN: SNOW: WIND :SUNSHINE: SKY :PK WND
================================================================================
1 2 3 4 5 6A 6B 7 8 9 10 11 12 13 14 15 16 17 18
12Z AVG MX 2MIN
DY MAX MIN AVG DEP HDD CDD WTR SNW DPTH SPD SPD DIR MIN PSBL S-S WX SPD DR
================================================================================
1 54 38 46 -2 19 0 0.00 0.0 0 7.0 14 270 M M 5 21 300
2 41 30 36 -12 29 0 0.13 0.0 0 5.0 10 260 M M 9 12 15 290
3 42 28 35 -13 30 0 0.00 0.0 0 3.3 9 30 M M 3 12 11 10
4 45 32 39 -8 26 0 0.00 0.0 0 3.4 9 130 M M 5 16 150
5 46 27 37 -10 28 0 0.00 0.0 0 2.6 10 360 M M 0 16 100
6 48 30 39 -7 26 0 0.00 0.0 0 3.3 9 30 M M 0 15 110
7 56 28 42 -4 23 0 0.00 0.0 0 5.2 13 300 M M 0 17 310
8 64 33 49 3 16 0 0.00 0.0 0 6.0 10 280 M M 0 16 10
9 70 46 58 12 7 0 0.00 0.0 0 7.7 15 260 M M 0 20 240
10 67 45 56 11 9 0 0.00 0.0 0 5.8 13 180 M M 0 18 160
11 64 52 58 13 7 0 0.06 0.0 0 9.1 22 200 M M 4 39 170
12 54 39 47 3 18 0 0.14 0.0 0 9.5 21 240 M M 3 1 30 300
13 48 26 37 -7 28 0 0.12 T 0 8.3 17 300 M M 5 1 26 270
14 45 23 34 -10 31 0 0.03 0.1 T 9.3 22 260 M M 5 1 27 270
15 38 26 32 -12 33 0 0.01 T T 9.5 22 290 M M 8 34 280
16 59 34 47 4 18 0 0.00 0.0 0 8.4 17 250 M M 5 23 230
17 66 49 58 15 7 0 0.00 0.0 0 7.0 17 250 M M 1 23 240
18 64 31 48 6 17 0 0.12 0.0 0 12.2 25 240 M M 5 1 35 240
19 34 25 30 -12 35 0 0.00 0.0 0 7.1 17 300 M M 3 24 320
20 47 30 39 -3 26 0 0.00 0.0 0 5.3 14 150 M M 1 23 140
21 54 29 42 0 23 0 0.13 0.0 0 5.5 16 260 M M 4 1 20 260
22 45 25 35 -6 30 0 0.10 0.0 0 8.3 16 300 M M 6 1 23 300
23 33 19 26 -15 39 0 0.00 0.0 0 7.1 15 300 M M 1 22 290
24 52 22 37 -4 28 0 0.00 0.0 0 3.1 12 230 M M 0 16 240
25 54 36 45 5 20 0 0.19 0.0 0 10.0 18 290 M M 5 1 26 300
26 41 21 31 -9 34 0 0.11 T 0 11.9 22 310 M M 7 1 33 290
27 43 19 31 -9 34 0 0.00 0.0 0 8.7 17 250 M M 2 25 250
28 49 33 41 1 24 0 0.00 0.0 0 10.2 18 280 M M 2 27 310
29 34 22 28 -11 37 0 0.00 0.0 0 6.9 15 330 M M 5 23 340
30 52 27 40 1 25 0 0.00 0.0 0 9.8 22 260 M M 1 32 260
================================================================================
SM 1509 925 727 0 1.14 0.1 216.5 M 95
================================================================================
AV 50.3 30.8 7.2 FASTST M M 3 MAX(MPH)
MISC ----> 25 240 39 170
================================================================================
NOTES:
# LAST OF SEVERAL OCCURRENCES
COLUMN 17 PEAK WIND IN M.P.H.
PRELIMINARY LOCAL CLIMATOLOGICAL DATA (WS FORM: F-6) , PAGE 2
STATION: BLUEFIELD WV
MONTH: NOVEMBER
YEAR: 2021
LATITUDE: 37 17 N
LONGITUDE: 81 12 W
[TEMPERATURE DATA] [PRECIPITATION DATA] SYMBOLS USED IN COLUMN 16
AVERAGE MONTHLY: 40.6 TOTAL FOR MONTH: 1.14 1 = FOG OR MIST
DPTR FM NORMAL: -2.9 DPTR FM NORMAL: -1.41 2 = FOG REDUCING VISIBILITY
HIGHEST: 70 ON 9 GRTST 24HR 0.30 ON 25-26 TO 1/4 MILE OR LESS
LOWEST: 19 ON 27,23 3 = THUNDER
SNOW, ICE PELLETS, HAIL 4 = ICE PELLETS
TOTAL MONTH: 0.1 INCH 5 = HAIL
GRTST 24HR 0.1 ON 14-14 6 = FREEZING RAIN OR DRIZZLE
GRTST DEPTH: T 7 = DUSTSTORM OR SANDSTORM:
VSBY 1/2 MILE OR LESS
8 = SMOKE OR HAZE
[NO. OF DAYS WITH] [WEATHER - DAYS WITH] 9 = BLOWING SNOW
X = TORNADO
MAX 32 OR BELOW: 0 0.01 INCH OR MORE: 11
MAX 90 OR ABOVE: 0 0.10 INCH OR MORE: 8
MIN 32 OR BELOW: 20 0.50 INCH OR MORE: 0
MIN 0 OR BELOW: 0 1.00 INCH OR MORE: 0
[HDD (BASE 65) ]
TOTAL THIS MO. 727 CLEAR (SCALE 0-3) 15
DPTR FM NORMAL 80 PTCLDY (SCALE 4-7) 13
TOTAL FM JUL 1 1054 CLOUDY (SCALE 8-10) 2
DPTR FM NORMAL -72
[CDD (BASE 65) ]
TOTAL THIS MO. 0
DPTR FM NORMAL -1 [PRESSURE DATA]
TOTAL FM JAN 1 613 HIGHEST SLP 30.50 ON 19
DPTR FM NORMAL 76 LOWEST SLP 29.83 ON 14
[REMARKS]
#FINAL-11-21#