000
CXUS53 KIND 190600
CF6BMG
PRELIMINARY LOCAL CLIMATOLOGICAL DATA (WS FORM: F-6)
STATION: BLOOMINGTON IN
MONTH: APRIL
YEAR: 2024
LATITUDE: 39 7 N
LONGITUDE: 86 37 W
TEMPERATURE IN F: :PCPN: SNOW: WIND :SUNSHINE: SKY :PK WND
================================================================================
1 2 3 4 5 6A 6B 7 8 9 10 11 12 13 14 15 16 17 18
12Z AVG MX 2MIN
DY MAX MIN AVG DEP HDD CDD WTR SNW DPTH SPD SPD DIR MIN PSBL S-S WX SPD DR
================================================================================
1 75 56 66 17 0 1 0.14 M M 7.1 21 360 M M 6 138 29 220
2 69 40 55 5 10 0 1.66 M M 13.0 26 280 M M 10 138 41 250
3 46 35 41 -9 24 0 0.15 M M 12.3 24 260 M M 10 1 39 290
4 43 35 39 -11 26 0 0.09 M M 9.9 18 280 M M 10 1 28 290
5 50 33 42 -9 23 0 T M M 5.7 14 360 M M 9 18 10
6 60 28 44 -7 21 0 0.00 M M 2.7 10 140 M M 0 15 160
7 67 39 53 1 12 0 0.19 M M 11.8 22 140 M M 4 13 34 110
8 77 42 60 8 5 0 0.03 M M 4.2 12 220 M M 2 12 18 190
9 69 54 62 10 3 0 0.91 M M 8.7 17 200 M M 8 13 25 200
10 62 55 59 6 6 0 1.18 M M 4.2 12 80 M M 10 18 14 90
11 62 52 57 4 8 0 0.64 M M 8.3 18 270 M M 9 1 32 270
12 62 46 54 1 11 0 0.22 M M 11.5 28 290 M M 8 13 42 300
13 70 43 57 3 8 0 0.00 M M 6.9 17 290 M M 0 25 240
14 81 59 70 16 0 5 0.00 M M 14.1 22 220 M M 0 34 210
15 87 64 76 22 0 11 0.00 M M 6.6 15 230 M M 0 24 220
16 84 64 74 19 0 9 T M M 11.2 26 220 M M 2 38 140
17 77 60 69 14 0 4 0.06 M M 13.1 28 230 M M 6 1 43 230
18 82 44 63 8 2 0 0.42 M M 5.8 24 290 M M 2 13 40 290
================================================================================
SM 1223 849 159 30 5.69 M 157.1 M 96
================================================================================
AV 67.9 47.2 8.7 FASTST M M 5 MAX(MPH)
MISC ----> # 28 290 43 230
================================================================================
NOTES:
# LAST OF SEVERAL OCCURRENCES
COLUMN 17 PEAK WIND IN M.P.H.
PRELIMINARY LOCAL CLIMATOLOGICAL DATA (WS FORM: F-6) , PAGE 2
STATION: BLOOMINGTON IN
MONTH: APRIL
YEAR: 2024
LATITUDE: 39 7 N
LONGITUDE: 86 37 W
[TEMPERATURE DATA] [PRECIPITATION DATA] SYMBOLS USED IN COLUMN 16
AVERAGE MONTHLY: 57.6 TOTAL FOR MONTH: 5.69 1 = FOG OR MIST
DPTR FM NORMAL: 5.2 DPTR FM NORMAL: 2.79 2 = FOG REDUCING VISIBILITY
HIGHEST: 87 ON 15 GRTST 24HR 1.80 ON 1- 2 TO 1/4 MILE OR LESS
LOWEST: 28 ON 6 3 = THUNDER
SNOW, ICE PELLETS, HAIL 4 = ICE PELLETS
TOTAL MONTH: M 5 = HAIL
GRTST 24HR M ON M 6 = FREEZING RAIN OR DRIZZLE
GRTST DEPTH: M ON M 7 = DUSTSTORM OR SANDSTORM:
VSBY 1/2 MILE OR LESS
8 = SMOKE OR HAZE
[NO. OF DAYS WITH] [WEATHER - DAYS WITH] 9 = BLOWING SNOW
X = TORNADO
MAX 32 OR BELOW: 0 0.01 INCH OR MORE: 12
MAX 90 OR ABOVE: 0 0.10 INCH OR MORE: 9
MIN 32 OR BELOW: 1 0.50 INCH OR MORE: 4
MIN 0 OR BELOW: 0 1.00 INCH OR MORE: 2
[HDD (BASE 65) ]
TOTAL THIS MO. 159 CLEAR (SCALE 0-3) 7
DPTR FM NORMAL -78 PTCLDY (SCALE 4-7) 5
TOTAL FM JUL 1 3983 CLOUDY (SCALE 8-10) 6
DPTR FM NORMAL -866
[CDD (BASE 65) ]
TOTAL THIS MO. 30
DPTR FM NORMAL 23 [PRESSURE DATA]
TOTAL FM JAN 1 33 HIGHEST SLP M ON M
DPTR FM NORMAL 23 LOWEST SLP 29.31 ON 2
[REMARKS]