000
CXUS53 KILX 012300
CF6BMI
PRELIMINARY LOCAL CLIMATOLOGICAL DATA (WS FORM: F-6)
STATION: BLOOMINGTON IL AIRPORT
MONTH: AUGUST
YEAR: 2020
LATITUDE: 40 28 N
LONGITUDE: 88 56 W
TEMPERATURE IN F: :PCPN: SNOW: WIND :SUNSHINE: SKY :PK WND
================================================================================
1 2 3 4 5 6A 6B 7 8 9 10 11 12 13 14 15 16 17 18
12Z AVG MX 2MIN
DY MAX MIN AVG DEP HDD CDD WTR SNW DPTH SPD SPD DIR MIN PSBL S-S WX SPD DR
================================================================================
1 74 65 70 M 0 5 0.35 M M 6.6 13 20 M M 9 M M
2 83 62 73 M 0 8 T M M 6.0 14 280 M M 2 1 17 280
3 73 60 67 M 0 2 0.00 M M 10.7 17 350 M M 6 12 20 360
4 73 58 66 M 0 1 0.00 M M 9.8 17 20 M M 4 22 20
5 76 50 63 M 2 0 0.00 M M 4.0 7 99 M M 1 M M
6 78 57 68 M 0 3 0.00 M M 2.9 7 130 M M 1 M M
7 80 58 69 M 0 4 0.00 M M 6.5 14 160 M M 0 M M
8 84 61 73 M 0 8 0.00 M M 11.1 16 180 M M 1 M M
9 85 68 77 M 0 12 0.00 M M 10.5 17 190 M M 2 18 190
10 92 65 79 M 0 14 0.17 M M 9.6 46 320 M M 3 3 63 320
11 81 65 73 M 0 8 0.00 M M 5.9 12 270 M M 3 1 M M
12 83 60 72 M 0 7 0.00 M M 5.9 10 30 M M 0 M M
13 86 61 74 M 0 9 0.00 M M 5.4 9 60 M M 1 M M
14 86 62 74 M 0 9 0.00 M M 6.0 13 50 M M 1 M M
15 86 62 74 M 0 9 0.07 M M 5.5 14 340 M M 2 3 M M
16 84 62 73 M 0 8 0.00 M M 10.2 16 340 M M 0 16 240
17 86 66 76 M 0 11 0.07 M M 7.6 13 230 M M 2 17 230
18 80 59 70 M 0 5 0.00 M M 8.6 13 50 M M 3 21 50
19 79 57 68 M 0 3 0.00 M M 6.7 13 60 M M 0 M M
20 81 57 69 M 0 4 0.00 M M 4.1 8 150 M M 0 M M
21 83 59 71 M 0 6 0.00 M M 3.5 7 99 M M 0 M M
22 83 60 72 M 0 7 0.00 M M 5.1 9 220 M M 1 M M
23 88 62 75 M 0 10 0.00 M M 7.5 14 190 M M 2 M M
24 92 67 80 M 0 15 0.00 M M 7.2 13 290 M M 0 M M
25 92 71 82 M 0 17 0.00 M M 6.3 10 200 M M 1 M M
26 91 69 80 M 0 15 0.00 M M 9.0 15 210 M M 1 18 220
27 88 73 81 M 0 16 0.00 M M 10.0 14 200 M M 2 M M
28 90 70 80 M 0 15 0.00 M M 7.5 16 180 M M 2 12 M M
29 80 63 72 M 0 7 0.00 M M 11.5 17 310 M M 2 25 340
30 80 55 68 M 0 3 0.00 M M 7.0 12 120 M M 1 M M
31 81 59 70 M 0 5 0.00 M M 8.2 14 170 M M 4 18 170
================================================================================
SM 2578 1923 2 246 0.66 M 226.4 M 57
================================================================================
AV 83.2 62.0 7.3 FASTST M M 2 MAX(MPH)
MISC ----> # 46 320 # 63 320
================================================================================
NOTES:
# LAST OF SEVERAL OCCURRENCES
COLUMN 17 PEAK WIND IN M.P.H.
PRELIMINARY LOCAL CLIMATOLOGICAL DATA (WS FORM: F-6) , PAGE 2
STATION: BLOOMINGTON IL AIRPORT
MONTH: AUGUST
YEAR: 2020
LATITUDE: 40 28 N
LONGITUDE: 88 56 W
[TEMPERATURE DATA] [PRECIPITATION DATA] SYMBOLS USED IN COLUMN 16
AVERAGE MONTHLY: 72.6 TOTAL FOR MONTH: 0.66 1 = FOG OR MIST
DPTR FM NORMAL: M DPTR FM NORMAL: M 2 = FOG REDUCING VISIBILITY
HIGHEST: 92 ON 25,24 GRTST 24HR 0.35 ON 1- 1 TO 1/4 MILE OR LESS
LOWEST: 50 ON 5 3 = THUNDER
SNOW, ICE PELLETS, HAIL 4 = ICE PELLETS
TOTAL MONTH: M 5 = HAIL
GRTST 24HR M ON M 6 = FREEZING RAIN OR DRIZZLE
GRTST DEPTH: M ON M 7 = DUSTSTORM OR SANDSTORM:
VSBY 1/2 MILE OR LESS
8 = SMOKE OR HAZE
[NO. OF DAYS WITH] [WEATHER - DAYS WITH] 9 = BLOWING SNOW
X = TORNADO
MAX 32 OR BELOW: 0 0.01 INCH OR MORE: 4
MAX 90 OR ABOVE: 5 0.10 INCH OR MORE: 2
MIN 32 OR BELOW: 0 0.50 INCH OR MORE: 0
MIN 0 OR BELOW: 0 1.00 INCH OR MORE: 0
[HDD (BASE 65) ]
TOTAL THIS MO. 2 CLEAR (SCALE 0-3) 26
DPTR FM NORMAL M PTCLDY (SCALE 4-7) 4
TOTAL FM JUL 1 2 CLOUDY (SCALE 8-10) 1
DPTR FM NORMAL M
[CDD (BASE 65) ]
TOTAL THIS MO. 246
DPTR FM NORMAL M [PRESSURE DATA]
TOTAL FM JAN 1 961 HIGHEST SLP M ON M
DPTR FM NORMAL M LOWEST SLP M ON M
[REMARKS]
#FINAL-08-20#