000
CXUS56 KBOI 011002
CF6BNO
PRELIMINARY LOCAL CLIMATOLOGICAL DATA (WS FORM: F-6)
STATION: BURNS OR
MONTH: NOVEMBER
YEAR: 2023
LATITUDE: 43 34 N
LONGITUDE: 118 57 W
TEMPERATURE IN F: :PCPN: SNOW: WIND :SUNSHINE: SKY :PK WND
================================================================================
1 2 3 4 5 6A 6B 7 8 9 10 11 12 13 14 15 16 17 18
12Z AVG MX 2MIN
DY MAX MIN AVG DEP HDD CDD WTR SNW DPTH SPD SPD DIR MIN PSBL S-S WX SPD DR
================================================================================
1 56 22 39 -1 26 0 T M M 2.3 8 280 M M 6 8 9 280
2 51 35 43 4 22 0 0.10 M M 3.3 8 30 M M 8 12 9 40
3 61 34 48 9 17 0 0.01 M M 3.5 14 220 M M 5 12 19 220
4 58 43 51 12 14 0 0.21 M M 5.2 14 300 M M 8 1 21 290
5 56 37 47 9 18 0 0.03 M M 3.6 15 330 M M 8 1 22 320
6 54 38 46 8 19 0 0.26 M M 6.7 24 280 M M 6 18 32 280
7 50 26 38 0 27 0 T M M 7.2 16 280 M M 2 23 270
8 47 19 33 -4 32 0 0.00 M M 3.2 13 240 M M 0 1 15 250
9 47 16 32 -5 33 0 0.00 M M 3.1 12 270 M M 1 18 13 110
10 51 30 41 4 24 0 0.00 M M 3.7 16 230 M M 6 22 200
11 57 27 42 6 23 0 0.00 M M 5.4 24 240 M M 1 35 240
12 52 23 38 2 27 0 0.00 M M 3.3 8 300 M M 0 12 120
13 60 31 46 10 19 0 0.00 M M 6.0 20 260 M M 1 28 250
14 55 26 41 6 24 0 0.00 M M 2.4 9 330 M M 4 1 11 330
15 59 28 44 9 21 0 0.00 M M 2.9 12 220 M M 4 15 230
16 62 25 44 9 21 0 0.00 M M 3.5 10 280 M M 3 14 280
17 58 22 40 6 25 0 0.00 M M 3.8 10 50 M M 1 13 90
18 55 29 42 8 23 0 0.32 M M 5.2 17 190 M M 8 1 23 200
19 43 24 34 0 31 0 T M M 11.7 28 300 M M 7 8 37 290
20 43 17 30 -3 35 0 0.00 M M 3.0 8 280 M M 0 10 270
21 47 20 34 1 31 0 0.00 M M 6.0 18 90 M M 0 25 90
22 40 20 30 -2 35 0 0.01 M M 1.3 8 10 M M 7 18 12 300
23 42 28 35 3 30 0 0.00 M M 13.5 29 350 M M 3 37 360
24 43 16 30 -2 35 0 0.00 M M 8.7 20 350 M M 0 28 350
25 39 7 23 -8 42 0 0.00 M M 2.7 7 300 M M 0 10 170
26 42 7 25 -6 40 0 0.00 M M 2.6 9 90 M M 0 10 100
27 38 6 22 -9 43 0 0.00 M M 6.0 17 90 M M 0 24 90
28 39 3 21 -9 44 0 0.00 M M 4.1 13 100 M M 0 17 120
29 42 7 25 -5 40 0 0.00 M M 2.8 9 210 M M 4 8 11 210
30 37 22 30 0 35 0 0.10 M M 3.7 13 290 M M 10 1 19 250
================================================================================
SM 1484 688 856 0 1.04 M 140.4 M 103
================================================================================
AV 49.5 22.9 4.7 FASTST M M 3 MAX(MPH)
MISC ----> 29 350 # 37 290
================================================================================
NOTES:
# LAST OF SEVERAL OCCURRENCES
COLUMN 17 PEAK WIND IN M.P.H.
PRELIMINARY LOCAL CLIMATOLOGICAL DATA (WS FORM: F-6) , PAGE 2
STATION: BURNS OR
MONTH: NOVEMBER
YEAR: 2023
LATITUDE: 43 34 N
LONGITUDE: 118 57 W
[TEMPERATURE DATA] [PRECIPITATION DATA] SYMBOLS USED IN COLUMN 16
AVERAGE MONTHLY: 36.2 TOTAL FOR MONTH: 1.04 1 = FOG OR MIST
DPTR FM NORMAL: 1.5 DPTR FM NORMAL: 0.02 2 = FOG REDUCING VISIBILITY
HIGHEST: 62 ON 16 GRTST 24HR 0.32 ON 18-18 TO 1/4 MILE OR LESS
LOWEST: 3 ON 28 3 = THUNDER
SNOW, ICE PELLETS, HAIL 4 = ICE PELLETS
TOTAL MONTH: M 5 = HAIL
GRTST 24HR M ON M 6 = FREEZING RAIN OR DRIZZLE
GRTST DEPTH: M ON M 7 = DUSTSTORM OR SANDSTORM:
VSBY 1/2 MILE OR LESS
8 = SMOKE OR HAZE
[NO. OF DAYS WITH] [WEATHER - DAYS WITH] 9 = BLOWING SNOW
X = TORNADO
MAX 32 OR BELOW: 0 0.01 INCH OR MORE: 8
MAX 90 OR ABOVE: 0 0.10 INCH OR MORE: 5
MIN 32 OR BELOW: 25 0.50 INCH OR MORE: 0
MIN 0 OR BELOW: 0 1.00 INCH OR MORE: 0
[HDD (BASE 65) ]
TOTAL THIS MO. 856 CLEAR (SCALE 0-3) 16
DPTR FM NORMAL -53 PTCLDY (SCALE 4-7) 12
TOTAL FM JUL 1 1691 CLOUDY (SCALE 8-10) 2
DPTR FM NORMAL -146
[CDD (BASE 65) ]
TOTAL THIS MO. 0
DPTR FM NORMAL 0 [PRESSURE DATA]
TOTAL FM JAN 1 352 HIGHEST SLP 30.71 ON 20
DPTR FM NORMAL 50 LOWEST SLP 29.65 ON 6
[REMARKS]
#FINAL-11-23#