000
CXUS55 KRIW 011110
CF6BPI
PRELIMINARY LOCAL CLIMATOLOGICAL DATA (WS FORM: F-6)
STATION: BIG PINEY WY
MONTH: JANUARY
YEAR: 2023
LATITUDE: 42 34 N
LONGITUDE: 110 6 W
TEMPERATURE IN F: :PCPN: SNOW: WIND :SUNSHINE: SKY :PK WND
================================================================================
1 2 3 4 5 6A 6B 7 8 9 10 11 12 13 14 15 16 17 18
12Z AVG MX 2MIN
DY MAX MIN AVG DEP HDD CDD WTR SNW DPTH SPD SPD DIR MIN PSBL S-S WX SPD DR
================================================================================
1 26 19 23 12 42 0 0.20 M M 8.7 17 20 M M 10 1 21 20
2 25 14 20 9 45 0 T M M 7.5 17 20 M M 10 1 20 30
3 19 1 10 -1 55 0 T M M 4.0 13 340 M M 10 1 14 340
4 7 -14 -3 -14 68 0 T M M 4.2 10 80 M M 2 12 12 90
5 18 -14 2 -9 63 0 T M M 2.7 9 70 M M 8 1 10 60
6 24 6 15 4 50 0 0.03 M M 4.6 17 350 M M 7 12 18 350
7 13 -5 4 -7 61 0 0.00 M M 2.5 9 350 M M 1 1 11 210
8 14 -4 5 -6 60 0 0.00 M M 2.8 8 100 M M 5 12 10 330
9 17 -7 5 -6 60 0 0.01 M M 2.7 10 340 M M 10 12 13 50
10 28 16 22 10 43 0 0.44 M M 4.4 16 80 M M 8 12 19 90
11 29 2 16 4 49 0 0.05 M M 8.2 21 360 M M 6 1 24 360
12 15 -8 4 -8 61 0 0.00 M M 4.1 13 310 M M 2 1 13 320
13 15 -1 7 -5 58 0 0.00 M M 2.2 9 70 M M 1 12 9 70
14 19 3 11 -1 54 0 T M M 3.8 10 280 M M 9 12 14 280
15 23 8 16 4 49 0 0.05 M M 2.0 10 30 M M 10 12 12 30
16 17 -7 5 -7 60 0 0.00 M M 3.2 10 70 M M 7 128 11 70
17 22 4 13 1 52 0 0.00 M M 3.2 10 330 M M 8 11 360
18 18 -8 5 -7 60 0 0.00 M M 6.1 23 350 M M 0 1 27 340
19 10 -14 -2 -14 67 0 T M M 2.2 10 330 M M 7 1 11 330
20 11 -7 2 -10 63 0 T M M 2.3 9 360 M M 4 12 9 360
21 5 -16 -5 -17 70 0 0.00 M M 2.3 8 330 M M 2 12 9 320
22 8 -18 -5 -17 70 0 0.00 M M 4.0 12 20 M M 8 128 14 110
23 20 -14 3 -9 62 0 0.00 M M 4.5 23 350 M M 3 1 27 350
24 20 5 13 1 52 0 0.00 M M 17.5 24 10 M M 2 30 20
25 20 -2 9 -3 56 0 0.00 M M 16.5 25 330 M M 0 29 340
26 28 -7 11 -1 54 0 0.00 M M 12.0 32 350 M M 2 39 350
27 23 4 14 2 51 0 T M M 2.8 10 60 M M 6 18 11 10
28 23 3 13 1 52 0 T M M 7.2 20 150 M M 6 1 23 160
29 6 -26 -10 -22 75 0 0.01 M M 7.0 15 170 M M 9 18 18 170
30 -10 -32 -21 -33 86 0 0.00 M M 2.0 8 80 M M 1 18 9 70
31 -4 -34 -19 -31 84 0 0.00 M M 1.5 8 60 M M 3 18 12 80
================================================================================
SM 509 -153 1832 0 0.79 M 158.7 M 167
================================================================================
AV 16.4 -4.9 5.1 FASTST M M 5 MAX(MPH)
MISC ----> 32 350 39 350
================================================================================
NOTES:
# LAST OF SEVERAL OCCURRENCES
COLUMN 17 PEAK WIND IN M.P.H.
PRELIMINARY LOCAL CLIMATOLOGICAL DATA (WS FORM: F-6) , PAGE 2
STATION: BIG PINEY WY
MONTH: JANUARY
YEAR: 2023
LATITUDE: 42 34 N
LONGITUDE: 110 6 W
[TEMPERATURE DATA] [PRECIPITATION DATA] SYMBOLS USED IN COLUMN 16
AVERAGE MONTHLY: 5.7 TOTAL FOR MONTH: 0.79 1 = FOG OR MIST
DPTR FM NORMAL: -6.0 DPTR FM NORMAL: 0.35 2 = FOG REDUCING VISIBILITY
HIGHEST: 29 ON 11 GRTST 24HR 0.95 ON 1- 2 TO 1/4 MILE OR LESS
LOWEST: -34 ON 31 3 = THUNDER
SNOW, ICE PELLETS, HAIL 4 = ICE PELLETS
TOTAL MONTH: M 5 = HAIL
GRTST 24HR M ON M 6 = FREEZING RAIN OR DRIZZLE
GRTST DEPTH: M ON M 7 = DUSTSTORM OR SANDSTORM:
VSBY 1/2 MILE OR LESS
8 = SMOKE OR HAZE
[NO. OF DAYS WITH] [WEATHER - DAYS WITH] 9 = BLOWING SNOW
X = TORNADO
MAX 32 OR BELOW: 31 0.01 INCH OR MORE: 7
MAX 90 OR ABOVE: 0 0.10 INCH OR MORE: 2
MIN 32 OR BELOW: 31 0.50 INCH OR MORE: 0
MIN 0 OR BELOW: 19 1.00 INCH OR MORE: 0
[HDD (BASE 65) ]
TOTAL THIS MO. 1832 CLEAR (SCALE 0-3) 12
DPTR FM NORMAL 180 PTCLDY (SCALE 4-7) 11
TOTAL FM JUL 1 5963 CLOUDY (SCALE 8-10) 8
DPTR FM NORMAL -65
[CDD (BASE 65) ]
TOTAL THIS MO. 0
DPTR FM NORMAL 0 [PRESSURE DATA]
TOTAL FM JAN 1 0 HIGHEST SLP 30.81 ON 12
DPTR FM NORMAL 0 LOWEST SLP 29.52 ON 15
[REMARKS]
#FINAL-01-23#