000
CXUS54 KLZK 011330
CF6BPK
PRELIMINARY LOCAL CLIMATOLOGICAL DATA (WS FORM: F-6)
STATION: MOUNTAIN HOME AIRPORT
MONTH: NOVEMBER
YEAR: 2023
LATITUDE: 36 22 N
LONGITUDE: 92 28 W
TEMPERATURE IN F: :PCPN: SNOW: WIND :SUNSHINE: SKY :PK WND
================================================================================
1 2 3 4 5 6A 6B 7 8 9 10 11 12 13 14 15 16 17 18
12Z AVG MX 2MIN
DY MAX MIN AVG DEP HDD CDD WTR SNW DPTH SPD SPD DIR MIN PSBL S-S WX SPD DR
================================================================================
1 49 22 36 -18 29 0 0.00 M M 2.2 8 230 M M 0 12 170
2 65 30 48 -6 17 0 0.00 M M 5.0 12 190 M M 0 20 240
3 69 35 52 -1 13 0 0.00 M M 6.1 15 220 M M 0 22 220
4 72 46 59 6 6 0 0.00 M M 1.6 7 70 M M 1 13 80
5 73 49 61 9 4 0 T M M 3.8 9 150 M M 6 15 140
6 82 57 70 18 0 5 0.00 M M 7.1 14 230 M M 0 21 230
7 82 56 69 17 0 4 0.00 M M 6.7 14 230 M M 0 23 190
8 83 63 73 22 0 8 0.00 M M 9.1 21 220 M M 1 29 200
9 66 44 55 4 10 0 0.14 M M 3.0 10 10 M M 6 19 20
10 64 42 53 3 12 0 0.00 M M 4.0 10 80 M M 1 17 100
11 54 34 44 -6 21 0 0.00 M M 3.9 10 110 M M 1 15 90
12 64 34 49 -1 16 0 0.00 M M 0.6 7 160 M M 0 9 220
13 71 37 54 5 11 0 0.00 M M 1.2 10 130 M M 0 13 90
14 50 41 46 -3 19 0 0.00 M M 1.0 5 110 M M 0 M M
15 69 38 54 5 11 0 0.00 M M M M M M M M M M
16 66 47 57 9 8 0 0.00 M M M M M M M M M M
17 66 47 57 9 8 0 0.00 M M M M M M M M M M
18 65 38 52 4 13 0 0.00 M M M M M M M M M M
19 57 37 47 0 18 0 0.24 M M M M M M M M M M
20 49 43 46 -1 19 0 0.61 M M M M M M M M 123 M M
21 51 42 47 0 18 0 0.03 M M M M M M M M M M
22 50 35 43 -3 22 0 0.00 M M 3.0 9 290 M M 0 8 17 300
23 62 30 46 0 19 0 0.00 M M 1.9 9 190 M M 0 12 220
24 52 36 44 -2 21 0 0.00 M M 5.7 14 80 M M 0 24 80
25 49 29 39 -6 26 0 0.00 M M 3.2 12 150 M M 0 8 17 150
26 41 30 36 -9 29 0 0.08 M M 5.2 14 310 M M 6 18 26 330
27 48 25 37 -7 28 0 0.00 M M 3.2 12 330 M M 0 21 320
28 47 28 38 -6 27 0 0.00 M M 2.7 7 210 M M 0 11 250
29 65 36 51 7 14 0 0.00 M M 5.1 13 220 M M 0 19 220
30 50 45 48 4 17 0 0.66 M M 7.8 15 140 M M 8 1 23 140
================================================================================
SM 1831 1176 456 17 1.76 M 93.1 M 30
================================================================================
AV 61.0 39.2 4.0 FASTST M M 1 MAX(MPH)
MISC ----> 21 220 29 200
================================================================================
NOTES:
# LAST OF SEVERAL OCCURRENCES
COLUMN 17 PEAK WIND IN M.P.H.
PRELIMINARY LOCAL CLIMATOLOGICAL DATA (WS FORM: F-6) , PAGE 2
STATION: MOUNTAIN HOME AIRPORT
MONTH: NOVEMBER
YEAR: 2023
LATITUDE: 36 22 N
LONGITUDE: 92 28 W
[TEMPERATURE DATA] [PRECIPITATION DATA] SYMBOLS USED IN COLUMN 16
AVERAGE MONTHLY: 50.1 TOTAL FOR MONTH: 1.76 1 = FOG OR MIST
DPTR FM NORMAL: 1.5 DPTR FM NORMAL: -1.91 2 = FOG REDUCING VISIBILITY
HIGHEST: 83 ON 8 GRTST 24HR 0.66 ON 30-30 TO 1/4 MILE OR LESS
LOWEST: 22 ON 1 3 = THUNDER
SNOW, ICE PELLETS, HAIL 4 = ICE PELLETS
TOTAL MONTH: M 5 = HAIL
GRTST 24HR M ON M 6 = FREEZING RAIN OR DRIZZLE
GRTST DEPTH: M ON M 7 = DUSTSTORM OR SANDSTORM:
VSBY 1/2 MILE OR LESS
8 = SMOKE OR HAZE
[NO. OF DAYS WITH] [WEATHER - DAYS WITH] 9 = BLOWING SNOW
X = TORNADO
MAX 32 OR BELOW: 0 0.01 INCH OR MORE: 6
MAX 90 OR ABOVE: 0 0.10 INCH OR MORE: 4
MIN 32 OR BELOW: 7 0.50 INCH OR MORE: 2
MIN 0 OR BELOW: 0 1.00 INCH OR MORE: 0
[HDD (BASE 65) ]
TOTAL THIS MO. 456 CLEAR (SCALE 0-3) 19
DPTR FM NORMAL -39 PTCLDY (SCALE 4-7) 4
TOTAL FM JUL 1 640 CLOUDY (SCALE 8-10) 7
DPTR FM NORMAL -90
[CDD (BASE 65) ]
TOTAL THIS MO. 17
DPTR FM NORMAL 14 [PRESSURE DATA]
TOTAL FM JAN 1 1693 HIGHEST SLP 30.53 ON 1
DPTR FM NORMAL 100 LOWEST SLP 29.66 ON 8
[REMARKS]
#FINAL-11-23#