000
CXUS54 KLCH 010930
CF6BPT
PRELIMINARY LOCAL CLIMATOLOGICAL DATA (WS FORM: F-6)
STATION: BEAUMONT PORT ARTHUR
MONTH: NOVEMBER
YEAR: 2021
LATITUDE: 29 57 N
LONGITUDE: 94 1 W
TEMPERATURE IN F: :PCPN: SNOW: WIND :SUNSHINE: SKY :PK WND
================================================================================
1 2 3 4 5 6A 6B 7 8 9 10 11 12 13 14 15 16 17 18
12Z AVG MX 2MIN
DY MAX MIN AVG DEP HDD CDD WTR SNW DPTH SPD SPD DIR MIN PSBL S-S WX SPD DR
================================================================================
1 77 52 65 -1 0 0 0.00 0.0 M 3.2 10 60 M M 0 18 14 140
2 78 54 66 0 0 1 0.00 0.0 M 4.4 13 70 M M 0 18 16 70
3 70 53 62 -3 3 0 0.20 0.0 M 9.2 17 30 M M 5 18 24 340
4 56 48 52 -13 13 0 T M M 11.5 18 360 M M 10 1 25 360
5 67 44 56 -9 9 0 0.00 0.0 M 7.3 13 360 M M 2 8 19 360
6 68 44 56 -8 9 0 0.00 0.0 M 6.0 13 90 M M 0 1 22 30
7 68 43 56 -8 9 0 0.00 0.0 M 2.8 8 70 M M 1 128 11 80
8 73 44 59 -5 6 0 0.00 0.0 M 3.6 12 100 M M 0 1 15 120
9 75 50 63 -1 2 0 0.00 0.0 M 3.6 12 100 M M 1 128 15 100
10 79 55 67 4 0 2 0.00 0.0 M 9.0 20 140 M M 7 1 26 130
11 72 55 64 1 1 0 0.50 0.0 M 7.6 28 350 M M 5 18 42 340
12 76 47 62 -1 3 0 0.00 0.0 M 5.3 22 340 M M 2 18 33 340
13 64 41 53 -9 12 0 0.00 0.0 M 7.8 20 360 M M 0 1 27 10
14 74 41 58 -4 7 0 0.00 0.0 M 3.8 13 180 M M 0 1 20 170
15 79 53 66 4 0 1 0.00 0.0 M 6.2 17 180 M M 2 128 23 180
16 80 62 71 9 0 6 0.00 0.0 M 10.7 20 170 M M 2 18 28 180
17 81 64 73 12 0 8 0.00 0.0 M 10.6 23 170 M M 2 18 29 160
18 69 52 61 0 4 0 0.00 0.0 M 11.1 24 350 M M 5 128 31 20
19 66 45 56 -5 9 0 0.00 0.0 M 7.8 17 60 M M 0 24 40
20 74 47 61 0 4 0 0.00 0.0 M 6.4 13 110 M M 0 8 17 100
21 77 58 68 8 0 3 T 0.0 0 6.6 13 120 M M 7 12 17 130
22 72 51 62 2 3 0 T 0.0 M 10.8 21 360 M M 3 1 29 350
23 69 44 57 -3 8 0 0.00 0.0 M 8.1 17 80 M M 0 21 100
24 79 60 70 10 0 5 0.00 0.0 M 13.4 23 140 M M 4 8 31 170
25 74 54 64 5 1 0 1.30 0.0 M 8.6 23 360 M M 7 13 31 350
26 60 45 53 -6 12 0 0.00 0.0 M 9.9 18 10 M M 0 8 28 340
27 58 44 51 -8 14 0 0.18 M M 4.2 10 30 M M 6 1 13 20
28 57 46 52 -7 13 0 0.18 M M 6.5 13 360 M M 9 1 18 340
29 69 41 55 -4 10 0 0.00 0.0 M 3.4 9 170 M M 2 12 12 170
30 73 45 59 1 6 0 0.00 0.0 M 3.9 12 180 M M 0 1 14 190
================================================================================
SM 2134 1482 158 26 2.36 0.0 213.3 M 82
================================================================================
AV 71.1 49.4 7.1 FASTST M M 3 MAX(MPH)
MISC ----> 28 350 42 340
================================================================================
NOTES:
# LAST OF SEVERAL OCCURRENCES
COLUMN 17 PEAK WIND IN M.P.H.
PRELIMINARY LOCAL CLIMATOLOGICAL DATA (WS FORM: F-6) , PAGE 2
STATION: BEAUMONT PORT ARTHUR
MONTH: NOVEMBER
YEAR: 2021
LATITUDE: 29 57 N
LONGITUDE: 94 1 W
[TEMPERATURE DATA] [PRECIPITATION DATA] SYMBOLS USED IN COLUMN 16
AVERAGE MONTHLY: 60.3 TOTAL FOR MONTH: 2.36 1 = FOG OR MIST
DPTR FM NORMAL: -1.6 DPTR FM NORMAL: -1.53 2 = FOG REDUCING VISIBILITY
HIGHEST: 81 ON 17 GRTST 24HR 1.30 ON 25-25 TO 1/4 MILE OR LESS
LOWEST: 41 ON 29,14 3 = THUNDER
SNOW, ICE PELLETS, HAIL 4 = ICE PELLETS
TOTAL MONTH: 0.0 INCH 5 = HAIL
GRTST 24HR 0.0 6 = FREEZING RAIN OR DRIZZLE
GRTST DEPTH: 0 7 = DUSTSTORM OR SANDSTORM:
VSBY 1/2 MILE OR LESS
8 = SMOKE OR HAZE
[NO. OF DAYS WITH] [WEATHER - DAYS WITH] 9 = BLOWING SNOW
X = TORNADO
MAX 32 OR BELOW: 0 0.01 INCH OR MORE: 5
MAX 90 OR ABOVE: 0 0.10 INCH OR MORE: 5
MIN 32 OR BELOW: 0 0.50 INCH OR MORE: 2
MIN 0 OR BELOW: 0 1.00 INCH OR MORE: 1
[HDD (BASE 65) ]
TOTAL THIS MO. 158 CLEAR (SCALE 0-3) 20
DPTR FM NORMAL 0 PTCLDY (SCALE 4-7) 8
TOTAL FM JUL 1 174 CLOUDY (SCALE 8-10) 2
DPTR FM NORMAL -11
[CDD (BASE 65) ]
TOTAL THIS MO. 26
DPTR FM NORMAL -39 [PRESSURE DATA]
TOTAL FM JAN 1 2912 HIGHEST SLP 30.40 ON 19
DPTR FM NORMAL -137 LOWEST SLP 29.88 ON 11
[REMARKS]
#FINAL-11-21#