000
CXUS53 KDVN 011320
CLMBRL
CLIMATE REPORT
NATIONAL WEATHER SERVICE QUAD CITIES IA IL
720 AM CST MON JAN 01 2024
...................................
...THE BURLINGTON IA CLIMATE SUMMARY FOR THE MONTH OF DECEMBER 2023...
CLIMATE NORMAL PERIOD 1991 TO 2020
CLIMATE RECORD PERIOD 1897 TO 2023
WEATHER OBSERVED NORMAL DEPART LAST YEAR`S
VALUE DATE(S) VALUE FROM VALUE
NORMAL
..............................................................
TEMPERATURE (F)
RECORD
HIGH 73 12/04/1998
LOW -22 12/23/1989
HIGHEST 60 12/07 43 17
12/08
12/24
LOWEST 15 12/19 18 -3
AVG. MAXIMUM 44.6 37.4 7.2
AVG. MINIMUM 31.7 22.3 9.4
MEAN 38.2 29.9 8.3
DAYS MAX >= 90 0
DAYS MAX <= 32 0
DAYS MIN <= 32 18
DAYS MIN <= 0 0
PRECIPITATION (INCHES)
TOTALS 2.23 1.87 0.36
DAILY AVG. 0.07 0.06 0.01
DAYS >= .01 13
DAYS >= .10 9
DAYS >= .50 0
DAYS >= 1.00 0
GREATEST
24 HR. TOTAL 0.46 12/24 TO 12/25
DEGREE DAYS
HEATING TOTAL 825 1090 -265
SINCE 7/1 1861 2243 -382
COOLING TOTAL 0 0 0
SINCE 1/1 1035 1083 -48
..............................................................
WIND (MPH)
AVERAGE WIND SPEED 8.0
HIGHEST WIND SPEED/DIRECTION 26/330 DATE 12/18
HIGHEST GUST SPEED/DIRECTION 40/310 DATE 12/18
SKY COVER
POSSIBLE SUNSHINE (PERCENT) MM
AVERAGE SKY COVER 0.58
NUMBER OF DAYS FAIR 11
NUMBER OF DAYS PC 6
NUMBER OF DAYS CLOUDY 14
AVERAGE RH (PERCENT) 78
WEATHER CONDITIONS. NUMBER OF DAYS WITH
THUNDERSTORM 0 HAIL 0
SLEET 0 FOG 19
FOG W/VIS <= 1/4 MILE 3 HAZE 1
- INDICATES NEGATIVE NUMBERS.
R INDICATES RECORD WAS SET OR TIED.
MM INDICATES DATA IS MISSING.
T INDICATES TRACE AMOUNT.
$$
===================================================================
NOTE: SUPPLEMENTAL CLIMATE DATA WAS USED FROM A NEARBY
CLIMATOLOGICALLY REPRESENTATIVE STATION.
===================================================================
PARAMETER DATE
--------- ----
PCPN 12/28