000
CXUS54 KBRO 060856
CF6BRO
PRELIMINARY LOCAL CLIMATOLOGICAL DATA (WS FORM: F-6)
STATION: BROWNSVILLE
MONTH: MAY
YEAR: 2022
LATITUDE: 25 53 N
LONGITUDE: 97 26 W
TEMPERATURE IN F: :PCPN: SNOW: WIND :SUNSHINE: SKY :PK WND
================================================================================
1 2 3 4 5 6A 6B 7 8 9 10 11 12 13 14 15 16 17 18
12Z AVG MX 2MIN
DY MAX MIN AVG DEP HDD CDD WTR SNW DPTH SPD SPD DIR MIN PSBL S-S WX SPD DR
================================================================================
1 92 77 85 6 0 20 0.00 0.0 0 14.6 24 120 M M 6 1 33 140
2 91 78 85 5 0 20 0.00 0.0 0 19.7 33 150 M M 6 44 160
3 91 77 84 4 0 19 0.00 0.0 0 14.1 22 140 M M 9 8 28 140
4 91 78 85 5 0 20 0.00 0.0 0 17.6 29 140 M M 9 1 39 160
5 93 80 87 7 0 22 0.00 0.0 0 16.6 29 160 M M 6 18 38 180
6 93 79 86 6 0 21 0.00 0.0 0 9.2 17 160 M M 7 18 22 150
7 94 78 86 6 0 21 0.00 0.0 0 13.1 21 140 M M 7 18 32 130
8 91 79 85 5 0 20 0.00 0.0 0 16.3 26 150 M M 7 8 34 130
9 94 80 87 6 0 22 0.00 0.0 0 15.8 25 160 M M 8 18 34 150
10 91 80 86 5 0 21 0.00 0.0 0 13.0 21 110 M M 9 1 29 120
11 90 73 82 1 0 17 0.00 0.0 0 9.3 20 100 M M 4 1 27 110
12 91 70 81 0 0 16 0.00 0.0 0 9.7 21 140 M M 2 29 150
13 91 71 81 -1 0 16 0.00 0.0 0 11.5 22 130 M M 1 29 150
14 91 73 82 0 0 17 0.00 0.0 0 11.1 20 120 M M 1 32 160
15 92 72 82 0 0 17 0.00 0.0 0 11.6 21 140 M M 1 29 140
16 93 72 83 1 0 18 0.00 0.0 0 12.0 25 160 M M 2 1 37 150
17 92 73 83 1 0 18 0.00 0.0 0 14.9 26 140 M M 2 35 160
18 91 76 84 2 0 19 0.00 0.0 0 15.6 26 150 M M 3 34 150
19 91 76 84 1 0 19 0.00 0.0 0 17.0 28 150 M M 6 37 140
20 95 81 88 5 0 23 0.00 0.0 0 20.4 32 170 M M 6 8 43 180
21 97 80 89 6 0 24 0.00 0.0 0 16.1 28 150 M M 5 18 35 160
22 87 75 81 -2 0 16 0.05 0.0 0 9.0 25 90 M M 7 138 36 90
23 90 72 81 -2 0 16 0.00 0.0 0 10.6 21 110 M M 4 1 29 110
24 89 70 80 -4 0 15 4.61 0.0 0 17.4 31 160 M M 4 13 42 160
25 89 68 79 -5 0 14 0.48 0.0 0 10.8 31 360 M M 7 13 51 20
26 93 75 84 0 0 19 0.00 0.0 0 6.5 16 100 M M 2 22 100
27 92 76 84 0 0 19 0.00 0.0 0 8.3 16 140 M M 4 1 23 100
28 93 77 85 1 0 20 0.00 0.0 0 11.2 21 170 M M 4 1 28 140
29 92 79 86 2 0 21 0.00 0.0 0 18.1 26 140 M M 4 38 150
30 92 80 86 2 0 21 0.00 0.0 0 17.5 28 150 M M 6 8 36 160
31 92 80 86 2 0 21 0.00 0.0 0 11.9 20 120 M M 5 27 120
================================================================================
SM 2844 2355 0 592 5.14 0.0 420.5 M 154
================================================================================
AV 91.7 76.0 13.6 FASTST M M 5 MAX(MPH)
MISC ----> 33 150 51 20
================================================================================
NOTES:
# LAST OF SEVERAL OCCURRENCES
COLUMN 17 PEAK WIND IN M.P.H.
PRELIMINARY LOCAL CLIMATOLOGICAL DATA (WS FORM: F-6) , PAGE 2
STATION: BROWNSVILLE
MONTH: MAY
YEAR: 2022
LATITUDE: 25 53 N
LONGITUDE: 97 26 W
[TEMPERATURE DATA] [PRECIPITATION DATA] SYMBOLS USED IN COLUMN 16
AVERAGE MONTHLY: 83.9 TOTAL FOR MONTH: 5.14 1 = FOG OR MIST
DPTR FM NORMAL: 1.9 DPTR FM NORMAL: 2.92 2 = FOG REDUCING VISIBILITY
HIGHEST: 97 ON 21 GRTST 24HR 4.61 ON 24-24 TO 1/4 MILE OR LESS
LOWEST: 68 ON 25 3 = THUNDER
SNOW, ICE PELLETS, HAIL 4 = ICE PELLETS
TOTAL MONTH: 0.0 INCH 5 = HAIL
GRTST 24HR 0.0 6 = FREEZING RAIN OR DRIZZLE
GRTST DEPTH: 0 7 = DUSTSTORM OR SANDSTORM:
VSBY 1/2 MILE OR LESS
8 = SMOKE OR HAZE
[NO. OF DAYS WITH] [WEATHER - DAYS WITH] 9 = BLOWING SNOW
X = TORNADO
MAX 32 OR BELOW: 0 0.01 INCH OR MORE: 3
MAX 90 OR ABOVE: 28 0.10 INCH OR MORE: 2
MIN 32 OR BELOW: 0 0.50 INCH OR MORE: 1
MIN 0 OR BELOW: 0 1.00 INCH OR MORE: 1
[HDD (BASE 65) ]
TOTAL THIS MO. 0 CLEAR (SCALE 0-3) 8
DPTR FM NORMAL 0 PTCLDY (SCALE 4-7) 20
TOTAL FM JUL 1 445 CLOUDY (SCALE 8-10) 3
DPTR FM NORMAL 22
[CDD (BASE 65) ]
TOTAL THIS MO. 592
DPTR FM NORMAL 65 [PRESSURE DATA]
TOTAL FM JAN 1 1330 HIGHEST SLP 30.08 ON 11
DPTR FM NORMAL 27 LOWEST SLP 29.57 ON 20
[REMARKS]
#FINAL-05-22#