000
CXAK56 PAFG 011038
CF6BRW
PRELIMINARY LOCAL CLIMATOLOGICAL DATA (WS FORM: F-6)
STATION: UTQIAGVIK (BARROW) AK
MONTH: JUNE
YEAR: 2023
LATITUDE: 71 17 N
LONGITUDE: 156 47 W
TEMPERATURE IN F: :PCPN: SNOW: WIND :SUNSHINE: SKY :PK WND
================================================================================
1 2 3 4 5 6A 6B 7 8 9 10 11 12 13 14 15 16 17 18
12Z AVG MX 2MIN
DY MAX MIN AVG DEP HDD CDD WTR SNW DPTH SPD SPD DIR MIN PSBL S-S WX SPD DR
================================================================================
1 28 15 22 -9 43 0 T M M 8.2 14 110 M M 7 16 100
2 32 24 28 -3 37 0 0.19 M M 9.4 17 110 M M 8 18 19 110
3 38 23 31 -1 34 0 0.09 M M 12.6 22 240 M M 6 12 27 240
4 34 25 30 -2 35 0 T M M 13.9 26 250 M M 8 18 33 250
5 42 31 37 5 28 0 0.04 M M 10.6 20 110 M M 6 16 24 110
6 38 31 35 2 30 0 0.00 M M 14.6 21 80 M M 9 12 23 80
7 35 28 32 -1 33 0 0.00 M M 11.3 15 80 M M 9 12 17 60
8 35 28 32 -2 33 0 T M M 15.1 21 60 M M 10 12 24 40
9 32 25 29 -5 36 0 T M M 18.2 22 40 M M 10 128 26 20
10 34 25 30 -5 35 0 T M M 19.9 26 80 M M 7 1 36 80
11 41 30 36 1 29 0 T M M 16.0 23 110 M M 8 16 29 110
12 48 33 41 5 24 0 T M M 9.3 15 100 M M 5 18 100
13 60 35 48 12 17 0 0.00 M M 11.4 22 110 M M 4 27 100
14 58 39 49 13 16 0 0.00 M M 9.2 17 180 M M 3 20 180
15 49 33 41 4 24 0 0.13 M M 8.8 15 30 M M 6 12 18 30
16 41 33 37 0 28 0 0.00 M M 8.7 13 80 M M 9 1 16 40
17 49 31 40 2 25 0 0.00 M M 10.9 16 80 M M 2 12 18 80
18 48 29 39 1 26 0 0.03 M M 10.6 18 100 M M 10 12 21 80
19 50 35 43 5 22 0 0.09 M M 6.6 16 160 M M 8 1 19 150
20 44 33 39 0 26 0 0.15 M M 9.5 18 240 M M 10 1 22 230
21 36 32 34 -5 31 0 T M M 13.8 20 240 M M 10 1 25 230
22 39 32 36 -3 29 0 0.00 M M 7.4 14 290 M M 10 12 16 300
23 38 32 35 -5 30 0 0.00 M M 15.6 24 110 M M 8 12 31 100
24 61 33 47 7 18 0 T M M 12.6 25 110 M M 6 29 110
25 43 33 38 -2 27 0 T M M 8.1 14 10 M M 9 128 17 340
26 36 33 35 -5 30 0 0.07 M M 13.9 18 60 M M 10 12 M M
27 49 34 42 1 23 0 0.12 M M 7.9 14 90 M M 7 12 17 90
28 46 36 41 0 24 0 0.08 M M 12.2 21 90 M M 6 1 24 90
29 45 34 40 -1 25 0 0.00 M M 11.4 17 80 M M 8 128 20 90
30 50 34 42 1 23 0 0.00 M M 6.4 14 240 M M 9 16 250
================================================================================
SM 1279 919 841 0 0.99 M 344.1 M 228
================================================================================
AV 42.6 30.6 11.5 FASTST M M 8 MAX(MPH)
MISC ----> # 26 250 36 80
================================================================================
NOTES:
# LAST OF SEVERAL OCCURRENCES
COLUMN 17 PEAK WIND IN M.P.H.
PRELIMINARY LOCAL CLIMATOLOGICAL DATA (WS FORM: F-6) , PAGE 2
STATION: UTQIAGVIK (BARROW) AK
MONTH: JUNE
YEAR: 2023
LATITUDE: 71 17 N
LONGITUDE: 156 47 W
[TEMPERATURE DATA] [PRECIPITATION DATA] SYMBOLS USED IN COLUMN 16
AVERAGE MONTHLY: 36.6 TOTAL FOR MONTH: 0.99 1 = FOG OR MIST
DPTR FM NORMAL: 0.0 DPTR FM NORMAL: 0.56 2 = FOG REDUCING VISIBILITY
HIGHEST: 61 ON 24 GRTST 24HR 0.19 ON 1- 2 TO 1/4 MILE OR LESS
LOWEST: 15 ON 1 3 = THUNDER
SNOW, ICE PELLETS, HAIL 4 = ICE PELLETS
TOTAL MONTH: M 5 = HAIL
GRTST 24HR M ON M 6 = FREEZING RAIN OR DRIZZLE
GRTST DEPTH: M ON M 7 = DUSTSTORM OR SANDSTORM:
VSBY 1/2 MILE OR LESS
8 = SMOKE OR HAZE
[NO. OF DAYS WITH] [WEATHER - DAYS WITH] 9 = BLOWING SNOW
X = TORNADO
MAX 32 OR BELOW: 3 0.01 INCH OR MORE: 10
MAX 90 OR ABOVE: 0 0.10 INCH OR MORE: 4
MIN 32 OR BELOW: 16 0.50 INCH OR MORE: 0
MIN 0 OR BELOW: 0 1.00 INCH OR MORE: 0
[HDD (BASE 65) ]
TOTAL THIS MO. 841 CLEAR (SCALE 0-3) 1
DPTR FM NORMAL -11 PTCLDY (SCALE 4-7) 16
TOTAL FM JUL 1 17567 CLOUDY (SCALE 8-10) 13
DPTR FM NORMAL -899
[CDD (BASE 65) ]
TOTAL THIS MO. 0
DPTR FM NORMAL 0 [PRESSURE DATA]
TOTAL FM JAN 1 0 HIGHEST SLP M ON M
DPTR FM NORMAL 0 LOWEST SLP 29.51 ON 12
[REMARKS]
#FINAL-06-23#