000
CXAK56 PAFG 011400
CF6BRW
PRELIMINARY LOCAL CLIMATOLOGICAL DATA (WS FORM: F-6)
STATION: UTQIAGVIK (BARROW) AK
MONTH: OCTOBER
YEAR: 2020
LATITUDE: 71 17 N
LONGITUDE: 156 47 W
TEMPERATURE IN F: :PCPN: SNOW: WIND :SUNSHINE: SKY :PK WND
================================================================================
1 2 3 4 5 6A 6B 7 8 9 10 11 12 13 14 15 16 17 18
12Z AVG MX 2MIN
DY MAX MIN AVG DEP HDD CDD WTR SNW DPTH SPD SPD DIR MIN PSBL S-S WX SPD DR
================================================================================
1 35 33 34 8 31 0 T M M 18.1 28 80 M M 10 1 33 80
2 35 32 34 9 31 0 0.09 M M 15.0 23 70 M M 10 12 28 80
3 34 32 33 8 32 0 0.02 M M 8.9 17 250 M M 10 12 22 210
4 36 31 34 10 31 0 T M M 9.9 16 10 M M 10 18 18 20
5 34 31 33 9 32 0 0.01 M M 12.0 17 20 M M 10 18 22 10
6 33 30 32 9 33 0 0.07 M M 5.7 15 100 M M 10 18 19 100
7 31 29 30 7 35 0 T M M 19.3 32 110 M M 10 18 40 110
8 33 31 32 10 33 0 T M M 25.4 32 90 M M 10 18 43 100
9 32 28 30 8 35 0 0.01 M M 27.8 37 80 M M 10 189 44 80
10 30 26 28 7 37 0 0.02 M M 22.4 31 80 M M 9 18 40 80
11 27 18 23 3 42 0 T M M 11.6 23 50 M M 9 28 50
12 26 20 23 3 42 0 0.01 M M 6.1 14 210 M M 9 18 17 210
13 27 23 25 6 40 0 0.00 M M 14.3 18 250 M M 7 23 250
14 27 25 26 7 39 0 T M M 12.7 20 230 M M 9 24 240
15 29 18 24 6 41 0 T M M 9.1 25 130 M M 9 18 31 120
16 21 16 19 2 46 0 T M M 21.3 31 120 M M 2 8 38 120
17 21 15 18 1 47 0 0.00 M M 13.8 21 120 M M 0 25 120
18 23 19 21 5 44 0 0.00 M M 14.4 17 120 M M 5 M M
19 26 21 24 8 41 0 0.08 M M 10.8 14 180 M M 10 18 17 160
20 32 24 28 13 37 0 T M M 11.3 18 220 M M 10 18 24 220
21 35 30 33 19 32 0 0.01 M M 16.2 26 250 M M 10 12 33 250
22 36 33 35 21 30 0 0.02 M M 11.8 26 260 M M 10 12 34 250
23 33 27 30 17 35 0 T M M 9.1 14 110 M M 10 12 17 210
24 33 26 30 18 35 0 T M M 9.6 20 10 M M 10 18 25 10
25 28 17 23 11 42 0 T M M 7.5 17 140 M M 9 168 20 150
26 20 15 18 7 47 0 T M M 8.3 16 140 M M 7 18 18 140
27 32 17 25 15 40 0 0.07 M M 18.0 35 290 M M 8 18 40 280
28 29 9 19 9 46 0 0.06 M M 10.8 25 310 M M 9 189 31 310
29 27 7 17 8 48 0 0.07 M M 13.0 30 240 M M 8 12 36 240
30 28 2 15 6 50 0 0.03 M M 12.5 25 230 M M 6 18 31 220
31 26 -1 13 5 52 0 0.01 M M 8.0 17 330 M M 9 8 21 330
================================================================================
SM 919 684 1206 0 0.58 M 414.7 M 265
================================================================================
AV 29.6 22.1 13.4 FASTST M M 9 MAX(MPH)
MISC ----> 37 80 44 80
================================================================================
NOTES:
# LAST OF SEVERAL OCCURRENCES
COLUMN 17 PEAK WIND IN M.P.H.
PRELIMINARY LOCAL CLIMATOLOGICAL DATA (WS FORM: F-6) , PAGE 2
STATION: UTQIAGVIK (BARROW) AK
MONTH: OCTOBER
YEAR: 2020
LATITUDE: 71 17 N
LONGITUDE: 156 47 W
[TEMPERATURE DATA] [PRECIPITATION DATA] SYMBOLS USED IN COLUMN 16
AVERAGE MONTHLY: 25.9 TOTAL FOR MONTH: 0.58 1 = FOG OR MIST
DPTR FM NORMAL: 8.7 DPTR FM NORMAL: 0.17 2 = FOG REDUCING VISIBILITY
HIGHEST: 36 ON 22, 4 GRTST 24HR 0.10 ON 2- 3 TO 1/4 MILE OR LESS
LOWEST: -1 ON 31 3 = THUNDER
SNOW, ICE PELLETS, HAIL 4 = ICE PELLETS
TOTAL MONTH: M 5 = HAIL
GRTST 24HR M ON M 6 = FREEZING RAIN OR DRIZZLE
GRTST DEPTH: M ON M 7 = DUSTSTORM OR SANDSTORM:
VSBY 1/2 MILE OR LESS
8 = SMOKE OR HAZE
[NO. OF DAYS WITH] [WEATHER - DAYS WITH] 9 = BLOWING SNOW
X = TORNADO
MAX 32 OR BELOW: 20 0.01 INCH OR MORE: 15
MAX 90 OR ABOVE: 0 0.10 INCH OR MORE: 0
MIN 32 OR BELOW: 29 0.50 INCH OR MORE: 0
MIN 0 OR BELOW: 1 1.00 INCH OR MORE: 0
[HDD (BASE 65) ]
TOTAL THIS MO. 1206 CLEAR (SCALE 0-3) 2
DPTR FM NORMAL -276 PTCLDY (SCALE 4-7) 5
TOTAL FM JUL 1 3613 CLOUDY (SCALE 8-10) 24
DPTR FM NORMAL -410
[CDD (BASE 65) ]
TOTAL THIS MO. 0
DPTR FM NORMAL 0 [PRESSURE DATA]
TOTAL FM JAN 1 0 HIGHEST SLP 30.59 ON 15
DPTR FM NORMAL 0 LOWEST SLP 29.31 ON 3
[REMARKS]
#FINAL-10-20#