000
CXUS53 KGRR 011727 RRA
CLSBTL
WRKCLMBTL 000
TTAA00 KGRR 011723
CLIMATE REPORT
NATIONAL WEATHER SERVICE GRAND RAPIDS, MI
1258 PM EDT MON JUN 1 2020
...................................
...THE BATTLE CREEK MI CLIMATE SUMMARY FOR THE SEASON, FROM
3/1/2020 TO 5/31/2020...
CLIMATE NORMAL PERIOD 1981 TO 2010
CLIMATE RECORD PERIOD 1998 TO 2020
WEATHER OBSERVED NORMAL DEPART LAST YEAR`S
VALUE DATE(S) VALUE FROM VALUE DATE(S)
NORMAL
................................................................
TEMPERATURE (F)
HIGHEST 88 05/26 MM MM 81 05/25
05/18
LOWEST 16 03/07 MM MM 8 03/05
AVG. MAXIMUM 56.9 59.0 -2.1 55.8
AVG. MINIMUM 38.2 35.6 2.6 36.8
MEAN 47.5 47.3 0.2 46.3
DAYS MAX >= 90 0 0.2 -0.2 0
DAYS MAX <= 32 0 3.0 -3.0 5
DAYS MIN <= 32 37 36.3 0.7 32
DAYS MIN <= 0 0 0.3 -0.3 0
PRECIPITATION (INCHES)
TOTALS 12.09 8.48 3.61 10.41
DAILY AVG. 0.13 0.09 0.04 0.11
DAYS >= .01 41 33.5 7.5 43
DAYS >= .10 23 19.0 4.0 25
DAYS >= .50 7 5.4 1.6 8
DAYS >= 1.00 5 1.6 3.4 0
GREATEST
24 HR. TOTAL 1.96 05/18 TO 05/18
STORM TOTAL MM MM
DEGREE_DAYS
HEATING TOTAL 1630 1668 -38 1714
SINCE 7/1 6091 6634 -543 6428
COOLING TOTAL 51 37 14 16
SINCE 1/1 51 38 13 16
FREEZE DATES
EARLIEST MM
LATEST MM
.................................................................
WIND (MPH)
AVERAGE WIND SPEED 9.2
RESULTANT WIND SPEED/DIRECTION 2/255
HIGHEST WIND SPEED/DIRECTION 44/290 DATE 04/20
HIGHEST GUST SPEED/DIRECTION 59/300 DATE 04/20
SKY COVER
POSSIBLE SUNSHINE (PERCENT) MM
AVERAGE SKY COVER 0.50
NUMBER OF DAYS FAIR 27
NUMBER OF DAYS PC 32
NUMBER OF DAYS CLOUDY 33
AVERAGE RH (PERCENT) 69
WEATHER CONDITIONS. NUMBER OF DAYS WITH
THUNDERSTORM 7 MIXED PRECIP 0
HEAVY RAIN 7 RAIN 14
LIGHT RAIN 47 FREEZING RAIN 0
LT FREEZING RAIN 0 HAIL 0
HEAVY SNOW 0 SNOW 4
LIGHT SNOW 10 SLEET 0
FOG 56 FOG W/VIS <= 1/4 MILE 4
HAZE 14 BLOWING SNOW 0
TORNADO 0
- INDICATES NEGATIVE NUMBERS.
R INDICATES RECORD WAS SET OR TIED.
MM INDICATES DATA IS MISSING.
T INDICATES TRACE AMOUNT.
$$