000
CXUS54 KTSA 041225
CF6BVO
PRELIMINARY LOCAL CLIMATOLOGICAL DATA (WS FORM: F-6)
STATION: BARTLESVILLE OKLAHOMA
MONTH: NOVEMBER
YEAR: 2023
LATITUDE: 36 45 N
LONGITUDE: 96 0 W
TEMPERATURE IN F: :PCPN: SNOW: WIND :SUNSHINE: SKY :PK WND
================================================================================
1 2 3 4 5 6A 6B 7 8 9 10 11 12 13 14 15 16 17 18
12Z AVG MX 2MIN
DY MAX MIN AVG DEP HDD CDD WTR SNW DPTH SPD SPD DIR MIN PSBL S-S WX SPD DR
================================================================================
1 55 17 36 -17 29 0 0.00 0.0 M 5.0 16 170 M M 0 24 160
2 65 27 46 -6 19 0 0.00 0.0 M 7.5 18 170 M M 0 27 160
3 74 32 53 1 12 0 0.00 0.0 M 6.1 23 210 M M 0 32 210
4 70 38 54 2 11 0 0.00 0.0 M 2.9 12 90 M M 4 1 15 100
5 77 43 60 9 5 0 0.00 0.0 M 5.7 17 160 M M 2 1 24 160
6 80 50 65 14 0 0 0.00 0.0 M 3.9 14 150 M M 0 12 19 160
7 84 46 65 15 0 0 0.00 0.0 M 7.5 18 160 M M 3 12 26 150
8 82 57 70 20 0 5 0.00 0.0 M 9.0 18 210 M M 1 27 210
9 M M M M M M M M M M M M M M M M M
10 65 28 47 -2 18 0 0.00 0.0 M 1.5 10 50 M M 0 16 40
11 65 39 52 3 13 0 T 0.0 M 2.5 12 160 M M 5 15 160
12 71 31 51 2 14 0 0.00 0.0 M 2.3 14 220 M M 0 21 220
13 73 34 54 6 11 0 0.00 0.0 M 1.4 9 110 M M 0 13 140
14 70 32 51 3 14 0 0.00 0.0 M 3.3 16 170 M M 0 23 160
15 73 34 54 7 11 0 0.00 0.0 M 2.5 12 160 M M 0 15 160
16 66 34 50 3 15 0 0.00 0.0 M 8.2 20 160 M M 2 1 27 160
17 65 35 50 3 15 0 0.00 0.0 M 4.1 20 10 M M 4 24 10
18 70 29 50 4 15 0 0.00 0.0 M 1.0 8 220 M M 0 13 220
19 61 36 49 3 16 0 0.08 0.0 M 6.6 18 160 M M 7 13 24 140
20 51 46 49 4 16 0 0.35 0.0 M 6.2 14 130 M M 10 13 20 330
21 55 33 44 -1 21 0 0.00 0.0 M 5.1 13 340 M M 6 28 350
22 57 25 41 -4 24 0 0.00 0.0 M 2.3 10 220 M M 0 15 220
23 65 25 45 1 20 0 0.00 0.0 M 3.9 14 170 M M 0 21 180
24 48 31 40 -4 25 0 0.00 0.0 M 10.4 17 30 M M 0 25 40
25 48 27 38 -6 27 0 0.30 M M 2.5 9 330 M M 7 1 17 360
26 43 26 35 -8 30 0 0.03 M M 5.4 13 270 M M 3 1 23 300
27 54 19 37 -6 28 0 0.00 0.0 M 4.1 13 290 M M 0 21 260
28 59 20 40 -2 25 0 0.00 0.0 M 3.6 14 200 M M 0 19 190
29 65 25 45 3 20 0 0.00 0.0 M 5.0 14 170 M M 0 21 170
30 57 45 51 9 14 0 0.29 0.0 M 5.7 18 160 M M 9 13 24 160
================================================================================
SM 1868 964 468 5 1.05 0.0 135.2 M 63
================================================================================
AV 64.4 33.2 4.7 FASTST M M 2 MAX(MPH)
MISC ----> 23 210 32 210
================================================================================
NOTES:
# LAST OF SEVERAL OCCURRENCES
COLUMN 17 PEAK WIND IN M.P.H.
PRELIMINARY LOCAL CLIMATOLOGICAL DATA (WS FORM: F-6) , PAGE 2
STATION: BARTLESVILLE OKLAHOMA
MONTH: NOVEMBER
YEAR: 2023
LATITUDE: 36 45 N
LONGITUDE: 96 0 W
[TEMPERATURE DATA] [PRECIPITATION DATA] SYMBOLS USED IN COLUMN 16
AVERAGE MONTHLY: 48.8 TOTAL FOR MONTH: 1.05 1 = FOG OR MIST
DPTR FM NORMAL: 1.6 DPTR FM NORMAL: -1.31 2 = FOG REDUCING VISIBILITY
HIGHEST: 84 ON 7 GRTST 24HR 0.41 ON 19-20 TO 1/4 MILE OR LESS
LOWEST: 17 ON 1 3 = THUNDER
SNOW, ICE PELLETS, HAIL 4 = ICE PELLETS
TOTAL MONTH: 0.0 INCH 5 = HAIL
GRTST 24HR 0.0 6 = FREEZING RAIN OR DRIZZLE
GRTST DEPTH: M ON M 7 = DUSTSTORM OR SANDSTORM:
VSBY 1/2 MILE OR LESS
8 = SMOKE OR HAZE
[NO. OF DAYS WITH] [WEATHER - DAYS WITH] 9 = BLOWING SNOW
X = TORNADO
MAX 32 OR BELOW: 0 0.01 INCH OR MORE: 5
MAX 90 OR ABOVE: 0 0.10 INCH OR MORE: 3
MIN 32 OR BELOW: 15 0.50 INCH OR MORE: 0
MIN 0 OR BELOW: 0 1.00 INCH OR MORE: 0
[HDD (BASE 65) ]
TOTAL THIS MO. 468 CLEAR (SCALE 0-3) 21
DPTR FM NORMAL -69 PTCLDY (SCALE 4-7) 6
TOTAL FM JUL 1 674 CLOUDY (SCALE 8-10) 3
DPTR FM NORMAL -122
[CDD (BASE 65) ]
TOTAL THIS MO. 5
DPTR FM NORMAL 2 [PRESSURE DATA]
TOTAL FM JAN 1 1867 HIGHEST SLP 30.53 ON 1
DPTR FM NORMAL 179 LOWEST SLP 29.61 ON 8
[REMARKS]
#FINAL-11-23#