000
CXUS54 KTSA 010850
CF6BVO
PRELIMINARY LOCAL CLIMATOLOGICAL DATA (WS FORM: F-6)
STATION: BARTLESVILLE OKLAHOMA
MONTH: OCTOBER
YEAR: 2023
LATITUDE: 36 45 N
LONGITUDE: 96 0 W
TEMPERATURE IN F: :PCPN: SNOW: WIND :SUNSHINE: SKY :PK WND
================================================================================
1 2 3 4 5 6A 6B 7 8 9 10 11 12 13 14 15 16 17 18
12Z AVG MX 2MIN
DY MAX MIN AVG DEP HDD CDD WTR SNW DPTH SPD SPD DIR MIN PSBL S-S WX SPD DR
================================================================================
1 92 54 73 8 0 8 0.00 0.0 M 3.6 17 160 M M 0 1 23 170
2 90 57 74 10 0 9 0.00 0.0 M 3.5 16 160 M M 2 1 25 200
3 84 57 71 7 0 6 0.00 0.0 M 7.0 20 160 M M 0 27 140
4 84 63 74 10 0 9 0.26 0.0 M 4.4 35 120 M M 6 13 47 110
5 84 54 69 6 0 4 0.05 0.0 M 2.3 14 10 M M 3 13 18 30
6 68 38 53 -10 12 0 0.00 0.0 M 3.3 22 10 M M 5 30 10
7 68 34 51 -11 14 0 0.00 0.0 M 1.8 9 350 M M 0 15 360
8 83 36 60 -2 5 0 0.00 0.0 M 4.3 15 220 M M 0 8 24 230
9 81 42 62 0 3 0 0.00 0.0 M 2.7 13 40 M M 0 18 17 40
10 80 42 61 0 4 0 0.00 0.0 M 4.6 17 130 M M 0 24 130
11 84 54 69 8 0 4 0.00 0.0 M 10.9 24 160 M M 4 36 170
12 69 62 66 6 0 1 0.00 0.0 M 15.2 24 170 M M 8 35 160
13 70 50 60 0 5 0 0.00 0.0 M 6.8 17 280 M M 4 34 300
14 64 48 56 -4 9 0 0.00 0.0 M 4.3 10 360 M M 7 19 10
15 60 50 55 -4 10 0 0.00 0.0 M 5.3 18 10 M M 10 27 10
16 69 36 53 -6 12 0 0.00 0.0 M 1.5 12 20 M M 1 18 10
17 73 31 52 -7 13 0 0.00 0.0 M 3.0 14 160 M M 0 19 170
18 82 41 62 4 3 0 0.00 0.0 M 3.7 14 210 M M 0 8 21 170
19 82 41 62 4 3 0 0.00 0.0 M 3.1 10 280 M M 0 23 280
20 88 46 67 10 0 2 0.00 0.0 M 2.2 13 160 M M 0 8 20 260
21 87 44 66 9 0 1 0.00 0.0 M 2.0 13 130 M M 0 19 70
22 85 49 67 10 0 2 0.00 0.0 M 6.9 20 160 M M 0 27 170
23 84 58 71 15 0 6 0.00 0.0 M 10.4 21 170 M M 1 30 160
24 71 65 68 12 0 3 0.60 0.0 M 10.4 22 160 M M 10 1 33 170
25 74 67 71 15 0 6 0.13 0.0 M 10.1 21 160 M M 9 1 29 160
26 82 66 74 19 0 9 0.05 0.0 M 12.2 23 160 M M 6 1 32 170
27 72 49 61 6 4 0 0.00 0.0 M 7.6 17 20 M M 10 18 26 10
28 49 38 44 -10 21 0 0.05 0.0 M 10.1 15 10 M M 10 138 22 360
29 39 34 37 -17 28 0 1.20 M M 8.0 20 10 M M 10 13 26 10
30 48 25 37 -17 28 0 0.00 0.0 M 3.8 17 10 M M 0 29 30
31 46 20 33 -20 32 0 0.00 0.0 M 4.2 23 10 M M 0 30 360
================================================================================
SM 2292 1451 206 70 2.34 0.0 179.2 M 106
================================================================================
AV 73.9 46.8 5.8 FASTST M M 3 MAX(MPH)
MISC ----> 35 120 47 110
================================================================================
NOTES:
# LAST OF SEVERAL OCCURRENCES
COLUMN 17 PEAK WIND IN M.P.H.
PRELIMINARY LOCAL CLIMATOLOGICAL DATA (WS FORM: F-6) , PAGE 2
STATION: BARTLESVILLE OKLAHOMA
MONTH: OCTOBER
YEAR: 2023
LATITUDE: 36 45 N
LONGITUDE: 96 0 W
[TEMPERATURE DATA] [PRECIPITATION DATA] SYMBOLS USED IN COLUMN 16
AVERAGE MONTHLY: 60.4 TOTAL FOR MONTH: 2.34 1 = FOG OR MIST
DPTR FM NORMAL: 1.4 DPTR FM NORMAL: -1.29 2 = FOG REDUCING VISIBILITY
HIGHEST: 92 ON 1 GRTST 24HR 1.23 ON 28-29 TO 1/4 MILE OR LESS
LOWEST: 20 ON 31 3 = THUNDER
SNOW, ICE PELLETS, HAIL 4 = ICE PELLETS
TOTAL MONTH: 0.0 INCH 5 = HAIL
GRTST 24HR 0.0 6 = FREEZING RAIN OR DRIZZLE
GRTST DEPTH: M ON M 7 = DUSTSTORM OR SANDSTORM:
VSBY 1/2 MILE OR LESS
8 = SMOKE OR HAZE
[NO. OF DAYS WITH] [WEATHER - DAYS WITH] 9 = BLOWING SNOW
X = TORNADO
MAX 32 OR BELOW: 0 0.01 INCH OR MORE: 7
MAX 90 OR ABOVE: 2 0.10 INCH OR MORE: 4
MIN 32 OR BELOW: 3 0.50 INCH OR MORE: 2
MIN 0 OR BELOW: 0 1.00 INCH OR MORE: 1
[HDD (BASE 65) ]
TOTAL THIS MO. 206 CLEAR (SCALE 0-3) 18
DPTR FM NORMAL -21 PTCLDY (SCALE 4-7) 6
TOTAL FM JUL 1 206 CLOUDY (SCALE 8-10) 7
DPTR FM NORMAL -52
[CDD (BASE 65) ]
TOTAL THIS MO. 70
DPTR FM NORMAL 29 [PRESSURE DATA]
TOTAL FM JAN 1 1862 HIGHEST SLP 30.54 ON 31
DPTR FM NORMAL 177 LOWEST SLP 29.54 ON 12
[REMARKS]
#FINAL-10-23#