000
CXUS54 KLZK 011230
CF6BVX
PRELIMINARY LOCAL CLIMATOLOGICAL DATA (WS FORM: F-6)
STATION: BATESVILLE REGIONAL AIRPORT
MONTH: NOVEMBER
YEAR: 2021
LATITUDE: 35 43 N
LONGITUDE: 91 39 W
TEMPERATURE IN F: :PCPN: SNOW: WIND :SUNSHINE: SKY :PK WND
================================================================================
1 2 3 4 5 6A 6B 7 8 9 10 11 12 13 14 15 16 17 18
12Z AVG MX 2MIN
DY MAX MIN AVG DEP HDD CDD WTR SNW DPTH SPD SPD DIR MIN PSBL S-S WX SPD DR
================================================================================
1 59 40 50 -5 15 0 0.01 M M 4.3 10 80 M M 5 M M
2 53 42 48 -7 17 0 T M M 4.8 10 70 M M 9 M M
3 52 34 43 -11 22 0 0.29 M M 3.8 9 80 M M 5 1 M M
4 56 29 43 -11 22 0 0.00 M M 3.2 7 30 M M 0 M M
5 58 29 44 -10 21 0 0.00 M M 3.4 7 99 M M 0 M M
6 63 29 46 -7 19 0 0.00 M M 3.0 7 80 M M 0 M M
7 69 35 52 -1 13 0 0.00 M M 3.2 6 180 M M 0 M M
8 72 42 57 5 8 0 0.00 M M 4.5 9 200 M M 0 M M
9 70 44 57 5 8 0 0.00 M M 4.8 12 240 M M 1 M M
10 70 52 61 9 4 0 T M M 5.8 12 200 M M 2 17 220
11 65 44 55 4 10 0 0.96 M M 7.3 24 260 M M 4 13 33 250
12 58 40 49 -2 16 0 0.03 M M 6.7 10 270 M M 4 21 330
13 52 31 42 -8 23 0 0.00 M M 4.2 9 260 M M 0 M M
14 61 37 49 -1 16 0 0.00 M M 5.3 13 300 M M 0 17 300
15 67 32 50 0 15 0 0.00 M M 5.2 12 200 M M 0 18 190
16 70 52 61 12 4 0 0.00 M M 7.2 13 170 M M 6 1 21 200
17 72 45 59 10 6 0 0.40 M M 8.9 14 190 M M 9 13 26 190
18 55 31 43 -5 22 0 0.34 M M 4.3 8 320 M M 3 8 M M
19 52 26 39 -9 26 0 0.00 M M 3.9 10 110 M M 0 M M
20 60 35 48 1 17 0 0.00 M M 4.9 10 200 M M 3 M M
21 62 48 55 8 10 0 0.02 M M 4.4 9 190 M M 7 13 M M
22 53 33 43 -3 22 0 0.00 M M 3.0 8 260 M M 0 18 M M
23 57 28 43 -3 22 0 0.00 M M 5.9 12 180 M M 0 1 M M
24 63 43 53 7 12 0 0.00 M M 10.2 18 200 M M 5 26 200
25 61 33 47 2 18 0 0.18 M M 6.7 14 340 M M 6 1 22 340
26 50 27 39 -6 26 0 0.00 M M 4.6 12 220 M M 0 M M
27 60 38 49 5 16 0 0.00 M M 7.6 16 240 M M 0 18 220
28 60 38 49 5 16 0 0.00 M M 4.3 7 99 M M 0 M M
29 62 29 46 2 19 0 0.00 M M 5.9 13 230 M M 0 28 230
30 71 42 57 14 8 0 0.00 M M 4.6 17 240 M M 0 8 M M
================================================================================
SM 1833 1108 473 0 2.23 M 155.6 M 69
================================================================================
AV 61.1 36.9 5.2 FASTST M M 2 MAX(MPH)
MISC ----> 24 260 33 250
================================================================================
NOTES:
# LAST OF SEVERAL OCCURRENCES
COLUMN 17 PEAK WIND IN M.P.H.
PRELIMINARY LOCAL CLIMATOLOGICAL DATA (WS FORM: F-6) , PAGE 2
STATION: BATESVILLE REGIONAL AIRPORT
MONTH: NOVEMBER
YEAR: 2021
LATITUDE: 35 43 N
LONGITUDE: 91 39 W
[TEMPERATURE DATA] [PRECIPITATION DATA] SYMBOLS USED IN COLUMN 16
AVERAGE MONTHLY: 49.0 TOTAL FOR MONTH: 2.23 1 = FOG OR MIST
DPTR FM NORMAL: -0.2 DPTR FM NORMAL: -2.83 2 = FOG REDUCING VISIBILITY
HIGHEST: 72 ON 8,17 GRTST 24HR 0.96 ON 10-11 TO 1/4 MILE OR LESS
LOWEST: 26 ON 19 3 = THUNDER
SNOW, ICE PELLETS, HAIL 4 = ICE PELLETS
TOTAL MONTH: M 5 = HAIL
GRTST 24HR M ON M 6 = FREEZING RAIN OR DRIZZLE
GRTST DEPTH: M ON M 7 = DUSTSTORM OR SANDSTORM:
VSBY 1/2 MILE OR LESS
8 = SMOKE OR HAZE
[NO. OF DAYS WITH] [WEATHER - DAYS WITH] 9 = BLOWING SNOW
X = TORNADO
MAX 32 OR BELOW: 0 0.01 INCH OR MORE: 8
MAX 90 OR ABOVE: 0 0.10 INCH OR MORE: 5
MIN 32 OR BELOW: 10 0.50 INCH OR MORE: 1
MIN 0 OR BELOW: 0 1.00 INCH OR MORE: 0
[HDD (BASE 65) ]
TOTAL THIS MO. 473 CLEAR (SCALE 0-3) 19
DPTR FM NORMAL -6 PTCLDY (SCALE 4-7) 9
TOTAL FM JUL 1 577 CLOUDY (SCALE 8-10) 2
DPTR FM NORMAL -119
[CDD (BASE 65) ]
TOTAL THIS MO. 0
DPTR FM NORMAL -5 [PRESSURE DATA]
TOTAL FM JAN 1 1914 HIGHEST SLP 30.58 ON 19
DPTR FM NORMAL 171 LOWEST SLP 29.77 ON 11
[REMARKS]
#FINAL-11-21#