000
CDUS43 KLMK 230631
CLIBWG


CLIMATE REPORT
NATIONAL WEATHER SERVICE LOUISVILLE KY
231 AM EDT MON APR 23 2018


...................................

...THE BOWLING GREEN KY CLIMATE SUMMARY FOR APRIL 22 2018...

CLIMATE NORMAL PERIOD 1981 TO 2010
CLIMATE RECORD PERIOD 1870 TO 2018


WEATHER ITEM   OBSERVED TIME   RECORD YEAR NORMAL DEPARTURE LAST
                VALUE   (LST)  VALUE       VALUE  FROM      YEAR
                                                  NORMAL
..................................................................
TEMPERATURE (F)
 YESTERDAY
  MAXIMUM         67   1111 AM  89    1873  72     -5       57
  MINIMUM         52    436 AM  31    1927  48      4       52
  AVERAGE         60                        60      0       55

PRECIPITATION (IN)
  YESTERDAY        0.81          1.63 1931   0.15   0.66     0.86
  MONTH TO DATE    3.33                      3.06   0.27     3.46
  SINCE MAR 1      7.59                      7.47   0.12     7.25
  SINCE JAN 1     18.46                     15.04   3.42    13.83

SNOWFALL (IN)
  YESTERDAY        0.0           0.6  1896   0.0    0.0      0.0
  MONTH TO DATE    0.3                       0.2    0.1      0.0
  SINCE MAR 1      2.6                       1.3    1.3       T
  SINCE JUL 1     11.0                       9.1    1.9      0.7
  SNOW DEPTH       0

DEGREE DAYS
 HEATING
  YESTERDAY        5                         7     -2       10
  MONTH TO DATE  316                       207    109       90
  SINCE MAR 1    859                       727    132      529
  SINCE JUL 1   3873                      3925    -52     2910

 COOLING
  YESTERDAY        0                         1     -1        0
  MONTH TO DATE   11                        21    -10       55
  SINCE MAR 1     11                        26    -15       61
  SINCE JAN 1     26                        26      0       65
..................................................................


WIND (MPH)
  HIGHEST WIND SPEED    18   HIGHEST WIND DIRECTION    SE (120)
  HIGHEST GUST SPEED    28   HIGHEST GUST DIRECTION    NE (60)
  AVERAGE WIND SPEED     8.2


SKY COVER
  POSSIBLE SUNSHINE  MM
  AVERAGE SKY COVER 0.6


WEATHER CONDITIONS
 THE FOLLOWING WEATHER WAS RECORDED YESTERDAY.
  RAIN
  LIGHT RAIN
  FOG


RELATIVE HUMIDITY (PERCENT)
 HIGHEST   100          1000 PM
 LOWEST     47           100 AM
 AVERAGE    74

..........................................................


THE BOWLING GREEN KY CLIMATE NORMALS FOR TODAY
                         NORMAL    RECORD    YEAR
 MAXIMUM TEMPERATURE (F)   72        95      1925
 MINIMUM TEMPERATURE (F)   48        29      1986


SUNRISE AND SUNSET
APRIL 23 2018.........SUNRISE   601 AM CDT   SUNSET   728 PM CDT
APRIL 24 2018.........SUNRISE   600 AM CDT   SUNSET   728 PM CDT


-  INDICATES NEGATIVE NUMBERS.
R  INDICATES RECORD WAS SET OR TIED.
MM INDICATES DATA IS MISSING.
T  INDICATES TRACE AMOUNT.




$$
