000
CDUS43 KLMK 160629
CLIBWG


CLIMATE REPORT
NATIONAL WEATHER SERVICE LOUISVILLE KY
228 AM EDT WED MAY 16 2018


...................................

...THE BOWLING GREEN KY CLIMATE SUMMARY FOR MAY 15 2018...

CLIMATE NORMAL PERIOD 1981 TO 2010
CLIMATE RECORD PERIOD 1870 TO 2018


WEATHER ITEM   OBSERVED TIME   RECORD YEAR NORMAL DEPARTURE LAST
                VALUE   (LST)  VALUE       VALUE  FROM      YEAR
                                                  NORMAL
..................................................................
TEMPERATURE (F)
 YESTERDAY
  MAXIMUM         91    157 PM  92    1962  77     14       85
                                      1900
  MINIMUM         70    507 AM  36    1904  55     15       56
  AVERAGE         81                        66     15       71

PRECIPITATION (IN)
  YESTERDAY        0.00          3.04 1983   0.19  -0.19     0.00
  MONTH TO DATE    1.99                      2.81  -0.82     1.75
  SINCE MAR 1     10.08                     11.56  -1.48    10.12
  SINCE JAN 1     20.95                     19.13   1.82    16.70

SNOWFALL (IN)
  YESTERDAY        0.0           0.0    MM   0.0    0.0      0.0
  MONTH TO DATE    0.0                       0.0    0.0      0.0
  SINCE MAR 1      2.6                       1.3    1.3       T
  SINCE JUL 1     11.0                       9.1    1.9      0.7
  SNOW DEPTH       0

DEGREE DAYS
 HEATING
  YESTERDAY        0                         2     -2        0
  MONTH TO DATE    2                        51    -49       56
  SINCE MAR 1    912                       822     90      604
  SINCE JUL 1   3926                      4020    -94     2985

 COOLING
  YESTERDAY       16                         3     13        6
  MONTH TO DATE  115                        37     78       34
  SINCE MAR 1    126                        73     53      124
  SINCE JAN 1    141                        73     68      128
..................................................................


WIND (MPH)
  HIGHEST WIND SPEED    15   HIGHEST WIND DIRECTION     W (280)
  HIGHEST GUST SPEED    20   HIGHEST GUST DIRECTION     W (270)
  AVERAGE WIND SPEED     5.6


SKY COVER
  POSSIBLE SUNSHINE  MM
  AVERAGE SKY COVER 0.1


WEATHER CONDITIONS
 THE FOLLOWING WEATHER WAS RECORDED YESTERDAY.
  NO SIGNIFICANT WEATHER WAS OBSERVED.


RELATIVE HUMIDITY (PERCENT)
 HIGHEST    84           400 AM
 LOWEST     36           600 PM
 AVERAGE    60

..........................................................


THE BOWLING GREEN KY CLIMATE NORMALS FOR TODAY
                         NORMAL    RECORD    YEAR
 MAXIMUM TEMPERATURE (F)   78        93      1911
 MINIMUM TEMPERATURE (F)   55        33      1997


SUNRISE AND SUNSET
MAY 16 2018...........SUNRISE   537 AM CDT   SUNSET   748 PM CDT
MAY 17 2018...........SUNRISE   536 AM CDT   SUNSET   749 PM CDT


-  INDICATES NEGATIVE NUMBERS.
R  INDICATES RECORD WAS SET OR TIED.
MM INDICATES DATA IS MISSING.
T  INDICATES TRACE AMOUNT.




$$
