000
CDUS43 KLMK 210628
CLIBWG


CLIMATE REPORT
NATIONAL WEATHER SERVICE LOUISVILLE KY
228 AM EDT MON MAY 21 2018


...................................

...THE BOWLING GREEN KY CLIMATE SUMMARY FOR MAY 20 2018...

CLIMATE NORMAL PERIOD 1981 TO 2010
CLIMATE RECORD PERIOD 1870 TO 2018


WEATHER ITEM   OBSERVED TIME   RECORD YEAR NORMAL DEPARTURE LAST
                VALUE   (LST)  VALUE       VALUE  FROM      YEAR
                                                  NORMAL
..................................................................
TEMPERATURE (F)
 YESTERDAY
  MAXIMUM         89    233 PM  96    1921  79     10       87
                                      1902
  MINIMUM         67    516 AM  43    1926  56     11       67
  AVERAGE         78                        68     10       77

PRECIPITATION (IN)
  YESTERDAY        0.33          1.40 1935   0.18   0.15     0.89
  MONTH TO DATE    2.77                      3.70  -0.93     4.33
  SINCE MAR 1     10.86                     12.45  -1.59    12.70
  SINCE JAN 1     21.73                     20.02   1.71    19.28

SNOWFALL (IN)
  YESTERDAY        0.0           0.0    MM   0.0    0.0      0.0
  MONTH TO DATE    0.0                       0.0    0.0      0.0
  SINCE MAR 1      2.6                       1.3    1.3       T
  SINCE JUL 1     11.0                       9.1    1.9      0.7
  SNOW DEPTH       0

DEGREE DAYS
 HEATING
  YESTERDAY        0                         2     -2        0
  MONTH TO DATE    2                        61    -59       56
  SINCE MAR 1    912                       832     80      604
  SINCE JUL 1   3926                      4030   -104     2985

 COOLING
  YESTERDAY       13                         4      9       12
  MONTH TO DATE  170                        57    113       91
  SINCE MAR 1    181                        93     88      181
  SINCE JAN 1    196                        93    103      185
..................................................................


WIND (MPH)
  HIGHEST WIND SPEED    23   HIGHEST WIND DIRECTION    SE (150)
  HIGHEST GUST SPEED    31   HIGHEST GUST DIRECTION    SE (140)
  AVERAGE WIND SPEED     4.9


SKY COVER
  POSSIBLE SUNSHINE  MM
  AVERAGE SKY COVER 0.4


WEATHER CONDITIONS
 THE FOLLOWING WEATHER WAS RECORDED YESTERDAY.
  THUNDERSTORM
  HEAVY RAIN
  LIGHT RAIN
  FOG


RELATIVE HUMIDITY (PERCENT)
 HIGHEST    97          1100 PM
 LOWEST     50          1200 PM
 AVERAGE    74

..........................................................


THE BOWLING GREEN KY CLIMATE NORMALS FOR TODAY
                         NORMAL    RECORD    YEAR
 MAXIMUM TEMPERATURE (F)   79        96      1941
 MINIMUM TEMPERATURE (F)   57        38      1954


SUNRISE AND SUNSET
MAY 21 2018...........SUNRISE   533 AM CDT   SUNSET   752 PM CDT
MAY 22 2018...........SUNRISE   533 AM CDT   SUNSET   753 PM CDT


-  INDICATES NEGATIVE NUMBERS.
R  INDICATES RECORD WAS SET OR TIED.
MM INDICATES DATA IS MISSING.
T  INDICATES TRACE AMOUNT.




$$
