000
CDUS43 KLMK 142033
CLIBWG


CLIMATE REPORT
NATIONAL WEATHER SERVICE LOUISVILLE KY
433 PM EDT SAT APR 14 2018


...................................

...THE BOWLING GREEN CLIMATE SUMMARY FOR APRIL 14 2018...
VALID TODAY AS OF 0400 PM LOCAL TIME.

CLIMATE NORMAL PERIOD 1981 TO 2010
CLIMATE RECORD PERIOD 1870 TO 2018


WEATHER ITEM   OBSERVED TIME   RECORD YEAR NORMAL DEPARTURE LAST
                VALUE   (LST)  VALUE       VALUE  FROM      YEAR
                                                  NORMAL
..................................................................
TEMPERATURE (F)
 TODAY
  MAXIMUM         71    408 AM  88    1919  69      2       86
  MINIMUM         62    936 AM  22    1950  45     17       51
  AVERAGE         67                        57     10       69

PRECIPITATION (IN)
  TODAY            0.46          2.24 1893   0.14   0.32     0.00
  MONTH TO DATE    1.40                      1.89  -0.49     1.24
  SINCE MAR 1      5.66                      6.30  -0.64     5.03
  SINCE JAN 1     16.53                     13.87   2.66    11.61

SNOWFALL (IN)
  TODAY            0.0           0.5  1943   0.0    0.0      0.0
  MONTH TO DATE    0.3                       0.2    0.1      0.0
  SINCE MAR 1      2.6                       1.3    1.3       T
  SINCE JUL 1     11.0                       9.1    1.9      0.7
  SNOW DEPTH       0

DEGREE DAYS
 HEATING
  TODAY            0                         9     -9        0
  MONTH TO DATE  204                       147     57       78
  SINCE MAR 1    747                       667     80      517
  SINCE JUL 1   3761                      3865   -104     2898

 COOLING
  TODAY            2                         1      1        4
  MONTH TO DATE   12                        13     -1       16
  SINCE MAR 1     12                        18     -6       22
  SINCE JAN 1     27                        18      9       26
..................................................................


WIND (MPH)
  HIGHEST WIND SPEED    28   HIGHEST WIND DIRECTION     S (180)
  HIGHEST GUST SPEED    40   HIGHEST GUST DIRECTION     W (280)
  AVERAGE WIND SPEED    14.2


SKY COVER
  POSSIBLE SUNSHINE  MM
  AVERAGE SKY COVER 0.6


WEATHER CONDITIONS
 THE FOLLOWING WEATHER WAS RECORDED TODAY.
  THUNDERSTORM
  HEAVY RAIN
  RAIN
  LIGHT RAIN
  FOG


RELATIVE HUMIDITY (PERCENT)
 HIGHEST    93           900 AM
 LOWEST     44          1200 AM
 AVERAGE    69

..........................................................


THE BOWLING GREEN CLIMATE NORMALS FOR TOMORROW
                         NORMAL    RECORD    YEAR
 MAXIMUM TEMPERATURE (F)   70        88      1936
                                             1931
                                             1924
 MINIMUM TEMPERATURE (F)   45        25      1950


SUNRISE AND SUNSET
APRIL 14 2018.........SUNRISE   613 AM CDT   SUNSET   720 PM CDT
APRIL 15 2018.........SUNRISE   612 AM CDT   SUNSET   721 PM CDT


-  INDICATES NEGATIVE NUMBERS.
R  INDICATES RECORD WAS SET OR TIED.
MM INDICATES DATA IS MISSING.
T  INDICATES TRACE AMOUNT.




$$
