888
CDUS43 KLMK 172039
CLIBWG


CLIMATE REPORT
NATIONAL WEATHER SERVICE LOUISVILLE KY
437 PM EDT THU MAY 17 2018


...................................

...THE BOWLING GREEN CLIMATE SUMMARY FOR MAY 17 2018...
VALID TODAY AS OF 0400 PM LOCAL TIME.

CLIMATE NORMAL PERIOD 1981 TO 2010
CLIMATE RECORD PERIOD 1870 TO 2018


WEATHER ITEM   OBSERVED TIME   RECORD YEAR NORMAL DEPARTURE LAST
                VALUE   (LST)  VALUE       VALUE  FROM      YEAR
                                                  NORMAL
..................................................................
TEMPERATURE (F)
 TODAY
  MAXIMUM         84    200 PM  94    1931  78      6       88
                                      1911
                                      1906
  MINIMUM         63    442 AM  40    1973  55      8       66
                                      1895
  AVERAGE         74                        67      7       77

PRECIPITATION (IN)
  TODAY            0.00          2.48 1980   0.18  -0.18     0.00
  MONTH TO DATE    1.99                      3.18  -1.19     1.75
  SINCE MAR 1     10.08                     11.93  -1.85    10.12
  SINCE JAN 1     20.95                     19.50   1.45    16.70

SNOWFALL (IN)
  TODAY            0.0           0.0    MM   0.0    0.0      0.0
  MONTH TO DATE    0.0                       0.0    0.0      0.0
  SINCE MAR 1      2.6                       1.3    1.3       T
  SINCE JUL 1     11.0                       9.1    1.9      0.7
  SNOW DEPTH       0

DEGREE DAYS
 HEATING
  TODAY            0                         2     -2        0
  MONTH TO DATE    2                        55    -53       56
  SINCE MAR 1    912                       826     86      604
  SINCE JUL 1   3926                      4024    -98     2985

 COOLING
  TODAY            9                         4      5       12
  MONTH TO DATE  135                        45     90       54
  SINCE MAR 1    146                        81     65      144
  SINCE JAN 1    161                        81     80      148
..................................................................


WIND (MPH)
  HIGHEST WIND SPEED    13   HIGHEST WIND DIRECTION    NE (60)
  HIGHEST GUST SPEED    18   HIGHEST GUST DIRECTION     E (90)
  AVERAGE WIND SPEED     5.6


SKY COVER
  POSSIBLE SUNSHINE  MM
  AVERAGE SKY COVER 0.3


WEATHER CONDITIONS
 THE FOLLOWING WEATHER WAS RECORDED TODAY.
  FOG
  FOG W/VISIBILITY <= 1/4 MILE


RELATIVE HUMIDITY (PERCENT)
 HIGHEST   100           300 AM
 LOWEST     58           100 PM
 AVERAGE    79

..........................................................


THE BOWLING GREEN CLIMATE NORMALS FOR TOMORROW
                         NORMAL    RECORD    YEAR
 MAXIMUM TEMPERATURE (F)   78        96      1911
 MINIMUM TEMPERATURE (F)   56        39      1894


SUNRISE AND SUNSET
MAY 17 2018...........SUNRISE   536 AM CDT   SUNSET   749 PM CDT
MAY 18 2018...........SUNRISE   535 AM CDT   SUNSET   749 PM CDT


-  INDICATES NEGATIVE NUMBERS.
R  INDICATES RECORD WAS SET OR TIED.
MM INDICATES DATA IS MISSING.
T  INDICATES TRACE AMOUNT.




$$
