000
CDUS43 KLMK 082030
CLIBWG


CLIMATE REPORT
NATIONAL WEATHER SERVICE LOUISVILLE KY
429 PM EDT SUN APR 8 2018


...................................

...THE BOWLING GREEN CLIMATE SUMMARY FOR APRIL 8 2018...
VALID TODAY AS OF 0400 PM LOCAL TIME.

CLIMATE NORMAL PERIOD 1981 TO 2010
CLIMATE RECORD PERIOD 1870 TO 2018


WEATHER ITEM   OBSERVED TIME   RECORD YEAR NORMAL DEPARTURE LAST
                VALUE   (LST)  VALUE       VALUE  FROM      YEAR
                                                  NORMAL
..................................................................
TEMPERATURE (F)
 TODAY
  MAXIMUM         46    103 PM  86    1978  68    -22       68
                                      1922
  MINIMUM         29    501 AM  23    2007  43    -14       35
  AVERAGE         38                        55    -17       52

PRECIPITATION (IN)
  TODAY            0.00          1.44 1926   0.14  -0.14     0.00
  MONTH TO DATE    0.94                      1.06  -0.12     0.89
  SINCE MAR 1      5.20                      5.47  -0.27     4.68
  SINCE JAN 1     16.07                     13.04   3.03    11.26

SNOWFALL (IN)
  TODAY            0.0           0.0    MM   0.0    0.0      0.0
  MONTH TO DATE    0.3                       0.1    0.2      0.0
  SINCE MAR 1      2.6                       1.2    1.4       T
  SINCE JUL 1     11.0                       9.0    2.0      0.7
  SNOW DEPTH       0

DEGREE DAYS
 HEATING
  TODAY           27                        10     17       13
  MONTH TO DATE  150                        90     60       67
  SINCE MAR 1    693                       610     83      506
  SINCE JUL 1   3707                      3808   -101     2887

 COOLING
  TODAY            0                         1     -1        0
  MONTH TO DATE    0                         7     -7        6
  SINCE MAR 1      0                        12    -12       12
  SINCE JAN 1     15                        12      3       16
..................................................................


WIND (MPH)
  HIGHEST WIND SPEED    12   HIGHEST WIND DIRECTION    NE (50)
  HIGHEST GUST SPEED    17   HIGHEST GUST DIRECTION    NE (50)
  AVERAGE WIND SPEED     4.4


SKY COVER
  POSSIBLE SUNSHINE  MM
  AVERAGE SKY COVER 0.0


WEATHER CONDITIONS
 THE FOLLOWING WEATHER WAS RECORDED TODAY.
  NO SIGNIFICANT WEATHER WAS OBSERVED.


RELATIVE HUMIDITY (PERCENT)
 HIGHEST    75           500 AM
 LOWEST     45          1200 PM
 AVERAGE    60

..........................................................


THE BOWLING GREEN CLIMATE NORMALS FOR TOMORROW
                         NORMAL    RECORD    YEAR
 MAXIMUM TEMPERATURE (F)   68        89      2011
                                             1978
 MINIMUM TEMPERATURE (F)   44        22      1914


SUNRISE AND SUNSET
APRIL  8 2018.........SUNRISE   621 AM CDT   SUNSET   714 PM CDT
APRIL  9 2018.........SUNRISE   620 AM CDT   SUNSET   715 PM CDT


-  INDICATES NEGATIVE NUMBERS.
R  INDICATES RECORD WAS SET OR TIED.
MM INDICATES DATA IS MISSING.
T  INDICATES TRACE AMOUNT.




$$
