313
CDUS43 KLMK 110629
CLIBWG


CLIMATE REPORT
NATIONAL WEATHER SERVICE LOUISVILLE KY
228 AM EDT WED APR 11 2018


...................................

...THE BOWLING GREEN KY CLIMATE SUMMARY FOR APRIL 10 2018...

CLIMATE NORMAL PERIOD 1981 TO 2010
CLIMATE RECORD PERIOD 1870 TO 2018


WEATHER ITEM   OBSERVED TIME   RECORD YEAR NORMAL DEPARTURE LAST
                VALUE   (LST)  VALUE       VALUE  FROM      YEAR
                                                  NORMAL
..................................................................
TEMPERATURE (F)
 YESTERDAY
  MAXIMUM         53    355 PM  90    1995  68    -15       80
  MINIMUM         34   1157 PM  24    1966  44    -10       60
                                      1892
  AVERAGE         44                        56    -12       70

PRECIPITATION (IN)
  YESTERDAY        0.00          1.45 1925   0.14  -0.14     0.00
  MONTH TO DATE    0.94                      1.34  -0.40     0.89
  SINCE MAR 1      5.20                      5.75  -0.55     4.68
  SINCE JAN 1     16.07                     13.32   2.75    11.26

SNOWFALL (IN)
  YESTERDAY        0.0           0.0    MM   0.0    0.0      0.0
  MONTH TO DATE    0.3                       0.1    0.2      0.0
  SINCE MAR 1      2.6                       1.2    1.4       T
  SINCE JUL 1     11.0                       9.0    2.0      0.7
  SNOW DEPTH       0

DEGREE DAYS
 HEATING
  YESTERDAY       21                        10     11        0
  MONTH TO DATE  188                       110     78       72
  SINCE MAR 1    731                       630    101      511
  SINCE JUL 1   3745                      3828    -83     2892

 COOLING
  YESTERDAY        0                         1     -1        5
  MONTH TO DATE    0                         9     -9       11
  SINCE MAR 1      0                        14    -14       17
  SINCE JAN 1     15                        14      1       21
..................................................................


WIND (MPH)
  HIGHEST WIND SPEED    10   HIGHEST WIND DIRECTION    NW (310)
  HIGHEST GUST SPEED    19   HIGHEST GUST DIRECTION    NW (320)
  AVERAGE WIND SPEED     4.6


SKY COVER
  POSSIBLE SUNSHINE  MM
  AVERAGE SKY COVER 0.7


WEATHER CONDITIONS
 THE FOLLOWING WEATHER WAS RECORDED YESTERDAY.
  NO SIGNIFICANT WEATHER WAS OBSERVED.


RELATIVE HUMIDITY (PERCENT)
 HIGHEST    76           200 AM
 LOWEST     50          1100 AM
 AVERAGE    63

..........................................................


THE BOWLING GREEN KY CLIMATE NORMALS FOR TODAY
                         NORMAL    RECORD    YEAR
 MAXIMUM TEMPERATURE (F)   69        92      1930
 MINIMUM TEMPERATURE (F)   44        24      1989
                                             1973


SUNRISE AND SUNSET
APRIL 11 2018.........SUNRISE   617 AM CDT   SUNSET   717 PM CDT
APRIL 12 2018.........SUNRISE   616 AM CDT   SUNSET   718 PM CDT


-  INDICATES NEGATIVE NUMBERS.
R  INDICATES RECORD WAS SET OR TIED.
MM INDICATES DATA IS MISSING.
T  INDICATES TRACE AMOUNT.




$$
