000
CDUS43 KLMK 020628
CLIBWG


CLIMATE REPORT
NATIONAL WEATHER SERVICE LOUISVILLE KY
226 AM EDT MON APR 2 2018


...................................

...THE BOWLING GREEN KY CLIMATE SUMMARY FOR APRIL 1 2018...

CLIMATE NORMAL PERIOD 1981 TO 2010
CLIMATE RECORD PERIOD 1870 TO 2018


WEATHER ITEM   OBSERVED TIME   RECORD YEAR NORMAL DEPARTURE LAST
                VALUE   (LST)  VALUE       VALUE  FROM      YEAR
                                                  NORMAL
..................................................................
TEMPERATURE (F)
 YESTERDAY
  MAXIMUM         54    441 PM  87    1940  65    -11       58
                                      1905
  MINIMUM         43   1159 PM  19    1923  41      2       41
  AVERAGE         49                        53     -4       50

PRECIPITATION (IN)
  YESTERDAY        0.15          3.22 1970   0.13   0.02     0.00
  MONTH TO DATE    0.15                      0.13   0.02     0.00
  SINCE MAR 1      4.41                      4.54  -0.13     3.79
  SINCE JAN 1     15.28                     12.11   3.17    10.37

SNOWFALL (IN)
  YESTERDAY        0.0           0.0    MM   0.0    0.0      0.0
  MONTH TO DATE    0.0                       0.0    0.0      0.0
  SINCE MAR 1      2.3                       1.1    1.2       T
  SINCE JUL 1     10.7                       8.9    1.8      0.7
  SNOW DEPTH       0

DEGREE DAYS
 HEATING
  YESTERDAY       16                        12      4       15
  MONTH TO DATE   16                        12      4       15
  SINCE MAR 1    559                       532     27      454
  SINCE JUL 1   3573                      3730   -157     2835

 COOLING
  YESTERDAY        0                         0      0        0
  MONTH TO DATE    0                         0      0        0
  SINCE MAR 1      0                         5     -5        6
  SINCE JAN 1     15                         5     10       10
..................................................................


WIND (MPH)
  HIGHEST WIND SPEED    12   HIGHEST WIND DIRECTION     N (20)
  HIGHEST GUST SPEED    21   HIGHEST GUST DIRECTION     N (350)
  AVERAGE WIND SPEED     4.7


SKY COVER
  POSSIBLE SUNSHINE  MM
  AVERAGE SKY COVER 1.0


WEATHER CONDITIONS
 THE FOLLOWING WEATHER WAS RECORDED YESTERDAY.
  LIGHT RAIN
  FOG


RELATIVE HUMIDITY (PERCENT)
 HIGHEST   100           500 AM
 LOWEST     83          1200 PM
 AVERAGE    92

..........................................................


THE BOWLING GREEN KY CLIMATE NORMALS FOR TODAY
                         NORMAL    RECORD    YEAR
 MAXIMUM TEMPERATURE (F)   66        88      1946
 MINIMUM TEMPERATURE (F)   42        23      1924


SUNRISE AND SUNSET
APRIL  2 2018.........SUNRISE   630 AM CDT   SUNSET   709 PM CDT
APRIL  3 2018.........SUNRISE   629 AM CDT   SUNSET   710 PM CDT


-  INDICATES NEGATIVE NUMBERS.
R  INDICATES RECORD WAS SET OR TIED.
MM INDICATES DATA IS MISSING.
T  INDICATES TRACE AMOUNT.




$$
