000
CDUS43 KLMK 292036
CLIBWG


CLIMATE REPORT
NATIONAL WEATHER SERVICE LOUISVILLE KY
436 PM EDT THU MAR 29 2018


...................................

...THE BOWLING GREEN CLIMATE SUMMARY FOR MARCH 29 2018...
VALID TODAY AS OF 0400 PM LOCAL TIME.

CLIMATE NORMAL PERIOD 1981 TO 2010
CLIMATE RECORD PERIOD 1870 TO 2018


WEATHER ITEM   OBSERVED TIME   RECORD YEAR NORMAL DEPARTURE LAST
                VALUE   (LST)  VALUE       VALUE  FROM      YEAR
                                                  NORMAL
..................................................................
TEMPERATURE (F)
 TODAY
  MAXIMUM         63        MM  89    1910  64     -1       76
  MINIMUM         59        MM  15    1887  40     19       50
  AVERAGE         61                        52      9       63

PRECIPITATION (IN)
  TODAY            0.51          4.03 1976   0.16   0.35     0.00
  MONTH TO DATE    3.99                      4.11  -0.12     3.50
  SINCE MAR 1      3.99                      4.11  -0.12     3.50
  SINCE JAN 1     14.86                     11.68   3.18    10.08

SNOWFALL (IN)
  TODAY            0.0           2.0  1894   0.0    0.0      0.0
  MONTH TO DATE    2.3                       1.0    1.3       T
  SINCE MAR 1      2.3                       1.0    1.3       T
  SINCE JUL 1     10.7                       8.8    1.9      0.7
  SNOW DEPTH       0

DEGREE DAYS
 HEATING
  TODAY            4                        13     -9        2
  MONTH TO DATE  509                       495     14      427
  SINCE MAR 1    509                       495     14      427
  SINCE JUL 1   3523                      3693   -170     2808

 COOLING
  TODAY            0                         0      0        0
  MONTH TO DATE    0                         0      0        5
  SINCE MAR 1      0                         0      0        5
  SINCE JAN 1     15                         0     15        9
..................................................................


WIND (MPH)
  HIGHEST WIND SPEED    15   HIGHEST WIND DIRECTION    SE (150)
  HIGHEST GUST SPEED    MM   HIGHEST GUST DIRECTION    MM
  AVERAGE WIND SPEED     8.7


SKY COVER
  POSSIBLE SUNSHINE  MM
  AVERAGE SKY COVER 1.0


WEATHER CONDITIONS
 THE FOLLOWING WEATHER WAS RECORDED TODAY.
  RAIN
  LIGHT RAIN
  FOG


RELATIVE HUMIDITY (PERCENT)
 HIGHEST   100          1200 AM
 LOWEST     93          1100 AM
 AVERAGE    97

..........................................................


THE BOWLING GREEN CLIMATE NORMALS FOR TOMORROW
                         NORMAL    RECORD    YEAR
 MAXIMUM TEMPERATURE (F)   65        87      1910
 MINIMUM TEMPERATURE (F)   41        22      1964


SUNRISE AND SUNSET
MARCH 29 2018.........SUNRISE   636 AM CDT   SUNSET   706 PM CDT
MARCH 30 2018.........SUNRISE   634 AM CDT   SUNSET   706 PM CDT


-  INDICATES NEGATIVE NUMBERS.
R  INDICATES RECORD WAS SET OR TIED.
MM INDICATES DATA IS MISSING.
T  INDICATES TRACE AMOUNT.




$$
