000
CDUS43 KLMK 272031
CLIBWG


CLIMATE REPORT
NATIONAL WEATHER SERVICE LOUISVILLE KY
430 PM EDT TUE MAR 27 2018


...................................

...THE BOWLING GREEN CLIMATE SUMMARY FOR MARCH 27 2018...
VALID TODAY AS OF 0400 PM LOCAL TIME.

CLIMATE NORMAL PERIOD 1981 TO 2010
CLIMATE RECORD PERIOD 1870 TO 2018


WEATHER ITEM   OBSERVED TIME   RECORD YEAR NORMAL DEPARTURE LAST
                VALUE   (LST)  VALUE       VALUE  FROM      YEAR
                                                  NORMAL
..................................................................
TEMPERATURE (F)
 TODAY
  MAXIMUM         69    200 PM  90    1910  64      5       77
  MINIMUM         53        MM  15    1955  40     13       49
                                      1947
  AVERAGE         61                        52      9       63

PRECIPITATION (IN)
  TODAY            0.00          2.38 1932   0.15  -0.15     0.77
  MONTH TO DATE    2.52                      3.80  -1.28     3.50
  SINCE MAR 1      2.52                      3.80  -1.28     3.50
  SINCE JAN 1     13.39                     11.37   2.02    10.08

SNOWFALL (IN)
  TODAY            0.0           7.4  1947   0.1   -0.1      0.0
  MONTH TO DATE    2.3                       1.0    1.3       T
  SINCE MAR 1      2.3                       1.0    1.3       T
  SINCE JUL 1     10.7                       8.8    1.9      0.7
  SNOW DEPTH       0

DEGREE DAYS
 HEATING
  TODAY            4                        13     -9        2
  MONTH TO DATE  505                       469     36      420
  SINCE MAR 1    505                       469     36      420
  SINCE JUL 1   3519                      3667   -148     2801

 COOLING
  TODAY            0                         0      0        0
  MONTH TO DATE    0                         0      0        5
  SINCE MAR 1      0                         0      0        5
  SINCE JAN 1     15                         0     15        9
..................................................................


WIND (MPH)
  HIGHEST WIND SPEED    24   HIGHEST WIND DIRECTION     S (190)
  HIGHEST GUST SPEED    33   HIGHEST GUST DIRECTION     S (180)
  AVERAGE WIND SPEED    17.2


SKY COVER
  POSSIBLE SUNSHINE  MM
  AVERAGE SKY COVER 0.9


WEATHER CONDITIONS
 THE FOLLOWING WEATHER WAS RECORDED TODAY.
  NO SIGNIFICANT WEATHER WAS OBSERVED.


RELATIVE HUMIDITY (PERCENT)
 HIGHEST    77           600 AM
 LOWEST     57           200 PM
 AVERAGE    67

..........................................................


THE BOWLING GREEN CLIMATE NORMALS FOR TOMORROW
                         NORMAL    RECORD    YEAR
 MAXIMUM TEMPERATURE (F)   64        89      1907
 MINIMUM TEMPERATURE (F)   40         4      1947


SUNRISE AND SUNSET
MARCH 27 2018.........SUNRISE   639 AM CDT   SUNSET   704 PM CDT
MARCH 28 2018.........SUNRISE   637 AM CDT   SUNSET   705 PM CDT


-  INDICATES NEGATIVE NUMBERS.
R  INDICATES RECORD WAS SET OR TIED.
MM INDICATES DATA IS MISSING.
T  INDICATES TRACE AMOUNT.




$$
