000
CDUS43 KLMK 202029
CLIBWG


CLIMATE REPORT
NATIONAL WEATHER SERVICE LOUISVILLE KY
429 PM EDT FRI APR 20 2018


...................................

...THE BOWLING GREEN CLIMATE SUMMARY FOR APRIL 20 2018...
VALID TODAY AS OF 0400 PM LOCAL TIME.

CLIMATE NORMAL PERIOD 1981 TO 2010
CLIMATE RECORD PERIOD 1870 TO 2018


WEATHER ITEM   OBSERVED TIME   RECORD YEAR NORMAL DEPARTURE LAST
                VALUE   (LST)  VALUE       VALUE  FROM      YEAR
                                                  NORMAL
..................................................................
TEMPERATURE (F)
 TODAY
  MAXIMUM         64    200 PM  87    1964  71     -7       84
  MINIMUM         33    456 AM  28    1983  47    -14       65
                                      1926
  AVERAGE         49                        59    -10       75

PRECIPITATION (IN)
  TODAY            0.00          1.86 1995   0.16  -0.16     0.04
  MONTH TO DATE    2.52                      2.76  -0.24     2.41
  SINCE MAR 1      6.78                      7.17  -0.39     6.20
  SINCE JAN 1     17.65                     14.74   2.91    12.78

SNOWFALL (IN)
  TODAY            0.0           5.0  1904   0.0    0.0      0.0
  MONTH TO DATE    0.3                       0.2    0.1      0.0
  SINCE MAR 1      2.6                       1.3    1.3       T
  SINCE JUL 1     11.0                       9.1    1.9      0.7
  SNOW DEPTH       0

DEGREE DAYS
 HEATING
  TODAY           16                         7      9        0
  MONTH TO DATE  303                       193    110       78
  SINCE MAR 1    846                       713    133      517
  SINCE JUL 1   3860                      3911    -51     2898

 COOLING
  TODAY            0                         1     -1       10
  MONTH TO DATE   11                        19     -8       55
  SINCE MAR 1     11                        24    -13       61
  SINCE JAN 1     26                        24      2       65
..................................................................


WIND (MPH)
  HIGHEST WIND SPEED    16   HIGHEST WIND DIRECTION     E (90)
  HIGHEST GUST SPEED    23   HIGHEST GUST DIRECTION     E (80)
  AVERAGE WIND SPEED     5.5


SKY COVER
  POSSIBLE SUNSHINE  MM
  AVERAGE SKY COVER 0.0


WEATHER CONDITIONS
 THE FOLLOWING WEATHER WAS RECORDED TODAY.
  NO SIGNIFICANT WEATHER WAS OBSERVED.


RELATIVE HUMIDITY (PERCENT)
 HIGHEST    92           100 AM
 LOWEST     26           200 PM
 AVERAGE    59

..........................................................


THE BOWLING GREEN CLIMATE NORMALS FOR TOMORROW
                         NORMAL    RECORD    YEAR
 MAXIMUM TEMPERATURE (F)   71        89      1963
 MINIMUM TEMPERATURE (F)   47        24      1888


SUNRISE AND SUNSET
APRIL 20 2018.........SUNRISE   605 AM CDT   SUNSET   725 PM CDT
APRIL 21 2018.........SUNRISE   604 AM CDT   SUNSET   726 PM CDT


-  INDICATES NEGATIVE NUMBERS.
R  INDICATES RECORD WAS SET OR TIED.
MM INDICATES DATA IS MISSING.
T  INDICATES TRACE AMOUNT.




$$
