000
CDUS43 KLMK 170630
CLIBWG


CLIMATE REPORT
NATIONAL WEATHER SERVICE LOUISVILLE KY
227 AM EDT TUE APR 17 2018


...................................

...THE BOWLING GREEN KY CLIMATE SUMMARY FOR APRIL 16 2018...

CLIMATE NORMAL PERIOD 1981 TO 2010
CLIMATE RECORD PERIOD 1870 TO 2018


WEATHER ITEM   OBSERVED TIME   RECORD YEAR NORMAL DEPARTURE LAST
                VALUE   (LST)  VALUE       VALUE  FROM      YEAR
                                                  NORMAL
..................................................................
TEMPERATURE (F)
 YESTERDAY
  MAXIMUM         40   1206 AM  89    1924  70    -30       81
  MINIMUM         30   1157 PM  27    2014  46    -16       63
                                      1928
  AVERAGE         35                        58    -23       72

PRECIPITATION (IN)
  YESTERDAY        T             2.47 1947   0.14  -0.14     0.64
  MONTH TO DATE    2.52                      2.16   0.36     1.88
  SINCE MAR 1      6.78                      6.57   0.21     5.67
  SINCE JAN 1     17.65                     14.14   3.51    12.25

SNOWFALL (IN)
  YESTERDAY        T   R         0.0    MM   0.0    0.0      0.0
  MONTH TO DATE    0.3                       0.2    0.1      0.0
  SINCE MAR 1      2.6                       1.3    1.3       T
  SINCE JUL 1     11.0                       9.1    1.9      0.7
  SNOW DEPTH       0

DEGREE DAYS
 HEATING
  YESTERDAY       30                         8     22        0
  MONTH TO DATE  248                       163     85       78
  SINCE MAR 1    791                       683    108      517
  SINCE JUL 1   3805                      3881    -76     2898

 COOLING
  YESTERDAY        0                         1     -1        7
  MONTH TO DATE   11                        15     -4       28
  SINCE MAR 1     11                        20     -9       34
  SINCE JAN 1     26                        20      6       38
..................................................................


WIND (MPH)
  HIGHEST WIND SPEED    22   HIGHEST WIND DIRECTION     W (270)
  HIGHEST GUST SPEED    31   HIGHEST GUST DIRECTION     W (290)
  AVERAGE WIND SPEED     9.9


SKY COVER
  POSSIBLE SUNSHINE  MM
  AVERAGE SKY COVER 0.8


WEATHER CONDITIONS
 THE FOLLOWING WEATHER WAS RECORDED YESTERDAY.
  LIGHT SNOW
  FOG


RELATIVE HUMIDITY (PERCENT)
 HIGHEST    89           300 AM
 LOWEST     54           600 PM
 AVERAGE    72

..........................................................


THE BOWLING GREEN KY CLIMATE NORMALS FOR TODAY
                         NORMAL    RECORD    YEAR
 MAXIMUM TEMPERATURE (F)   70        90      1955
                                             1914
                                             1909
 MINIMUM TEMPERATURE (F)   46        18      1875


SUNRISE AND SUNSET
APRIL 17 2018.........SUNRISE   609 AM CDT   SUNSET   722 PM CDT
APRIL 18 2018.........SUNRISE   608 AM CDT   SUNSET   723 PM CDT


-  INDICATES NEGATIVE NUMBERS.
R  INDICATES RECORD WAS SET OR TIED.
MM INDICATES DATA IS MISSING.
T  INDICATES TRACE AMOUNT.

$$

BJS
