594
CDUS43 KLMK 232056
CLIBWG


CLIMATE REPORT
NATIONAL WEATHER SERVICE LOUISVILLE KY
446 PM EDT WED MAY 23 2018


...................................

...THE BOWLING GREEN CLIMATE SUMMARY FOR MAY 23 2018...
VALID TODAY AS OF 0400 PM LOCAL TIME.

CLIMATE NORMAL PERIOD 1981 TO 2010
CLIMATE RECORD PERIOD 1870 TO 2018


WEATHER ITEM   OBSERVED TIME   RECORD YEAR NORMAL DEPARTURE LAST
                VALUE   (LST)  VALUE       VALUE  FROM      YEAR
                                                  NORMAL
..................................................................
TEMPERATURE (F)
 TODAY
  MAXIMUM         86    200 PM  96    1921  80      6       78
  MINIMUM         65        MM  38    1889  57      8       60
  AVERAGE         76                        68      8       69

PRECIPITATION (IN)
  TODAY            0.00          1.00 1984   0.18  -0.18     0.00
  MONTH TO DATE    3.43                      4.22  -0.79     4.40
  SINCE MAR 1     11.52                     12.97  -1.45    12.77
  SINCE JAN 1     22.39                     20.54   1.85    19.35

SNOWFALL (IN)
  TODAY            0.0           0.0    MM   0.0    0.0      0.0
  MONTH TO DATE    0.0                       0.0    0.0      0.0
  SINCE MAR 1      2.6                       1.3    1.3       T
  SINCE JUL 1     11.0                       9.1    1.9      0.7
  SNOW DEPTH       0

DEGREE DAYS
 HEATING
  TODAY            0                         1     -1        0
  MONTH TO DATE    2                        66    -64       57
  SINCE MAR 1    912                       837     75      605
  SINCE JUL 1   3926                      4035   -109     2986

 COOLING
  TODAY           11                         5      6        4
  MONTH TO DATE  204                        72    132      104
  SINCE MAR 1    215                       108    107      194
  SINCE JAN 1    230                       108    122      198
..................................................................


WIND (MPH)
  HIGHEST WIND SPEED     6   HIGHEST WIND DIRECTION     E (90)
  HIGHEST GUST SPEED    MM   HIGHEST GUST DIRECTION    MM
  AVERAGE WIND SPEED     2.1


SKY COVER
  POSSIBLE SUNSHINE  MM
  AVERAGE SKY COVER 0.4


WEATHER CONDITIONS
 THE FOLLOWING WEATHER WAS RECORDED TODAY.
  FOG


RELATIVE HUMIDITY (PERCENT)
 HIGHEST   100           100 AM
 LOWEST     48           200 PM
 AVERAGE    74

..........................................................


THE BOWLING GREEN CLIMATE NORMALS FOR TOMORROW
                         NORMAL    RECORD    YEAR
 MAXIMUM TEMPERATURE (F)   80        96      1912
 MINIMUM TEMPERATURE (F)   57        39      1931
                                             1893


SUNRISE AND SUNSET
MAY 23 2018...........SUNRISE   532 AM CDT   SUNSET   753 PM CDT
MAY 24 2018...........SUNRISE   531 AM CDT   SUNSET   754 PM CDT


-  INDICATES NEGATIVE NUMBERS.
R  INDICATES RECORD WAS SET OR TIED.
MM INDICATES DATA IS MISSING.
T  INDICATES TRACE AMOUNT.




$$
