000
CDUS43 KLMK 112034
CLIBWG


CLIMATE REPORT
NATIONAL WEATHER SERVICE LOUISVILLE KY
433 PM EDT FRI MAY 11 2018


...................................

...THE BOWLING GREEN CLIMATE SUMMARY FOR MAY 11 2018...
VALID TODAY AS OF 0400 PM LOCAL TIME.

CLIMATE NORMAL PERIOD 1981 TO 2010
CLIMATE RECORD PERIOD 1870 TO 2018


WEATHER ITEM   OBSERVED TIME   RECORD YEAR NORMAL DEPARTURE LAST
                VALUE   (LST)  VALUE       VALUE  FROM      YEAR
                                                  NORMAL
..................................................................
TEMPERATURE (F)
 TODAY
  MAXIMUM         88    207 PM  94    1936  76     12       85
                                      1922
  MINIMUM         70    519 AM  32    1885  54     16       69
  AVERAGE         79                        65     14       77

PRECIPITATION (IN)
  TODAY            0.00          1.54 1894   0.18  -0.18      T
  MONTH TO DATE    1.99                      2.03  -0.04     1.13
  SINCE MAR 1     10.08                     10.78  -0.70     9.50
  SINCE JAN 1     20.95                     18.35   2.60    16.08

SNOWFALL (IN)
  TODAY            0.0           0.0    MM   0.0    0.0      0.0
  MONTH TO DATE    0.0                       0.0    0.0      0.0
  SINCE MAR 1      2.6                       1.3    1.3       T
  SINCE JUL 1     11.0                       9.1    1.9      0.7
  SNOW DEPTH       0

DEGREE DAYS
 HEATING
  TODAY            0                         3     -3        0
  MONTH TO DATE    2                        40    -38       56
  SINCE MAR 1    912                       811    101      604
  SINCE JUL 1   3926                      4009    -83     2985

 COOLING
  TODAY           14                         3     11       12
  MONTH TO DATE   63                        25     38       26
  SINCE MAR 1     74                        61     13      116
  SINCE JAN 1     89                        61     28      120
..................................................................


WIND (MPH)
  HIGHEST WIND SPEED    21   HIGHEST WIND DIRECTION    SW (220)
  HIGHEST GUST SPEED    27   HIGHEST GUST DIRECTION    SW (220)
  AVERAGE WIND SPEED     9.2


SKY COVER
  POSSIBLE SUNSHINE  MM
  AVERAGE SKY COVER 0.0


WEATHER CONDITIONS
 THE FOLLOWING WEATHER WAS RECORDED TODAY.
  NO SIGNIFICANT WEATHER WAS OBSERVED.


RELATIVE HUMIDITY (PERCENT)
 HIGHEST    79          1200 AM
 LOWEST     40           100 PM
 AVERAGE    60

..........................................................


THE BOWLING GREEN CLIMATE NORMALS FOR TOMORROW
                         NORMAL    RECORD    YEAR
 MAXIMUM TEMPERATURE (F)   77        93      1914
 MINIMUM TEMPERATURE (F)   54        37      1951


SUNRISE AND SUNSET
MAY 11 2018...........SUNRISE   541 AM CDT   SUNSET   743 PM CDT
MAY 12 2018...........SUNRISE   540 AM CDT   SUNSET   744 PM CDT


-  INDICATES NEGATIVE NUMBERS.
R  INDICATES RECORD WAS SET OR TIED.
MM INDICATES DATA IS MISSING.
T  INDICATES TRACE AMOUNT.




$$
