173
CDUS43 KLMK 140627
CLIBWG


CLIMATE REPORT
NATIONAL WEATHER SERVICE LOUISVILLE KY
226 AM EDT MON MAY 14 2018


...................................

...THE BOWLING GREEN KY CLIMATE SUMMARY FOR MAY 13 2018...

CLIMATE NORMAL PERIOD 1981 TO 2010
CLIMATE RECORD PERIOD 1870 TO 2018


WEATHER ITEM   OBSERVED TIME   RECORD YEAR NORMAL DEPARTURE LAST
                VALUE   (LST)  VALUE       VALUE  FROM      YEAR
                                                  NORMAL
..................................................................
TEMPERATURE (F)
 YESTERDAY
  MAXIMUM         89    307 PM  96    1916  77     12       76
  MINIMUM         61    459 AM  35    1895  54      7       53
  AVERAGE         75                        66      9       65

PRECIPITATION (IN)
  YESTERDAY        0.00          2.40 1922   0.19  -0.19     0.00
  MONTH TO DATE    1.99                      2.42  -0.43     1.75
  SINCE MAR 1     10.08                     11.17  -1.09    10.12
  SINCE JAN 1     20.95                     18.74   2.21    16.70

SNOWFALL (IN)
  YESTERDAY        0.0           0.0    MM   0.0    0.0      0.0
  MONTH TO DATE    0.0                       0.0    0.0      0.0
  SINCE MAR 1      2.6                       1.3    1.3       T
  SINCE JUL 1     11.0                       9.1    1.9      0.7
  SNOW DEPTH       0

DEGREE DAYS
 HEATING
  YESTERDAY        0                         3     -3        0
  MONTH TO DATE    2                        46    -44       56
  SINCE MAR 1    912                       817     95      604
  SINCE JUL 1   3926                      4015    -89     2985

 COOLING
  YESTERDAY       10                         3      7        0
  MONTH TO DATE   85                        31     54       26
  SINCE MAR 1     96                        67     29      116
  SINCE JAN 1    111                        67     44      120
..................................................................


WIND (MPH)
  HIGHEST WIND SPEED    16   HIGHEST WIND DIRECTION    SW (230)
  HIGHEST GUST SPEED    22   HIGHEST GUST DIRECTION    SW (230)
  AVERAGE WIND SPEED     5.4


SKY COVER
  POSSIBLE SUNSHINE  MM
  AVERAGE SKY COVER 0.1


WEATHER CONDITIONS
 THE FOLLOWING WEATHER WAS RECORDED YESTERDAY.
  FOG


RELATIVE HUMIDITY (PERCENT)
 HIGHEST    93           100 AM
 LOWEST     43          1200 PM
 AVERAGE    68

..........................................................


THE BOWLING GREEN KY CLIMATE NORMALS FOR TODAY
                         NORMAL    RECORD    YEAR
 MAXIMUM TEMPERATURE (F)   77        96      1916
 MINIMUM TEMPERATURE (F)   54        37      1910


SUNRISE AND SUNSET
MAY 14 2018...........SUNRISE   539 AM CDT   SUNSET   746 PM CDT
MAY 15 2018...........SUNRISE   538 AM CDT   SUNSET   747 PM CDT


-  INDICATES NEGATIVE NUMBERS.
R  INDICATES RECORD WAS SET OR TIED.
MM INDICATES DATA IS MISSING.
T  INDICATES TRACE AMOUNT.




$$
