000
CDUS43 KLMK 040628
CLIBWG


CLIMATE REPORT
NATIONAL WEATHER SERVICE LOUISVILLE KY
228 AM EDT WED APR 4 2018


...................................

...THE BOWLING GREEN KY CLIMATE SUMMARY FOR APRIL 3 2018...

CLIMATE NORMAL PERIOD 1981 TO 2010
CLIMATE RECORD PERIOD 1870 TO 2018


WEATHER ITEM   OBSERVED TIME   RECORD YEAR NORMAL DEPARTURE LAST
                VALUE   (LST)  VALUE       VALUE  FROM      YEAR
                                                  NORMAL
..................................................................
TEMPERATURE (F)
 YESTERDAY
  MAXIMUM         79    205 PM  85    1940  66     13       74
                                      1934
  MINIMUM         47   1159 PM  25    1992  42      5       61
  AVERAGE         63                        54      9       68

PRECIPITATION (IN)
  YESTERDAY        0.48          1.80 2008   0.13   0.35     0.13
  MONTH TO DATE    0.76                      0.40   0.36     0.13
  SINCE MAR 1      5.02                      4.81   0.21     3.92
  SINCE JAN 1     15.89                     12.38   3.51    10.50

SNOWFALL (IN)
  YESTERDAY        0.0           0.3  1936   0.0    0.0      0.0
  MONTH TO DATE    0.0                       0.0    0.0      0.0
  SINCE MAR 1      2.3                       1.1    1.2       T
  SINCE JUL 1     10.7                       8.9    1.8      0.7
  SNOW DEPTH       0

DEGREE DAYS
 HEATING
  YESTERDAY        2                        12    -10        0
  MONTH TO DATE   36                        36      0       23
  SINCE MAR 1    579                       556     23      462
  SINCE JUL 1   3593                      3754   -161     2843

 COOLING
  YESTERDAY        0                         1     -1        3
  MONTH TO DATE    0                         2     -2        3
  SINCE MAR 1      0                         7     -7        9
  SINCE JAN 1     15                         7      8       13
..................................................................


WIND (MPH)
  HIGHEST WIND SPEED    28   HIGHEST WIND DIRECTION     S (190)
  HIGHEST GUST SPEED    39   HIGHEST GUST DIRECTION     S (160)
  AVERAGE WIND SPEED    13.0


SKY COVER
  POSSIBLE SUNSHINE  MM
  AVERAGE SKY COVER 0.6


WEATHER CONDITIONS
 THE FOLLOWING WEATHER WAS RECORDED YESTERDAY.
  THUNDERSTORM
  RAIN
  LIGHT RAIN
  FOG


RELATIVE HUMIDITY (PERCENT)
 HIGHEST   100           200 AM
 LOWEST     47           600 PM
 AVERAGE    74

..........................................................


THE BOWLING GREEN KY CLIMATE NORMALS FOR TODAY
                         NORMAL    RECORD    YEAR
 MAXIMUM TEMPERATURE (F)   66        86      1934
                                             1909
 MINIMUM TEMPERATURE (F)   42        26      1904


SUNRISE AND SUNSET
APRIL  4 2018.........SUNRISE   627 AM CDT   SUNSET   711 PM CDT
APRIL  5 2018.........SUNRISE   626 AM CDT   SUNSET   712 PM CDT


-  INDICATES NEGATIVE NUMBERS.
R  INDICATES RECORD WAS SET OR TIED.
MM INDICATES DATA IS MISSING.
T  INDICATES TRACE AMOUNT.




$$
