000
CDUS43 KLMK 080626
CLIBWG


CLIMATE REPORT
NATIONAL WEATHER SERVICE LOUISVILLE KY
226 AM EDT TUE MAY 8 2018


...................................

...THE BOWLING GREEN KY CLIMATE SUMMARY FOR MAY 7 2018...

CLIMATE NORMAL PERIOD 1981 TO 2010
CLIMATE RECORD PERIOD 1870 TO 2018


WEATHER ITEM   OBSERVED TIME   RECORD YEAR NORMAL DEPARTURE LAST
                VALUE   (LST)  VALUE       VALUE  FROM      YEAR
                                                  NORMAL
..................................................................
TEMPERATURE (F)
 YESTERDAY
  MAXIMUM         80    303 PM  92    1940  75      5       72
                                      1916
                                      1894
  MINIMUM         54    521 AM  32    1891  52      2       38
  AVERAGE         67                        64      3       55

PRECIPITATION (IN)
  YESTERDAY        0.00          3.05 1984   0.19  -0.19     0.00
  MONTH TO DATE    1.93                      1.29   0.64     1.13
  SINCE MAR 1     10.02                     10.04  -0.02     9.50
  SINCE JAN 1     20.89                     17.61   3.28    16.08

SNOWFALL (IN)
  YESTERDAY        0.0           0.0    MM   0.0    0.0      0.0
  MONTH TO DATE    0.0                       0.0    0.0      0.0
  SINCE MAR 1      2.6                       1.3    1.3       T
  SINCE JUL 1     11.0                       9.1    1.9      0.7
  SNOW DEPTH       0

DEGREE DAYS
 HEATING
  YESTERDAY        0                         3     -3       10
  MONTH TO DATE    2                        28    -26       51
  SINCE MAR 1    912                       799    113      599
  SINCE JUL 1   3926                      3997    -71     2980

 COOLING
  YESTERDAY        2                         2      0        0
  MONTH TO DATE   32                        14     18        0
  SINCE MAR 1     43                        50     -7       90
  SINCE JAN 1     58                        50      8       94
..................................................................


WIND (MPH)
  HIGHEST WIND SPEED    13   HIGHEST WIND DIRECTION    NW (300)
  HIGHEST GUST SPEED    19   HIGHEST GUST DIRECTION    NW (310)
  AVERAGE WIND SPEED     2.7


SKY COVER
  POSSIBLE SUNSHINE  MM
  AVERAGE SKY COVER 0.0


WEATHER CONDITIONS
 THE FOLLOWING WEATHER WAS RECORDED YESTERDAY.
  FOG
  FOG W/VISIBILITY <= 1/4 MILE


RELATIVE HUMIDITY (PERCENT)
 HIGHEST   100           200 AM
 LOWEST     32           400 PM
 AVERAGE    66

..........................................................


THE BOWLING GREEN KY CLIMATE NORMALS FOR TODAY
                         NORMAL    RECORD    YEAR
 MAXIMUM TEMPERATURE (F)   76        93      1936
 MINIMUM TEMPERATURE (F)   53        34      1885


SUNRISE AND SUNSET
MAY  8 2018...........SUNRISE   544 AM CDT   SUNSET   741 PM CDT
MAY  9 2018...........SUNRISE   543 AM CDT   SUNSET   742 PM CDT


-  INDICATES NEGATIVE NUMBERS.
R  INDICATES RECORD WAS SET OR TIED.
MM INDICATES DATA IS MISSING.
T  INDICATES TRACE AMOUNT.




$$
