000
CDUS43 KLMK 122033
CLIBWG


CLIMATE REPORT
NATIONAL WEATHER SERVICE LOUISVILLE KY
433 PM EDT THU APR 12 2018


...................................

...THE BOWLING GREEN CLIMATE SUMMARY FOR APRIL 12 2018...
VALID TODAY AS OF 0400 PM LOCAL TIME.

CLIMATE NORMAL PERIOD 1981 TO 2010
CLIMATE RECORD PERIOD 1870 TO 2018


WEATHER ITEM   OBSERVED TIME   RECORD YEAR NORMAL DEPARTURE LAST
                VALUE   (LST)  VALUE       VALUE  FROM      YEAR
                                                  NORMAL
..................................................................
TEMPERATURE (F)
 TODAY
  MAXIMUM         80    100 PM  94    1906  69     11       76
  MINIMUM         54        MM  26    1940  45      9       46
  AVERAGE         67                        57     10       61

PRECIPITATION (IN)
  TODAY            0.00          3.01 1948   0.14  -0.14     0.00
  MONTH TO DATE    0.94                      1.62  -0.68     1.24
  SINCE MAR 1      5.20                      6.03  -0.83     5.03
  SINCE JAN 1     16.07                     13.60   2.47    11.61

SNOWFALL (IN)
  TODAY            0.0           0.0    MM   0.1   -0.1      0.0
  MONTH TO DATE    0.3                       0.2    0.1      0.0
  SINCE MAR 1      2.6                       1.3    1.3       T
  SINCE JUL 1     11.0                       9.1    1.9      0.7
  SNOW DEPTH       0

DEGREE DAYS
 HEATING
  TODAY            0                         9     -9        4
  MONTH TO DATE  204                       129     75       76
  SINCE MAR 1    747                       649     98      515
  SINCE JUL 1   3761                      3847    -86     2896

 COOLING
  TODAY            2                         1      1        0
  MONTH TO DATE    2                        11     -9       12
  SINCE MAR 1      2                        16    -14       18
  SINCE JAN 1     17                        16      1       22
..................................................................


WIND (MPH)
  HIGHEST WIND SPEED    24   HIGHEST WIND DIRECTION     S (200)
  HIGHEST GUST SPEED    37   HIGHEST GUST DIRECTION     S (200)
  AVERAGE WIND SPEED    14.6


SKY COVER
  POSSIBLE SUNSHINE  MM
  AVERAGE SKY COVER 0.0


WEATHER CONDITIONS
 THE FOLLOWING WEATHER WAS RECORDED TODAY.
  NO SIGNIFICANT WEATHER WAS OBSERVED.


RELATIVE HUMIDITY (PERCENT)
 HIGHEST    55           600 AM
 LOWEST     23           100 PM
 AVERAGE    39

..........................................................


THE BOWLING GREEN CLIMATE NORMALS FOR TOMORROW
                         NORMAL    RECORD    YEAR
 MAXIMUM TEMPERATURE (F)   69        91      1930
 MINIMUM TEMPERATURE (F)   45        24      1950


SUNRISE AND SUNSET
APRIL 12 2018.........SUNRISE   616 AM CDT   SUNSET   718 PM CDT
APRIL 13 2018.........SUNRISE   614 AM CDT   SUNSET   719 PM CDT


-  INDICATES NEGATIVE NUMBERS.
R  INDICATES RECORD WAS SET OR TIED.
MM INDICATES DATA IS MISSING.
T  INDICATES TRACE AMOUNT.




$$
