000
CDUS43 KLMK 192033
CLIBWG


CLIMATE REPORT
NATIONAL WEATHER SERVICE LOUISVILLE KY
433 PM EDT THU APR 19 2018


...................................

...THE BOWLING GREEN CLIMATE SUMMARY FOR APRIL 19 2018...
VALID TODAY AS OF 0400 PM LOCAL TIME.

CLIMATE NORMAL PERIOD 1981 TO 2010
CLIMATE RECORD PERIOD 1870 TO 2018


WEATHER ITEM   OBSERVED TIME   RECORD YEAR NORMAL DEPARTURE LAST
                VALUE   (LST)  VALUE       VALUE  FROM      YEAR
                                                  NORMAL
..................................................................
TEMPERATURE (F)
 TODAY
  MAXIMUM         52    222 PM  87    2011  71    -19       83
  MINIMUM         40    638 AM  25    1887  47     -7       64
  AVERAGE         46                        59    -13       74

PRECIPITATION (IN)
  TODAY            0.00          1.74 1973   0.15  -0.15      T
  MONTH TO DATE    2.52                      2.60  -0.08     2.37
  SINCE MAR 1      6.78                      7.01  -0.23     6.16
  SINCE JAN 1     17.65                     14.58   3.07    12.74

SNOWFALL (IN)
  TODAY            0.0           0.0    MM   0.0    0.0      0.0
  MONTH TO DATE    0.3                       0.2    0.1      0.0
  SINCE MAR 1      2.6                       1.3    1.3       T
  SINCE JUL 1     11.0                       9.1    1.9      0.7
  SNOW DEPTH       0

DEGREE DAYS
 HEATING
  TODAY           19                         7     12        0
  MONTH TO DATE  286                       186    100       78
  SINCE MAR 1    829                       706    123      517
  SINCE JUL 1   3843                      3904    -61     2898

 COOLING
  TODAY            0                         1     -1        9
  MONTH TO DATE   11                        18     -7       45
  SINCE MAR 1     11                        23    -12       51
  SINCE JAN 1     26                        23      3       55
..................................................................


WIND (MPH)
  HIGHEST WIND SPEED    16   HIGHEST WIND DIRECTION    NW (310)
  HIGHEST GUST SPEED    29   HIGHEST GUST DIRECTION    NW (330)
  AVERAGE WIND SPEED     9.3


SKY COVER
  POSSIBLE SUNSHINE  MM
  AVERAGE SKY COVER 0.9


WEATHER CONDITIONS
 THE FOLLOWING WEATHER WAS RECORDED TODAY.
  NO SIGNIFICANT WEATHER WAS OBSERVED.


RELATIVE HUMIDITY (PERCENT)
 HIGHEST    62           300 AM
 LOWEST     46           200 PM
 AVERAGE    54

..........................................................


THE BOWLING GREEN CLIMATE NORMALS FOR TOMORROW
                         NORMAL    RECORD    YEAR
 MAXIMUM TEMPERATURE (F)   71        87      1964
 MINIMUM TEMPERATURE (F)   47        28      1983
                                             1926


SUNRISE AND SUNSET
APRIL 19 2018.........SUNRISE   606 AM CDT   SUNSET   724 PM CDT
APRIL 20 2018.........SUNRISE   605 AM CDT   SUNSET   725 PM CDT


-  INDICATES NEGATIVE NUMBERS.
R  INDICATES RECORD WAS SET OR TIED.
MM INDICATES DATA IS MISSING.
T  INDICATES TRACE AMOUNT.




$$
