000
CDUS43 KLMK 040631
CLIBWG


CLIMATE REPORT
NATIONAL WEATHER SERVICE LOUISVILLE KY
230 AM EDT FRI MAY 4 2018


...................................

...THE BOWLING GREEN KY CLIMATE SUMMARY FOR MAY 3 2018...

CLIMATE NORMAL PERIOD 1981 TO 2010
CLIMATE RECORD PERIOD 1870 TO 2018


WEATHER ITEM   OBSERVED TIME   RECORD YEAR NORMAL DEPARTURE LAST
                VALUE   (LST)  VALUE       VALUE  FROM      YEAR
                                                  NORMAL
..................................................................
TEMPERATURE (F)
 YESTERDAY
  MAXIMUM         86    236 PM  95    1915  74     12       73
  MINIMUM         65    444 AM  34    2005  51     14       46
  AVERAGE         76                        63     13       60

PRECIPITATION (IN)
  YESTERDAY        0.00          1.88 1979   0.18  -0.18      T
  MONTH TO DATE    0.00                      0.53  -0.53     0.19
  SINCE MAR 1      8.09                      9.28  -1.19     8.56
  SINCE JAN 1     18.96                     16.85   2.11    15.14

SNOWFALL (IN)
  YESTERDAY        0.0           0.0    MM   0.0    0.0      0.0
  MONTH TO DATE    0.0                       0.0    0.0      0.0
  SINCE MAR 1      2.6                       1.3    1.3       T
  SINCE JUL 1     11.0                       9.1    1.9      0.7
  SNOW DEPTH       0

DEGREE DAYS
 HEATING
  YESTERDAY        0                         4     -4        5
  MONTH TO DATE    1                        13    -12       10
  SINCE MAR 1    911                       784    127      558
  SINCE JUL 1   3925                      3982    -57     2939

 COOLING
  YESTERDAY       11                         2      9        0
  MONTH TO DATE   20                         6     14        0
  SINCE MAR 1     31                        42    -11       90
  SINCE JAN 1     46                        42      4       94
..................................................................


WIND (MPH)
  HIGHEST WIND SPEED    22   HIGHEST WIND DIRECTION    SW (210)
  HIGHEST GUST SPEED    31   HIGHEST GUST DIRECTION    SW (210)
  AVERAGE WIND SPEED    10.8


SKY COVER
  POSSIBLE SUNSHINE  MM
  AVERAGE SKY COVER 0.3


WEATHER CONDITIONS
 THE FOLLOWING WEATHER WAS RECORDED YESTERDAY.
  NO SIGNIFICANT WEATHER WAS OBSERVED.


RELATIVE HUMIDITY (PERCENT)
 HIGHEST    78           600 AM
 LOWEST     40           200 PM
 AVERAGE    59

..........................................................


THE BOWLING GREEN KY CLIMATE NORMALS FOR TODAY
                         NORMAL    RECORD    YEAR
 MAXIMUM TEMPERATURE (F)   75        95      1901
 MINIMUM TEMPERATURE (F)   51        32      1976
                                             1954


SUNRISE AND SUNSET
MAY  4 2018...........SUNRISE   548 AM CDT   SUNSET   737 PM CDT
MAY  5 2018...........SUNRISE   547 AM CDT   SUNSET   738 PM CDT


-  INDICATES NEGATIVE NUMBERS.
R  INDICATES RECORD WAS SET OR TIED.
MM INDICATES DATA IS MISSING.
T  INDICATES TRACE AMOUNT.




$$
